000
CXUS53 KILX 011639
CLMMTO


CLIMATE REPORT
NATIONAL WEATHER SERVICE LINCOLN IL
1100 AM CDT TUE JUL 1 2014

...................................

...THE MATTOON IL AIRPORT CLIMATE SUMMARY FOR THE MONTH OF JUNE 2014...

CLIMATE NORMAL PERIOD 1981 TO 2010
CLIMATE RECORD PERIOD 9999 TO 9999

WEATHER         OBSERVED          NORMAL  DEPART  LAST YEAR`S
                 VALUE   DATE(S)  VALUE   FROM    VALUE
                                          NORMAL
.............................................................
TEMPERATURE (F)
RECORD
 HIGH              MM   MM
 LOW               MM   MM
HIGHEST            89   06/19        MM      MM       91
LOWEST             50   06/14        MM      MM       50
AVG. MAXIMUM     82.1              82.0     0.1     80.5
AVG. MINIMUM     64.9              61.8     3.1     62.6
MEAN             73.5              71.9     1.6     71.5
DAYS MAX >= 90      0               2.5    -2.5        2
DAYS MAX <= 32      0               0.0     0.0        0
DAYS MIN <= 32      0               0.1    -0.1        0
DAYS MIN <= 0       0               0.0     0.0        0

PRECIPITATION (INCHES)
RECORD
 MAXIMUM           MM   MM
 MINIMUM           MM   MM
TOTALS           5.44              4.24    1.20     8.37
DAILY AVG.       0.21              0.14    0.07     0.29
DAYS >= .01        10                MM      MM       14
DAYS >= .10         7                MM      MM        9
DAYS >= .50         4                MM      MM        6
DAYS >= 1.00        2                MM      MM        2
GREATEST
 24 HR. TOTAL    1.67   06/09 TO 06/10              2.67

DEGREE_DAYS
HEATING TOTAL       3                17     -14       11
 SINCE 7/1       6198              5407     791     5387
COOLING TOTAL     264               223      41      216
 SINCE 1/1        394               311      83      325
..............................................................

WIND (MPH)
AVERAGE WIND SPEED              7.7
HIGHEST WIND SPEED/DIRECTION    30/320    DATE  06/04
HIGHEST GUST SPEED/DIRECTION    38/320    DATE  06/04

SKY COVER
POSSIBLE SUNSHINE (PERCENT)   MM
AVERAGE SKY COVER           0.30
NUMBER OF DAYS FAIR           19
NUMBER OF DAYS PC              8
NUMBER OF DAYS CLOUDY          2

AVERAGE RH (PERCENT)     75

WEATHER CONDITIONS. NUMBER OF DAYS WITH
THUNDERSTORM             11     MIXED PRECIP               0
HEAVY RAIN                7     RAIN                       7
LIGHT RAIN               19     FREEZING RAIN              0
LT FREEZING RAIN          0     HAIL                       0
HEAVY SNOW                0     SNOW                       0
LIGHT SNOW                0     SLEET                      0
FOG                      15     FOG W/VIS <= 1/4 MILE      2
HAZE                      2

-  INDICATES NEGATIVE NUMBERS.
R  INDICATES RECORD WAS SET OR TIED.
MM INDICATES DATA IS MISSING.
T  INDICATES TRACE AMOUNT.

$$
