000
CXUS53 KILX 011416
CLMMTO


CLIMATE REPORT
NATIONAL WEATHER SERVICE LINCOLN IL
906 AM CDT MON JUL 1 2013

...................................

...THE MATTOON IL AIRPORT CLIMATE SUMMARY FOR THE MONTH OF JUNE 2013...

CLIMATE NORMAL PERIOD 1981 TO 2010
CLIMATE RECORD PERIOD 9999 TO 9999

WEATHER         OBSERVED          NORMAL  DEPART  LAST YEAR`S
                 VALUE   DATE(S)  VALUE   FROM    VALUE
                                          NORMAL
.............................................................
TEMPERATURE (F)
RECORD
 HIGH              MM   MM
 LOW               MM   MM
HIGHEST            91   06/12        MM      MM      104
LOWEST             50   06/04        MM      MM       49
AVG. MAXIMUM     80.5              82.0    -1.5     85.9
AVG. MINIMUM     62.6              61.8     0.8     60.6
MEAN             71.5              71.9    -0.4     73.3
DAYS MAX >= 90      2               2.5    -0.5       10
DAYS MAX <= 32      0               0.0     0.0        0
DAYS MIN <= 32      0               0.1    -0.1        0
DAYS MIN <= 0       0               0.0     0.0        0

PRECIPITATION (INCHES)
RECORD
 MAXIMUM           MM   MM
 MINIMUM           MM   MM
TOTALS           8.37              4.24    4.13     0.54
DAILY AVG.       0.29              0.14    0.15     0.02
DAYS >= .01        14                MM      MM        5
DAYS >= .10         9                MM      MM        2
DAYS >= .50         6                MM      MM        0
DAYS >= 1.00        2                MM      MM        0
GREATEST
 24 HR. TOTAL    2.67   06/22 TO 06/23              0.64

DEGREE_DAYS
COOLING TOTAL     216               223      -7      263
 SINCE 1/1        325               311      14      484
..............................................................

WIND (MPH)
AVERAGE WIND SPEED              7.2
HIGHEST WIND SPEED/DIRECTION    35/300    DATE  06/15
HIGHEST GUST SPEED/DIRECTION    47/300    DATE  06/15

SKY COVER
POSSIBLE SUNSHINE (PERCENT)   MM
AVERAGE SKY COVER           0.30
NUMBER OF DAYS FAIR           16
NUMBER OF DAYS PC             11
NUMBER OF DAYS CLOUDY          3

AVERAGE RH (PERCENT)     76

WEATHER CONDITIONS. NUMBER OF DAYS WITH
THUNDERSTORM              7     MIXED PRECIP               0
HEAVY RAIN                8     RAIN                       7
LIGHT RAIN               17     FREEZING RAIN              0
LT FREEZING RAIN          0     HAIL                       0
HEAVY SNOW                0     SNOW                       0
LIGHT SNOW                0     SLEET                      0
FOG                      18     FOG W/VIS <= 1/4 MILE      2
HAZE                      5

-  INDICATES NEGATIVE NUMBERS.
R  INDICATES RECORD WAS SET OR TIED.
MM INDICATES DATA IS MISSING.
T  INDICATES TRACE AMOUNT.

$$
