000
CXUS53 KILX 011632
CLMMTO


CLIMATE REPORT
NATIONAL WEATHER SERVICE LINCOLN IL
1008 AM CST SUN FEB 1 2015

...................................

...THE MATTOON IL AIRPORT CLIMATE SUMMARY FOR THE MONTH OF JANUARY 2015...

CLIMATE NORMAL PERIOD 1981 TO 2010
CLIMATE RECORD PERIOD 9999 TO 9999

WEATHER         OBSERVED          NORMAL  DEPART  LAST YEAR`S
                 VALUE   DATE(S)  VALUE   FROM    VALUE
                                          NORMAL
.............................................................
TEMPERATURE (F)
RECORD
 HIGH              MM   MM
 LOW               MM   MM
HIGHEST            50   01/19        MM      MM       50
                        01/17
LOWEST             -5   01/08        MM      MM      -14
AVG. MAXIMUM     34.5              34.8    -0.3     30.7
AVG. MINIMUM     19.6              19.5     0.1     11.0
MEAN             27.1              27.1     0.0     20.9
DAYS MAX >= 90      0               0.0     0.0        0
DAYS MAX <= 32     10              12.3    -2.3       15
DAYS MIN <= 32     28              26.4     1.6       31
DAYS MIN <= 0       2               2.3    -0.3       10

PRECIPITATION (INCHES)
RECORD
 MAXIMUM           MM   MM
 MINIMUM           MM   MM
TOTALS           0.53              2.21   -1.68       MM
DAILY AVG.       0.02              0.07   -0.05       MM
DAYS >= .01         6                MM      MM       MM
DAYS >= .10         2                MM      MM       MM
DAYS >= .50         0                MM      MM       MM
DAYS >= 1.00        0                MM      MM       MM
GREATEST
 24 HR. TOTAL    0.29   01/03 TO 01/03                MM
                        01/02 TO 01/03
                        01/03 TO 01/03

DEGREE_DAYS
HEATING TOTAL    1168              1173      -5     1362
 SINCE 7/1       3425              3276     149     3603
COOLING TOTAL       0                 0       0        0
 SINCE 1/1          0                 0       0        0
..............................................................

WIND (MPH)
AVERAGE WIND SPEED              9.5
HIGHEST WIND SPEED/DIRECTION    32/310    DATE  01/09
HIGHEST GUST SPEED/DIRECTION    47/280    DATE  01/15

SKY COVER
POSSIBLE SUNSHINE (PERCENT)   MM
AVERAGE SKY COVER           0.50
NUMBER OF DAYS FAIR           11
NUMBER OF DAYS PC              7
NUMBER OF DAYS CLOUDY         13

AVERAGE RH (PERCENT)     75

WEATHER CONDITIONS. NUMBER OF DAYS WITH
THUNDERSTORM              0     MIXED PRECIP               0
HEAVY RAIN                0     RAIN                       2
LIGHT RAIN                8     FREEZING RAIN              0
LT FREEZING RAIN          2     HAIL                       0
HEAVY SNOW                0     SNOW                       0
LIGHT SNOW                9     SLEET                      0
FOG                      20     FOG W/VIS <= 1/4 MILE      1
HAZE                      9

-  INDICATES NEGATIVE NUMBERS.
R  INDICATES RECORD WAS SET OR TIED.
MM INDICATES DATA IS MISSING.
T  INDICATES TRACE AMOUNT.

$$
