000
CXUS53 KILX 011654
CLMMTO


CLIMATE REPORT
NATIONAL WEATHER SERVICE LINCOLN IL
1041 AM CST SAT FEB 1 2014

...................................

...THE MATTOON IL AIRPORT CLIMATE SUMMARY FOR THE MONTH OF JANUARY 2014...

CLIMATE NORMAL PERIOD 1981 TO 2010
CLIMATE RECORD PERIOD 9999 TO 9999

WEATHER         OBSERVED          NORMAL  DEPART  LAST YEAR`S
                 VALUE   DATE(S)  VALUE   FROM    VALUE
                                          NORMAL
.............................................................
TEMPERATURE (F)
RECORD
 HIGH              MM   MM
 LOW               MM   MM
HIGHEST            50   01/13        MM      MM       62
LOWEST            -14   01/06        MM      MM        4
AVG. MAXIMUM     30.7              34.8    -4.1     38.6
AVG. MINIMUM     11.0              19.5    -8.5     21.3
MEAN             20.9              27.1    -6.2     30.0
DAYS MAX >= 90      0               0.0     0.0        0
DAYS MAX <= 32     15              12.3     2.7        8
DAYS MIN <= 32     31              26.4     4.6       26
DAYS MIN <= 0      10               2.3     7.7        0

PRECIPITATION (INCHES)
RECORD
 MAXIMUM           MM   MM
 MINIMUM           MM   MM
TOTALS             MMR             2.21      MM     3.87
DAILY AVG.         MM              0.07      MM     0.13
DAYS >= .01        MM                MM      MM        8
DAYS >= .10        MM                MM      MM        6
DAYS >= .50        MM                MM      MM        2
DAYS >= 1.00       MM                MM      MM        2
GREATEST
 24 HR. TOTAL      MM                               2.16

DEGREE_DAYS
HEATING TOTAL    1362              1173     189     1080
 SINCE 7/1       3603              3276     327     3038
COOLING TOTAL       0                 0       0        0
 SINCE 1/1          0                 0       0        0
..............................................................

WIND (MPH)
AVERAGE WIND SPEED              13.2
HIGHEST WIND SPEED/DIRECTION    45/320    DATE  01/05
HIGHEST GUST SPEED/DIRECTION    55/310    DATE  01/27

SKY COVER
POSSIBLE SUNSHINE (PERCENT)   MM
AVERAGE SKY COVER           0.50
NUMBER OF DAYS FAIR           10
NUMBER OF DAYS PC             12
NUMBER OF DAYS CLOUDY          9

AVERAGE RH (PERCENT)     74

WEATHER CONDITIONS. NUMBER OF DAYS WITH
THUNDERSTORM              0     MIXED PRECIP               0
HEAVY RAIN                1     RAIN                       1
LIGHT RAIN                2     FREEZING RAIN              0
LT FREEZING RAIN          0     HAIL                       0
HEAVY SNOW                1     SNOW                       4
LIGHT SNOW               16     SLEET                      0
FOG                      19     FOG W/VIS <= 1/4 MILE      2
HAZE                     10

-  INDICATES NEGATIVE NUMBERS.
R  INDICATES RECORD WAS SET OR TIED.
MM INDICATES DATA IS MISSING.
T  INDICATES TRACE AMOUNT.

$$
