848
CXUS53 KILX 011423
CLMMTO


CLIMATE REPORT
NATIONAL WEATHER SERVICE LINCOLN IL
908 AM CDT FRI APR 1 2016

...................................

...THE MATTOON IL AIRPORT CLIMATE SUMMARY FOR THE MONTH OF MARCH 2016...

CLIMATE NORMAL PERIOD 1981 TO 2010
CLIMATE RECORD PERIOD 9999 TO 9999

WEATHER         OBSERVED          NORMAL  DEPART  LAST YEAR`S
                 VALUE   DATE(S)  VALUE   FROM    VALUE
                                          NORMAL
.............................................................
TEMPERATURE (F)
RECORD
 HIGH              MM   MM
 LOW               MM   MM
HIGHEST            75   03/15        MM      MM       72
LOWEST             17   03/02        MM      MM       -6
AVG. MAXIMUM     57.7              52.2     5.5     48.4
AVG. MINIMUM     39.1              32.8     6.3     28.9
MEAN             48.4              42.5     5.9     38.7
DAYS MAX >= 90      0               0.0     0.0        0
DAYS MAX <= 32      0               1.2    -1.2        4
DAYS MIN <= 32      8              15.7    -7.7       18
DAYS MIN <= 0       0               0.0     0.0        2

PRECIPITATION (INCHES)
RECORD
 MAXIMUM           MM   MM
 MINIMUM           MM   MM
TOTALS           3.81              2.57    1.24     2.51
DAILY AVG.       0.12              0.08    0.04     0.09
DAYS >= .01        14                MM      MM        9
DAYS >= .10        10                MM      MM        6
DAYS >= .50         1                MM      MM        3
DAYS >= 1.00        1                MM      MM        0
GREATEST
 24 HR. TOTAL    1.14   03/30 TO 03/31              0.72

DEGREE_DAYS
HEATING TOTAL     508               699    -191      810
 SINCE 7/1       4030              4903    -873     5503
COOLING TOTAL       0                 1      -1        0
 SINCE 1/1          0                 1      -1        0
..............................................................

WIND (MPH)
AVERAGE WIND SPEED              10.6
HIGHEST WIND SPEED/DIRECTION    36/290    DATE  03/01
HIGHEST GUST SPEED/DIRECTION    47/180    DATE  03/31

SKY COVER
POSSIBLE SUNSHINE (PERCENT)   MM
AVERAGE SKY COVER           0.50
NUMBER OF DAYS FAIR           12
NUMBER OF DAYS PC             10
NUMBER OF DAYS CLOUDY          9

AVERAGE RH (PERCENT)     70

WEATHER CONDITIONS. NUMBER OF DAYS WITH
THUNDERSTORM              5     MIXED PRECIP               0
HEAVY RAIN                8     RAIN                      10
LIGHT RAIN               17     FREEZING RAIN              0
LT FREEZING RAIN          1     HAIL                       0
HEAVY SNOW                0     SNOW                       0
LIGHT SNOW                1     SLEET                      0
FOG                      19     FOG W/VIS <= 1/4 MILE      2
HAZE                      6

-  INDICATES NEGATIVE NUMBERS.
R  INDICATES RECORD WAS SET OR TIED.
MM INDICATES DATA IS MISSING.
T  INDICATES TRACE AMOUNT.

$$
