000
CXUS53 KILX 011422
CLMMTO


CLIMATE REPORT
NATIONAL WEATHER SERVICE LINCOLN IL
907 AM CDT WED JUL 1 2015

...................................

...THE MATTOON IL AIRPORT CLIMATE SUMMARY FOR THE MONTH OF JUNE 2015...

CLIMATE NORMAL PERIOD 1981 TO 2010
CLIMATE RECORD PERIOD 9999 TO 9999

WEATHER         OBSERVED          NORMAL  DEPART  LAST YEAR`S
                 VALUE   DATE(S)  VALUE   FROM    VALUE
                                          NORMAL
.............................................................
TEMPERATURE (F)
RECORD
 HIGH              MM   MM
 LOW               MM   MM
HIGHEST            88   06/10        MM      MM       89
LOWEST             50   06/02        MM      MM       50
AVG. MAXIMUM     80.6              82.0    -1.4     82.1
AVG. MINIMUM     64.5              61.8     2.7     64.9
MEAN             72.5              71.9     0.6     73.5
DAYS MAX >= 90      0               2.5    -2.5        0
DAYS MAX <= 32      0               0.0     0.0        0
DAYS MIN <= 32      0               0.1    -0.1        0
DAYS MIN <= 0       0               0.0     0.0        0

PRECIPITATION (INCHES)
RECORD
 MAXIMUM           MM   MM
 MINIMUM           MM   MM
TOTALS           9.30              4.24    5.06     5.44
DAILY AVG.       0.31              0.14    0.17     0.21
DAYS >= .01        16                MM      MM       10
DAYS >= .10        12                MM      MM        7
DAYS >= .50         8                MM      MM        4
DAYS >= 1.00        3                MM      MM        2
GREATEST
 24 HR. TOTAL    2.90   06/18 TO 06/19              1.67

DEGREE_DAYS
HEATING TOTAL       8                17      -9        3
 SINCE 7/1       5912              5407     505     6198
COOLING TOTAL     238               223      15      264
 SINCE 1/1        365               311      54      394
..............................................................

WIND (MPH)
AVERAGE WIND SPEED              7.6
HIGHEST WIND SPEED/DIRECTION    39/310    DATE  06/07
HIGHEST GUST SPEED/DIRECTION    50/310    DATE  06/07

SKY COVER
POSSIBLE SUNSHINE (PERCENT)   MM
AVERAGE SKY COVER           0.40
NUMBER OF DAYS FAIR           13
NUMBER OF DAYS PC             11
NUMBER OF DAYS CLOUDY          4

AVERAGE RH (PERCENT)     78

WEATHER CONDITIONS. NUMBER OF DAYS WITH
THUNDERSTORM              0     MIXED PRECIP               0
HEAVY RAIN                7     RAIN                      11
LIGHT RAIN               21     FREEZING RAIN              0
LT FREEZING RAIN          0     HAIL                       0
HEAVY SNOW                0     SNOW                       0
LIGHT SNOW                0     SLEET                      0
FOG                      23     FOG W/VIS <= 1/4 MILE      2
HAZE                      3

-  INDICATES NEGATIVE NUMBERS.
R  INDICATES RECORD WAS SET OR TIED.
MM INDICATES DATA IS MISSING.
T  INDICATES TRACE AMOUNT.

$$
