000
CXUS53 KILX 012316 CCA
CLMMTO

CLIMATE REPORT
NATIONAL WEATHER SERVICE LINCOLN IL
516 PM CST TUE MAR 1 2016

...CORRECTED THUNDERSTORM DAYS...

...................................

...THE MATTOON IL AIRPORT CLIMATE SUMMARY FOR THE MONTH OF FEBRUARY 2016...

CLIMATE NORMAL PERIOD 1981 TO 2010
CLIMATE RECORD PERIOD 9999 TO 9999

WEATHER         OBSERVED          NORMAL  DEPART  LAST YEAR`S
                 VALUE   DATE(S)  VALUE   FROM    VALUE
                                          NORMAL
.............................................................
TEMPERATURE (F)
RECORD
 HIGH              MM   MM
 LOW               MM   MM
HIGHEST            71   02/20        MM      MM       57
LOWEST              6   02/13        MM      MM       -9
AVG. MAXIMUM     41.9              39.7     2.2     29.1
AVG. MINIMUM     26.1              24.0     2.1      9.9
MEAN             34.0              31.8     2.2     19.5
DAYS MAX >= 90      0               0.0     0.0        0
DAYS MAX <= 32      8               6.9     1.1       17
DAYS MIN <= 32     22              22.2    -0.2       26
DAYS MIN <= 0       0               0.3    -0.3        7

PRECIPITATION (INCHES)
RECORD
 MAXIMUM           MM   MM
 MINIMUM           MM   MM
TOTALS           0.33              1.77   -1.44       MM
DAILY AVG.       0.01                MM      MM     0.03
DAYS >= .01         6                MM      MM       MM
DAYS >= .10         1                MM      MM       MM
DAYS >= .50         0                MM      MM       MM
DAYS >= 1.00        0                MM      MM       MM
GREATEST
 24 HR. TOTAL    0.21   02/01 TO 02/02                MM
                        02/02 TO 02/02
                        02/02 TO 02/03

DEGREE_DAYS
HEATING TOTAL     890               928     -38     1268
 SINCE 7/1       3522              4232    -710     4693
COOLING TOTAL       0                 0       0        0
 SINCE 1/1          0                 0       0        0
..............................................................

WIND (MPH)
AVERAGE WIND SPEED              11.6
HIGHEST WIND SPEED/DIRECTION    43/360    DATE  02/24
HIGHEST GUST SPEED/DIRECTION    55/360    DATE  02/24

SKY COVER
POSSIBLE SUNSHINE (PERCENT)   MM
AVERAGE SKY COVER           0.50
NUMBER OF DAYS FAIR           13
NUMBER OF DAYS PC              8
NUMBER OF DAYS CLOUDY          8

AVERAGE RH (PERCENT)     71

WEATHER CONDITIONS. NUMBER OF DAYS WITH
THUNDERSTORM              1     MIXED PRECIP               0
HEAVY RAIN                1     RAIN                       5
LIGHT RAIN                5     FREEZING RAIN              0
LT FREEZING RAIN          0     HAIL                       0
HEAVY SNOW                2     SNOW                       4
LIGHT SNOW                6     SLEET                      0
FOG                      13     FOG W/VIS <= 1/4 MILE      5
HAZE                      9

-  INDICATES NEGATIVE NUMBERS.
R  INDICATES RECORD WAS SET OR TIED.
MM INDICATES DATA IS MISSING.
T  INDICATES TRACE AMOUNT.

$$
