000
CXUS53 KILX 011402
CLMMTO


CLIMATE REPORT
NATIONAL WEATHER SERVICE LINCOLN IL
843 AM CDT FRI AUG 1 2014

...................................

...THE MATTOON IL AIRPORT CLIMATE SUMMARY FOR THE MONTH OF JULY 2014...

CLIMATE NORMAL PERIOD 1981 TO 2010
CLIMATE RECORD PERIOD 9999 TO 9999

WEATHER         OBSERVED          NORMAL  DEPART  LAST YEAR`S
                 VALUE   DATE(S)  VALUE   FROM    VALUE
                                          NORMAL
.............................................................
TEMPERATURE (F)
RECORD
 HIGH              MM   MM
 LOW               MM   MM
HIGHEST            86   07/27        MM      MM       93
                        07/26
                        07/22
LOWEST             51   07/24        MM      MM       53
AVG. MAXIMUM     80.3              85.7    -5.4     81.3
AVG. MINIMUM     59.5              65.6    -6.1     64.0
MEAN             69.9              75.6    -5.7     72.6
DAYS MAX >= 90      0               6.4    -6.4        5
DAYS MAX <= 32      0               0.0     0.0        0
DAYS MIN <= 32      0               0.0     0.0        0
DAYS MIN <= 0       0               0.0     0.0        0

PRECIPITATION (INCHES)
RECORD
 MAXIMUM           MM   MM
 MINIMUM           MM   MM
TOTALS           3.10              4.25   -1.15     6.86
DAILY AVG.       0.10              0.14   -0.04     0.22
DAYS >= .01        10                MM      MM        9
DAYS >= .10         4                MM      MM        7
DAYS >= .50         3                MM      MM        5
DAYS >= 1.00        1                MM      MM        3
GREATEST
 24 HR. TOTAL    1.15   07/11 TO 07/12              3.25

DEGREE_DAYS
HEATING TOTAL       4                 1       3        2
 SINCE 7/1          4                 1       3        2
COOLING TOTAL     164               330    -166      245
 SINCE 1/1        558               641     -83      570
..............................................................

WIND (MPH)
AVERAGE WIND SPEED              6.7
HIGHEST WIND SPEED/DIRECTION    36/290    DATE  07/26
HIGHEST GUST SPEED/DIRECTION    43/300    DATE  07/26

SKY COVER
POSSIBLE SUNSHINE (PERCENT)   MM
AVERAGE SKY COVER           0.20
NUMBER OF DAYS FAIR           22
NUMBER OF DAYS PC              9
NUMBER OF DAYS CLOUDY          0

AVERAGE RH (PERCENT)     73

WEATHER CONDITIONS. NUMBER OF DAYS WITH
THUNDERSTORM              0     MIXED PRECIP               0
HEAVY RAIN                4     RAIN                       4
LIGHT RAIN               13     FREEZING RAIN              0
LT FREEZING RAIN          0     HAIL                       0
HEAVY SNOW                0     SNOW                       0
LIGHT SNOW                0     SLEET                      0
FOG                      15     FOG W/VIS <= 1/4 MILE      0
HAZE                      6

-  INDICATES NEGATIVE NUMBERS.
R  INDICATES RECORD WAS SET OR TIED.
MM INDICATES DATA IS MISSING.
T  INDICATES TRACE AMOUNT.

$$
