000
CXUS53 KILX 011529
CLMMTO


CLIMATE REPORT
NATIONAL WEATHER SERVICE LINCOLN IL
911 AM CST TUE DEC 1 2015

...................................

...THE MATTOON IL AIRPORT CLIMATE SUMMARY FOR THE MONTH OF NOVEMBER 2015...

CLIMATE NORMAL PERIOD 1981 TO 2010
CLIMATE RECORD PERIOD 9999 TO 9999

WEATHER         OBSERVED          NORMAL  DEPART  LAST YEAR`S
                 VALUE   DATE(S)  VALUE   FROM    VALUE
                                          NORMAL
.............................................................
TEMPERATURE (F)
RECORD
 HIGH              MM   MM
 LOW               MM   MM
HIGHEST            72   11/02        MM      MM       67
LOWEST             16   11/22        MM      MM       10
AVG. MAXIMUM     57.2              51.6     5.6     44.2
AVG. MINIMUM     38.6              34.8     3.8     27.1
MEAN             47.9              43.2     4.7     35.6
DAYS MAX >= 90      0               0.0     0.0        0
DAYS MAX <= 32      0               1.0    -1.0        9
DAYS MIN <= 32      9              12.6    -3.6       20
DAYS MIN <= 0       0               0.0     0.0        0

PRECIPITATION (INCHES)
RECORD
 MAXIMUM           MM   MM
 MINIMUM           MM   MM
TOTALS           5.14              3.48    1.66     0.80
DAILY AVG.       0.17              0.12    0.05     0.03
DAYS >= .01         9                MM      MM        7
DAYS >= .10         7                MM      MM        2
DAYS >= .50         6                MM      MM        0
DAYS >= 1.00        2                MM      MM        0
GREATEST
 24 HR. TOTAL    1.60   11/16 TO 11/17              0.40

DEGREE_DAYS
HEATING TOTAL     508               655    -147      874
 SINCE 7/1        792              1059    -267     1296
COOLING TOTAL       1                 0       1        0
 SINCE 1/1       1103              1057      46      932
..............................................................

WIND (MPH)
AVERAGE WIND SPEED              9.9
HIGHEST WIND SPEED/DIRECTION    37/320    DATE  11/21
HIGHEST GUST SPEED/DIRECTION    45/130    DATE  11/18

SKY COVER
POSSIBLE SUNSHINE (PERCENT)   MM
AVERAGE SKY COVER           0.40
NUMBER OF DAYS FAIR           15
NUMBER OF DAYS PC             10
NUMBER OF DAYS CLOUDY          5

AVERAGE RH (PERCENT)     69

WEATHER CONDITIONS. NUMBER OF DAYS WITH
THUNDERSTORM              0     MIXED PRECIP               0
HEAVY RAIN                3     RAIN                       6
LIGHT RAIN               11     FREEZING RAIN              0
LT FREEZING RAIN          0     HAIL                       0
HEAVY SNOW                0     SNOW                       1
LIGHT SNOW                1     SLEET                      0
FOG                      16     FOG W/VIS <= 1/4 MILE      2
HAZE                      2

-  INDICATES NEGATIVE NUMBERS.
R  INDICATES RECORD WAS SET OR TIED.
MM INDICATES DATA IS MISSING.
T  INDICATES TRACE AMOUNT.

$$
