687
CXUS53 KILX 011514
CLMMTO


CLIMATE REPORT
NATIONAL WEATHER SERVICE LINCOLN IL
946 AM CDT SUN MAY 1 2016

...................................

...THE MATTOON IL AIRPORT CLIMATE SUMMARY FOR THE MONTH OF APRIL 2016...

CLIMATE NORMAL PERIOD 1981 TO 2010
CLIMATE RECORD PERIOD 9999 TO 9999

WEATHER         OBSERVED          NORMAL  DEPART  LAST YEAR`S
                 VALUE   DATE(S)  VALUE   FROM    VALUE
                                          NORMAL
.............................................................
TEMPERATURE (F)
RECORD
 HIGH              MM   MM
 LOW               MM   MM
HIGHEST            80   04/26        MM      MM       77
LOWEST             26   04/09        MM      MM       27
                        04/05
AVG. MAXIMUM     64.1              63.6     0.5     65.0
AVG. MINIMUM     42.7              43.3    -0.6     43.8
MEAN             53.4              53.5    -0.1     54.4
DAYS MAX >= 90      0               0.0     0.0        0
DAYS MAX <= 32      0               0.1    -0.1        0
DAYS MIN <= 32      7               3.5     3.5        1
DAYS MIN <= 0       0               0.0     0.0        0

PRECIPITATION (INCHES)
RECORD
 MAXIMUM           MM   MM
 MINIMUM           MM   MM
TOTALS           4.67              3.43    1.24     3.80
DAILY AVG.       0.16              0.11    0.05     0.13
DAYS >= .01        11                MM      MM       11
DAYS >= .10         9                MM      MM        8
DAYS >= .50         5                MM      MM        3
DAYS >= 1.00        0                MM      MM        1
GREATEST
 24 HR. TOTAL    1.44   04/10 TO 04/11              1.12

DEGREE_DAYS
HEATING TOTAL     348               359     -11      310
 SINCE 7/1       4378              5262    -884     5813
COOLING TOTAL       7                13      -6        2
 SINCE 1/1          7                14      -7        2
..............................................................

WIND (MPH)
AVERAGE WIND SPEED              10.0
HIGHEST WIND SPEED/DIRECTION    47/300    DATE  04/02
HIGHEST GUST SPEED/DIRECTION    61/310    DATE  04/02

SKY COVER
POSSIBLE SUNSHINE (PERCENT)   MM
AVERAGE SKY COVER           0.30
NUMBER OF DAYS FAIR           15
NUMBER OF DAYS PC              9
NUMBER OF DAYS CLOUDY          6

AVERAGE RH (PERCENT)     65

WEATHER CONDITIONS. NUMBER OF DAYS WITH
THUNDERSTORM              6     MIXED PRECIP               0
HEAVY RAIN                7     RAIN                       9
LIGHT RAIN               15     FREEZING RAIN              0
LT FREEZING RAIN          0     HAIL                       0
HEAVY SNOW                0     SNOW                       0
LIGHT SNOW                0     SLEET                      0
FOG                      13     FOG W/VIS <= 1/4 MILE      0
HAZE                      6

-  INDICATES NEGATIVE NUMBERS.
R  INDICATES RECORD WAS SET OR TIED.
MM INDICATES DATA IS MISSING.
T  INDICATES TRACE AMOUNT.

$$
