000
CXUS53 KILX 011535
CLMMTO


CLIMATE REPORT
NATIONAL WEATHER SERVICE LINCOLN IL
1017 AM CDT FRI NOV 1 2013

...................................

...THE MATTOON IL AIRPORT CLIMATE SUMMARY FOR THE MONTH OF OCTOBER 2013...

CLIMATE NORMAL PERIOD 1981 TO 2010
CLIMATE RECORD PERIOD 9999 TO 9999

WEATHER         OBSERVED          NORMAL  DEPART  LAST YEAR`S
                 VALUE   DATE(S)  VALUE   FROM    VALUE
                                          NORMAL
.............................................................
TEMPERATURE (F)
RECORD
 HIGH              MM   MM
 LOW               MM   MM
HIGHEST            86   10/04        MM      MM       78
LOWEST             26   10/25        MM      MM       30
AVG. MAXIMUM     66.4              65.6     0.8     61.2
AVG. MINIMUM     44.1              44.1     0.0     43.3
MEAN             55.1              54.9     0.2     52.2
DAYS MAX >= 90      0               0.0     0.0        0
DAYS MAX <= 32      0               0.0     0.0        0
DAYS MIN <= 32      6               3.0     3.0        5
DAYS MIN <= 0       0               0.0     0.0        0

PRECIPITATION (INCHES)
RECORD
 MAXIMUM           MM   MM
 MINIMUM           MM   MM
TOTALS           1.96              2.83   -0.87     4.01
DAILY AVG.       0.07              0.09   -0.02     0.13
DAYS >= .01        10                MM      MM       11
DAYS >= .10         3                MM      MM        7
DAYS >= .50         2                MM      MM        3
DAYS >= 1.00        0                MM      MM        2
GREATEST
 24 HR. TOTAL    0.80   10/30 TO 10/31              1.21

DEGREE_DAYS
HEATING TOTAL     310               333     -23      393
 SINCE 7/1        350               404     -54      477
COOLING TOTAL      31                19      12        6
 SINCE 1/1       1007              1057     -50     1382
..............................................................

WIND (MPH)
AVERAGE WIND SPEED              7.2
HIGHEST WIND SPEED/DIRECTION    25/350    DATE  10/22
HIGHEST GUST SPEED/DIRECTION    35/270    DATE  10/06

SKY COVER
POSSIBLE SUNSHINE (PERCENT)   MM
AVERAGE SKY COVER           0.40
NUMBER OF DAYS FAIR           14
NUMBER OF DAYS PC             10
NUMBER OF DAYS CLOUDY          6

AVERAGE RH (PERCENT)     72

WEATHER CONDITIONS. NUMBER OF DAYS WITH
THUNDERSTORM              1     MIXED PRECIP               0
HEAVY RAIN                2     RAIN                       4
LIGHT RAIN               14     FREEZING RAIN              0
LT FREEZING RAIN          0     HAIL                       0
HEAVY SNOW                0     SNOW                       0
LIGHT SNOW                0     SLEET                      0
FOG                      13     FOG W/VIS <= 1/4 MILE      2
HAZE                      2

-  INDICATES NEGATIVE NUMBERS.
R  INDICATES RECORD WAS SET OR TIED.
MM INDICATES DATA IS MISSING.
T  INDICATES TRACE AMOUNT.

$$
