000
CXUS53 KILX 011414
CLMMTO


CLIMATE REPORT
NATIONAL WEATHER SERVICE LINCOLN IL
859 AM CDT MON SEP 1 2014

...................................

...THE MATTOON IL AIRPORT CLIMATE SUMMARY FOR THE MONTH OF AUGUST 2014...

CLIMATE NORMAL PERIOD 1981 TO 2010
CLIMATE RECORD PERIOD 9999 TO 9999

WEATHER         OBSERVED          NORMAL  DEPART  LAST YEAR`S
                 VALUE   DATE(S)  VALUE   FROM    VALUE
                                          NORMAL
.............................................................
TEMPERATURE (F)
RECORD
 HIGH              MM   MM
 LOW               MM   MM
HIGHEST            91   08/25        MM      MM       95
LOWEST             54   08/15        MM      MM       50
AVG. MAXIMUM     81.9              84.9    -3.0     83.4
AVG. MINIMUM     65.5              62.9     2.6     63.0
MEAN             73.7              73.9    -0.2     73.4
DAYS MAX >= 90      3               5.5    -2.5        4
DAYS MAX <= 32      0               0.0     0.0        0
DAYS MIN <= 32      0               0.0     0.0        0
DAYS MIN <= 0       0               0.0     0.0        0

PRECIPITATION (INCHES)
RECORD
 MAXIMUM           MM   MM
 MINIMUM           MM   MM
TOTALS           2.73              3.06   -0.33     0.37
DAILY AVG.       0.09              0.10   -0.01     0.01
DAYS >= .01        12                MM      MM        3
DAYS >= .10         9                MM      MM        1
DAYS >= .50         0                MM      MM        0
DAYS >= 1.00        0                MM      MM        0
GREATEST
 24 HR. TOTAL    0.61   08/07 TO 08/08              0.30

DEGREE_DAYS
HEATING TOTAL       1                 4      -3        8
 SINCE 7/1          5                 5       0       10
COOLING TOTAL     276               279      -3      234
 SINCE 1/1        834               920     -86      804
..............................................................

WIND (MPH)
AVERAGE WIND SPEED              5.9
HIGHEST WIND SPEED/DIRECTION    30/020    DATE  08/25
HIGHEST GUST SPEED/DIRECTION    42/030    DATE  08/25

SKY COVER
POSSIBLE SUNSHINE (PERCENT)    0
AVERAGE SKY COVER           0.40
NUMBER OF DAYS FAIR           16
NUMBER OF DAYS PC             10
NUMBER OF DAYS CLOUDY          5

AVERAGE RH (PERCENT)     78

WEATHER CONDITIONS. NUMBER OF DAYS WITH
THUNDERSTORM              0     MIXED PRECIP               0
HEAVY RAIN                5     RAIN                       7
LIGHT RAIN               19     FREEZING RAIN              0
LT FREEZING RAIN          0     HAIL                       0
HEAVY SNOW                0     SNOW                       0
LIGHT SNOW                0     SLEET                      0
FOG                      24     FOG W/VIS <= 1/4 MILE      4
HAZE                     11

-  INDICATES NEGATIVE NUMBERS.
R  INDICATES RECORD WAS SET OR TIED.
MM INDICATES DATA IS MISSING.
T  INDICATES TRACE AMOUNT.

$$
