725
CXUS53 KILX 012040 CCA
CLMMTO

CLIMATE REPORT
NATIONAL WEATHER SERVICE LINCOLN IL
339 PM CDT MON AUG 1 2016

...CORRECTED THUNDERSTORM DAYS...

...................................

...THE MATTOON IL AIRPORT CLIMATE SUMMARY FOR THE MONTH OF JULY 2016...

CLIMATE NORMAL PERIOD 1981 TO 2010
CLIMATE RECORD PERIOD 9999 TO 9999

WEATHER         OBSERVED          NORMAL  DEPART  LAST YEAR`S
                 VALUE   DATE(S)  VALUE   FROM    VALUE
                                          NORMAL
.............................................................
TEMPERATURE (F)
RECORD
 HIGH              MM   MM
 LOW               MM   MM
HIGHEST            90   07/24        MM      MM       93
                        07/21
LOWEST             55   07/02        MM      MM       57
AVG. MAXIMUM     83.9              85.7    -1.8     83.7
AVG. MINIMUM     66.8              65.6     1.2     64.9
MEAN             75.4              75.6    -0.2     74.3
DAYS MAX >= 90      2               6.4    -4.4        5
DAYS MAX <= 32      0               0.0     0.0        0
DAYS MIN <= 32      0               0.0     0.0        0
DAYS MIN <= 0       0               0.0     0.0        0

PRECIPITATION (INCHES)
RECORD
 MAXIMUM           MM   MM
 MINIMUM           MM   MM
TOTALS           5.08              4.25    0.83     3.02
DAILY AVG.       0.16              0.14    0.02     0.10
DAYS >= .01        16                MM      MM       13
DAYS >= .10        10                MM      MM        7
DAYS >= .50         4                MM      MM        2
DAYS >= 1.00        1                MM      MM        0
GREATEST
 24 HR. TOTAL    1.48   07/02 TO 07/03              0.99

DEGREE_DAYS
HEATING TOTAL       5                 1       4        0
 SINCE 7/1          5                 1       4        0
COOLING TOTAL     333               330       3      295
 SINCE 1/1        721               641      80      660
..............................................................

WIND (MPH)
AVERAGE WIND SPEED              5.9
HIGHEST WIND SPEED/DIRECTION    41/350    DATE  07/28
HIGHEST GUST SPEED/DIRECTION    56/350    DATE  07/28

SKY COVER
POSSIBLE SUNSHINE (PERCENT)   MM
AVERAGE SKY COVER           0.30
NUMBER OF DAYS FAIR           24
NUMBER OF DAYS PC              5
NUMBER OF DAYS CLOUDY          2

AVERAGE RH (PERCENT)     77

WEATHER CONDITIONS. NUMBER OF DAYS WITH
THUNDERSTORM             14     MIXED PRECIP               0
HEAVY RAIN               11     RAIN                       8
LIGHT RAIN               17     FREEZING RAIN              0
LT FREEZING RAIN          0     HAIL                       0
HEAVY SNOW                0     SNOW                       0
LIGHT SNOW                0     SLEET                      0
FOG                      22     FOG W/VIS <= 1/4 MILE      4
HAZE                      6

-  INDICATES NEGATIVE NUMBERS.
R  INDICATES RECORD WAS SET OR TIED.
MM INDICATES DATA IS MISSING.
T  INDICATES TRACE AMOUNT.

$$
