000
CXUS53 KILX 011549
CLMMTO
CLIMATE REPORT
NATIONAL WEATHER SERVICE LINCOLN IL
1049 AM CDT TUE AUG 01 2023
...................................
...THE MATTOON IL AIRPORT CLIMATE SUMMARY FOR THE MONTH OF JULY 2023...
CLIMATE NORMAL PERIOD 1991 TO 2020
CLIMATE RECORD PERIOD 9999 TO 9999
WEATHER OBSERVED NORMAL DEPART LAST YEAR`S
VALUE DATE(S) VALUE FROM VALUE
NORMAL
..............................................................
TEMPERATURE (F)
RECORD
HIGH MM MM
LOW 54 07/03/2021
HIGHEST 97 07/28 MM MM 98
LOWEST 58 07/21 MM MM 59
AVG. MAXIMUM 85.5 85.6 -0.1 85.2
AVG. MINIMUM 65.6 65.7 -0.1 67.8
MEAN 75.6 75.7 -0.1 76.5
DAYS MAX >= 90 4 7.4 -3.4 7
DAYS MAX <= 32 0 0.0 0.0 0
DAYS MIN <= 32 0 0.0 0.0 0
DAYS MIN <= 0 0 0.0 0.0 0
PRECIPITATION (INCHES)
RECORD
MAXIMUM 6.77 2021
MINIMUM 5.08 2022
TOTALS 2.59R 3.96 -1.37 5.08
DAILY AVG. 0.08 0.13 -0.05 0.16
DAYS >= .01 8 9.7 -1.7 9
DAYS >= .10 3 5.4 -2.4 6
DAYS >= .50 2 2.9 -0.9 4
DAYS >= 1.00 1 1.1 -0.1 2
GREATEST
24 HR. TOTAL 2.15 06/30 TO 07/01 3.19
DEGREE DAYS
HEATING TOTAL 0 1 -1 0
SINCE 7/1 0 0 0 MM
COOLING TOTAL 334 331 3 363
SINCE 1/1 612 681 -69 MM
..............................................................
WIND (MPH)
AVERAGE WIND SPEED 6.2
HIGHEST WIND SPEED/DIRECTION 36/350 DATE 07/29
HIGHEST GUST SPEED/DIRECTION 51/340 DATE 07/29
AVERAGE RH (PERCENT) 75
WEATHER CONDITIONS. NUMBER OF DAYS WITH
THUNDERSTORM 15 MIXED PRECIP 0
HEAVY RAIN 3 RAIN 2
LIGHT RAIN 11 FREEZING RAIN 0
LT FREEZING RAIN 0 HAIL 0
HEAVY SNOW 0 SNOW 0
LIGHT SNOW 0 SLEET 0
FOG 19 FOG W/VIS <= 1/4 MILE 0
HAZE 4
- INDICATES NEGATIVE NUMBERS.
R INDICATES RECORD WAS SET OR TIED.
MM INDICATES DATA IS MISSING.
T INDICATES TRACE AMOUNT.
$$