000
CXUS53 KILX 011934
CLSMTO

CLIMATE REPORT
NATIONAL WEATHER SERVICE LINCOLN IL
134 PM CST SAT MAR 1 2014

...................................

...THE MATTOON IL AIRPORT CLIMATE SUMMARY FOR THE SEASON, FROM
12/1/2013 TO 2/28/2014...

CLIMATE NORMAL PERIOD 1981 TO 2010
CLIMATE RECORD PERIOD 9999 TO 9999

WEATHER         OBSERVED          NORMAL  DEPART  LAST YEAR`S
                 VALUE   DATE(S)  VALUE   FROM    VALUE
                                          NORMAL
.............................................................
TEMPERATURE (F)
RECORD
 HIGH              MM   MM
 LOW               MM   MM
HIGHEST            63   12/04        MM      MM       70
LOWEST            -14   01/06        MM      MM        4
AVG. MAXIMUM     32.2              37.6    -5.4     40.9
AVG. MINIMUM     14.3              22.5    -8.2     25.7
MEAN             23.2              30.0    -6.8     33.3
DAYS MAX >= 90      0               0.0     0.0        0
DAYS MAX <= 32     49              27.4    21.6       21
DAYS MIN <= 32     82              72.4     9.6       69
DAYS MIN <= 0      18               3.2    14.8        0

PRECIPITATION (INCHES)
RECORD
 MAXIMUM           MM   MM
 MINIMUM           MM   MM
TOTALS           3.24              6.75   -3.51    10.17
DAILY AVG.       0.06                               0.11
DAYS >= .01         8                MM      MM       30
DAYS >= .10         5                MM      MM       18
DAYS >= .50         3                MM      MM        6
DAYS >= 1.00        1                MM      MM        4
GREATEST
 24 HR. TOTAL    1.27   12/20 TO 12/21              2.16

DEGREE_DAYS
HEATING TOTAL    3730              3145     585     2798
 SINCE 7/1       4847              4204     643     3963
COOLING TOTAL       0                 0       0        0
 SINCE 1/1          0                 0       0        0

FREEZE DATES
RECORD
 EARLIEST     MM
 LATEST       MM
EARLIEST                        MM
LATEST                          MM
..............................................................

WIND (MPH)
AVERAGE WIND SPEED              11.2
HIGHEST WIND SPEED/DIRECTION    45/320    DATE  01/05
HIGHEST GUST SPEED/DIRECTION    55/310    DATE  01/27

SKY COVER
POSSIBLE SUNSHINE (PERCENT)   MM
AVERAGE SKY COVER           0.50
NUMBER OF DAYS FAIR           34
NUMBER OF DAYS PC             27
NUMBER OF DAYS CLOUDY         29

AVERAGE RH (PERCENT)     75

WEATHER CONDITIONS. NUMBER OF DAYS WITH
THUNDERSTORM              1     MIXED PRECIP               0
HEAVY RAIN                4     RAIN                       4
LIGHT RAIN               12     FREEZING RAIN              2
LT FREEZING RAIN          6     HAIL                       0
HEAVY SNOW                4     SNOW                      11
LIGHT SNOW               43     SLEET                      0
FOG                      54     FOG W/VIS <= 1/4 MILE      9
HAZE                     24

-  INDICATES NEGATIVE NUMBERS.
R  INDICATES RECORD WAS SET OR TIED.
MM INDICATES DATA IS MISSING.
T  INDICATES TRACE AMOUNT.

&&

PRECIPITATION TOTALS INCOMPLETE DUE TO MISSING DATA.

$$
GEELHART
