383
CXUS53 KILX 011659 RRA
CLSMTO

CLIMATE REPORT
NATIONAL WEATHER SERVICE LINCOLN IL
1147 AM CDT THU SEP 1 2016

...................................

...THE MATTOON IL AIRPORT CLIMATE SUMMARY FOR THE SEASON, FROM
6/1/2016 TO 8/31/2016...

CLIMATE NORMAL PERIOD 1981 TO 2010
CLIMATE RECORD PERIOD 9999 TO 9999

WEATHER         OBSERVED          NORMAL  DEPART  LAST YEAR`S
                 VALUE   DATE(S)  VALUE   FROM    VALUE
                                          NORMAL
.............................................................
TEMPERATURE (F)
RECORD
 HIGH              MM   MM
 LOW               MM   MM
HIGHEST            94   06/26        MM      MM       93
                        06/23
LOWEST             52   06/29        MM      MM       50
                        06/08
AVG. MAXIMUM     84.9              84.2     0.7     82.6
AVG. MINIMUM     66.0              63.4     2.6     63.9
MEAN             75.4              73.8     1.6     73.2
DAYS MAX >= 90     18              14.4     3.6        8
DAYS MAX <= 32      0               0.0     0.0        0
DAYS MIN <= 32      0               0.1    -0.1        0
DAYS MIN <= 0       0               0.0     0.0        0

PRECIPITATION (INCHES)
RECORD
 MAXIMUM           MM   MM
 MINIMUM           MM   MM
TOTALS          11.73             11.55    0.18    13.60
DAILY AVG.       0.13                               0.15
DAYS >= .01        33                MM      MM       35
DAYS >= .10        22                MM      MM       22
DAYS >= .50         9                MM      MM       11
DAYS >= 1.00        2                MM      MM        3
GREATEST
 24 HR. TOTAL    3.01   08/15 TO 08/16              2.90

DEGREE_DAYS
HEATING TOTAL       5                21     -16        8
 SINCE 7/1          5                 5       0        0
COOLING TOTAL     988               833     155      777
 SINCE 1/1       1063               920     143      904

FREEZE DATES
RECORD
 EARLIEST     MM
 LATEST       MM
EARLIEST                        MM
LATEST                          MM
..............................................................

WIND (MPH)
AVERAGE WIND SPEED              6.1
HIGHEST WIND SPEED/DIRECTION    47/310    DATE  06/15
HIGHEST GUST SPEED/DIRECTION    60/310    DATE  06/15

SKY COVER
POSSIBLE SUNSHINE (PERCENT)   MM
AVERAGE SKY COVER           0.30
NUMBER OF DAYS FAIR           73
NUMBER OF DAYS PC             16
NUMBER OF DAYS CLOUDY          3

AVERAGE RH (PERCENT)     72

WEATHER CONDITIONS. NUMBER OF DAYS WITH
THUNDERSTORM             24     MIXED PRECIP               0
HEAVY RAIN               21     RAIN                      16
LIGHT RAIN               36     FREEZING RAIN              0
LT FREEZING RAIN          0     HAIL                       0
HEAVY SNOW                0     SNOW                       0
LIGHT SNOW                0     SLEET                      0
FOG                      54     FOG W/VIS <= 1/4 MILE     10
HAZE                     13

-  INDICATES NEGATIVE NUMBERS.
R  INDICATES RECORD WAS SET OR TIED.
MM INDICATES DATA IS MISSING.
T  INDICATES TRACE AMOUNT.

$$
