000
CXUS53 KILX 011731
CLSMTO

CLIMATE REPORT
NATIONAL WEATHER SERVICE LINCOLN IL
1113 AM CST TUE MAR 1 2016

...................................

...THE MATTOON IL AIRPORT CLIMATE SUMMARY FOR THE SEASON, FROM
12/1/2015 TO 2/29/2016...

CLIMATE NORMAL PERIOD 1981 TO 2010
CLIMATE RECORD PERIOD 9999 TO 9999

WEATHER         OBSERVED          NORMAL  DEPART  LAST YEAR`S
                 VALUE   DATE(S)  VALUE   FROM    VALUE
                                          NORMAL
.............................................................
TEMPERATURE (F)
RECORD
 HIGH              MM   MM
 LOW               MM   MM
HIGHEST            71   02/20        MM      MM       57
LOWEST              0   01/18        MM      MM       -9
AVG. MAXIMUM     42.2              37.6     4.6     34.3
AVG. MINIMUM     27.3              22.5     4.8     19.3
MEAN             34.7              30.0     4.7     26.8
DAYS MAX >= 90      0               0.0     0.0        0
DAYS MAX <= 32     19              27.4    -8.4       34
DAYS MIN <= 32     60              72.4   -12.4       76
DAYS MIN <= 0       1               3.2    -2.2        9

PRECIPITATION (INCHES)
RECORD
 MAXIMUM           MM   MM
 MINIMUM           MM   MM
TOTALS           7.01              6.75    0.26       MM
DAILY AVG.       0.07                                 MM
DAYS >= .01        19                MM      MM       MM
DAYS >= .10         8                MM      MM       MM
DAYS >= .50         4                MM      MM       MM
DAYS >= 1.00        2                MM      MM        0
GREATEST
 24 HR. TOTAL    3.45   MM                            MM

DEGREE_DAYS
HEATING TOTAL    2730              3145    -415     3397
 SINCE 7/1       3522              4232    -710     4693
COOLING TOTAL       0                 0       0        0
 SINCE 1/1          0                 0       0        0

FREEZE DATES
RECORD
 EARLIEST     MM
 LATEST       MM
EARLIEST                        MM
LATEST                          MM
..............................................................

WIND (MPH)
AVERAGE WIND SPEED              11.1
HIGHEST WIND SPEED/DIRECTION    43/360    DATE  02/24
HIGHEST GUST SPEED/DIRECTION    55/360    DATE  02/24

SKY COVER
POSSIBLE SUNSHINE (PERCENT)   MM
AVERAGE SKY COVER           0.50
NUMBER OF DAYS FAIR           32
NUMBER OF DAYS PC             33
NUMBER OF DAYS CLOUDY         26

AVERAGE RH (PERCENT)     75

WEATHER CONDITIONS. NUMBER OF DAYS WITH
THUNDERSTORM              0     MIXED PRECIP               0
HEAVY RAIN                7     RAIN                      15
LIGHT RAIN               23     FREEZING RAIN              0
LT FREEZING RAIN          0     HAIL                       0
HEAVY SNOW                2     SNOW                       6
LIGHT SNOW               16     SLEET                      0
FOG                      47     FOG W/VIS <= 1/4 MILE     14
HAZE                     18

-  INDICATES NEGATIVE NUMBERS.
R  INDICATES RECORD WAS SET OR TIED.
MM INDICATES DATA IS MISSING.
T  INDICATES TRACE AMOUNT.

$$
