000
CXUS53 KILX 040308 CCA
CLSMTO

CLIMATE REPORT
NATIONAL WEATHER SERVICE LINCOLN IL
921 AM CDT MON SEP 1 2014

...................................

...THE MATTOON IL AIRPORT CLIMATE SUMMARY FOR THE SUMMER SEASON,
FROM 6/1/2014 TO 8/31/2014...

CLIMATE NORMAL PERIOD 1981 TO 2010
CLIMATE RECORD PERIOD 9999 TO 9999

WEATHER         OBSERVED          NORMAL  DEPART  LAST YEAR`S
                 VALUE   DATE(S)  VALUE   FROM    VALUE
                                          NORMAL
.............................................................
TEMPERATURE (F)
RECORD
 HIGH              MM   MM
 LOW               MM   MM
HIGHEST            91   08/25        MM      MM       95
LOWEST             50   06/14        MM      MM       50
AVG. MAXIMUM     81.4              84.2    -2.8     81.7
AVG. MINIMUM     63.3              63.4    -0.1     63.2
MEAN             72.4              73.8    -1.4     72.5
DAYS MAX >= 90      3              14.4   -11.4       11
DAYS MAX <= 32      0               0.0     0.0        0
DAYS MIN <= 32      0               0.1    -0.1        0
DAYS MIN <= 0       0               0.0     0.0        0

PRECIPITATION (INCHES)
RECORD
 MAXIMUM           MM   MM
 MINIMUM           MM   MM
TOTALS          11.27             11.55   -0.28    15.60
DAILY AVG.       0.13                               0.17
DAYS >= .01        32                MM      MM       26
DAYS >= .10        20                MM      MM       17
DAYS >= .50         7                MM      MM       11
DAYS >= 1.00        3                MM      MM        5
GREATEST
 24 HR. TOTAL    1.67   MM                          3.25

DEGREE_DAYS
HEATING TOTAL       8                21     -13       21
 SINCE 7/1          5                 5       0       10
COOLING TOTAL     704               833    -129      695
 SINCE 1/1        834               920     -86      804

FREEZE DATES
RECORD
 EARLIEST     MM
 LATEST       MM
EARLIEST                        MM
LATEST                          MM
..............................................................

WIND (MPH)
AVERAGE WIND SPEED              6.8
HIGHEST WIND SPEED/DIRECTION    36/290    DATE  07/26
HIGHEST GUST SPEED/DIRECTION    43/300    DATE  07/26

SKY COVER
POSSIBLE SUNSHINE (PERCENT)    0
AVERAGE SKY COVER           0.30
NUMBER OF DAYS FAIR           57
NUMBER OF DAYS PC             27
NUMBER OF DAYS CLOUDY          7

AVERAGE RH (PERCENT)     75

WEATHER CONDITIONS. NUMBER OF DAYS WITH
THUNDERSTORM             23     MIXED PRECIP               0
HEAVY RAIN               16     RAIN                      18
LIGHT RAIN               51     FREEZING RAIN              0
LT FREEZING RAIN          0     HAIL                       0
HEAVY SNOW                0     SNOW                       0
LIGHT SNOW                0     SLEET                      0
FOG                      54     FOG W/VIS <= 1/4 MILE      6
HAZE                     19

-  INDICATES NEGATIVE NUMBERS.
R  INDICATES RECORD WAS SET OR TIED.
MM INDICATES DATA IS MISSING.
T  INDICATES TRACE AMOUNT.

$$
