000
CXUS53 KGRB 280725
CF6MTW
PRELIMINARY LOCAL CLIMATOLOGICAL DATA (WS FORM: F-6)
STATION: MANITOWOC AWOS
MONTH: OCTOBER
YEAR: 2019
LATITUDE: 44 7 N
LONGITUDE: 87 40 W
TEMPERATURE IN F: :PCPN: SNOW: WIND :SUNSHINE: SKY :PK WND
================================================================================
1 2 3 4 5 6A 6B 7 8 9 10 11 12 13 14 15 16 17 18
12Z AVG MX 2MIN
DY MAX MIN AVG DEP HDD CDD WTR SNW DPTH SPD SPD DIR MIN PSBL S-S WX SPD DR
================================================================================
1 78 55 67 M 0 2 1.40 0.0 0 8.9 13 230 M M 6 123 20 230
2 56 51 54 M 11 0 0.34 0.0 0 11.1 16 30 M M 10 1 28 20
3 58 49 54 M 11 0 0.13 M 0 10.7 20 280 M M 8 1 28 280
4 54 44 49 M 16 0 0.00 0.0 0 7.6 10 350 M M 9 M M
5 56 51 54 M 11 0 0.22 0.0 0 13.9 20 150 M M 10 18 33 140
6 65 48 57 M 8 0 0.00 0.0 0 11.4 23 240 M M 1 33 260
7 64 44 54 M 11 0 0.00 0.0 0 6.7 17 300 M M 1 21 300
8 62 39 51 M 14 0 0.00 0.0 0 6.9 20 180 M M 0 1 31 180
9 63 44 54 M 11 0 T M 0 6.3 17 170 M M 0 12 M M
10 64 47 56 M 9 0 0.07 M 0 8.3 13 140 M M 5 8 17 150
11 51 38 45 M 20 0 0.83 M 0 14.8 22 170 M M 10 13 30 260
12 M M M M M M 0.07 M 0 14.1 21 290 M M 6 30 270
13 43 35 39 M 26 0 0.07 M 0 10.9 18 250 M M 8 1 25 250
14 49 34 42 M 23 0 0.00 0.0 0 7.8 14 270 M M 1 20 270
15 53 32 43 M 22 0 0.03 M 0 8.6 17 280 M M 8 1 30 270
16 52 39 46 M 19 0 0.03 M 0 15.5 23 330 M M 8 1 36 330
17 50 34 42 M 23 0 0.00 0.0 0 4.9 8 350 M M 4 M M
18 52 30 41 M 24 0 0.00 0.0 0 8.2 20 160 M M 0 28 160
19 55 47 51 M 14 0 T M 0 14.2 22 170 M M 3 30 170
20 58 42 50 M 15 0 T M 0 7.0 12 310 M M 7 12 M M
21 55 42 49 M 16 0 0.23 M 0 15.9 25 170 M M 7 1 36 150
22 50 43 47 M 18 0 0.01 M 0 18.1 24 240 M M 10 33 220
23 M M M M M M T M 0 11.2 17 280 M M 7 24 250
24 47 36 42 M 23 0 0.00 0.0 0 7.9 15 260 M M 6 18 270
25 46 27 37 M 28 0 0.00 0.0 0 2.8 12 260 M M 3 M M
26 47 26 37 M 28 0 0.66 M 0 4.9 12 140 M M 2 1 M M
27 55 37 46 M 19 0 0.20 M 0 8.4 17 250 M M 3 23 250
================================================================================
SM 1383 1014 420 2 4.29 0.0 267.0 M 143
================================================================================
AV 55.3 40.6 9.9 FASTST M M 5 MAX(MPH)
MISC ----> # 25 170 # 36 330
================================================================================
NOTES:
# LAST OF SEVERAL OCCURRENCES
COLUMN 17 PEAK WIND IN M.P.H.
PRELIMINARY LOCAL CLIMATOLOGICAL DATA (WS FORM: F-6) , PAGE 2
STATION: MANITOWOC AWOS
MONTH: OCTOBER
YEAR: 2019
LATITUDE: 44 7 N
LONGITUDE: 87 40 W
[TEMPERATURE DATA] [PRECIPITATION DATA] SYMBOLS USED IN COLUMN 16
AVERAGE MONTHLY: 47.9 TOTAL FOR MONTH: 4.29 1 = FOG OR MIST
DPTR FM NORMAL: M DPTR FM NORMAL: M 2 = FOG REDUCING VISIBILITY
HIGHEST: 78 ON 1 GRTST 24HR 1.40 ON 1- 1 TO 1/4 MILE OR LESS
LOWEST: 26 ON 26 3 = THUNDER
SNOW, ICE PELLETS, HAIL 4 = ICE PELLETS
TOTAL MONTH: 0.0 INCH 5 = HAIL
GRTST 24HR 0.0 6 = FREEZING RAIN OR DRIZZLE
GRTST DEPTH: 0 7 = DUSTSTORM OR SANDSTORM:
VSBY 1/2 MILE OR LESS
8 = SMOKE OR HAZE
[NO. OF DAYS WITH] [WEATHER - DAYS WITH] 9 = BLOWING SNOW
X = TORNADO
MAX 32 OR BELOW: 0 0.01 INCH OR MORE: 14
MAX 90 OR ABOVE: 0 0.10 INCH OR MORE: 8
MIN 32 OR BELOW: 4 0.50 INCH OR MORE: 3
MIN 0 OR BELOW: 0 1.00 INCH OR MORE: 1
[HDD (BASE 65) ]
TOTAL THIS MO. 420 CLEAR (SCALE 0-3) 9
DPTR FM NORMAL M PTCLDY (SCALE 4-7) 13
TOTAL FM JUL 1 559 CLOUDY (SCALE 8-10) 5
DPTR FM NORMAL M
[CDD (BASE 65) ]
TOTAL THIS MO. 2
DPTR FM NORMAL M [PRESSURE DATA]
TOTAL FM JAN 1 325 HIGHEST SLP M ON M
DPTR FM NORMAL 325 LOWEST SLP M ON M
[REMARKS]