000
CXUS51 KBTV 010700
CF6MVL
PRELIMINARY LOCAL CLIMATOLOGICAL DATA (WS FORM: F-6)
STATION: MORRISVILLE VT
MONTH: MAY
YEAR: 2023
LATITUDE: 44 31 N
LONGITUDE: 72 37 W
TEMPERATURE IN F: :PCPN: SNOW: WIND :SUNSHINE: SKY :PK WND
================================================================================
1 2 3 4 5 6A 6B 7 8 9 10 11 12 13 14 15 16 17 18
12Z AVG MX 2MIN
DY MAX MIN AVG DEP HDD CDD WTR SNW DPTH SPD SPD DIR MIN PSBL S-S WX SPD DR
================================================================================
1 55 37 46 -2 19 0 0.75 M M 4.6 18 210 M M 9 128 27 230
2 56 34 45 -3 20 0 0.17 M M 2.5 17 160 M M 10 12 24 150
3 51 43 47 -2 18 0 0.03 M M 4.4 14 50 M M 10 24 70
4 51 41 46 -3 19 0 T M M 4.2 12 10 M M 10 17 10
5 61 37 49 -1 16 0 T M M 4.9 16 340 M M 6 23 360
6 69 33 51 1 14 0 0.00 M M 4.8 21 340 M M 1 1 29 360
7 72 39 56 6 9 0 T M M 5.1 20 340 M M 2 28 330
8 59 34 47 -4 18 0 0.00 M M 7.1 22 340 M M 0 31 360
9 58 29 44 -7 21 0 0.00 M M 4.6 18 340 M M 1 24 20
10 71 27 49 -2 16 0 0.00 M M 4.8 20 340 M M 0 26 330
11 76 37 57 5 8 0 0.00 M M 4.1 17 350 M M 0 24 300
12 77 48 63 11 2 0 0.03 M M 4.6 18 350 M M 6 1 30 340
13 68 36 52 0 13 0 0.00 M M 8.9 23 330 M M 2 35 340
14 59 30 45 -8 20 0 0.00 M M 6.7 20 330 M M 1 29 320
15 69 31 50 -3 15 0 0.00 M M 6.0 17 190 M M 2 26 200
16 70 40 55 2 10 0 0.01 M M 8.4 20 330 M M 8 1 29 10
17 44 25 35 -19 30 0 T M M 9.3 21 330 M M 7 29 340
18 62 22 42 -12 23 0 0.00 M M 3.0 17 340 M M 0 23 320
19 74 31 53 -1 12 0 0.00 M M 8.0 21 200 M M 2 32 180
20 70 54 62 7 3 0 0.15 M M 6.9 24 160 M M 7 1 32 160
21 69 48 59 4 6 0 0.02 M M 5.1 22 10 M M 5 1 28 360
22 67 35 51 -4 14 0 0.00 M M 2.6 13 340 M M 0 1 20 20
23 77 33 55 -1 10 0 0.00 M M 2.8 13 190 M M 1 16 170
24 67 34 51 -5 14 0 0.25 M M 4.6 20 340 M M 7 12 26 340
25 60 35 48 -8 17 0 0.00 M M 5.7 18 330 M M 5 1 25 340
26 68 30 49 -7 16 0 0.00 M M 5.2 16 330 M M 0 1 22 310
27 81 35 58 1 7 0 0.00 M M 2.0 12 360 M M 0 1 17 360
28 87 43 65 8 0 0 0.00 M M 3.5 16 320 M M 0 24 320
29 80 43 62 5 3 0 0.00 M M 4.2 12 20 M M 0 18 30
30 83 44 64 6 1 0 0.00 M M 2.5 10 200 M M 0 14 210
31 88 47 68 10 0 3 0.00 M M 2.1 13 180 M M 0 1 16 190
================================================================================
SM 2099 1135 394 3 1.41 M 153.2 M 102
================================================================================
AV 67.7 36.6 4.9 FASTST M M 3 MAX(MPH)
MISC ----> 24 160 35 340
================================================================================
NOTES:
# LAST OF SEVERAL OCCURRENCES
COLUMN 17 PEAK WIND IN M.P.H.
PRELIMINARY LOCAL CLIMATOLOGICAL DATA (WS FORM: F-6) , PAGE 2
STATION: MORRISVILLE VT
MONTH: MAY
YEAR: 2023
LATITUDE: 44 31 N
LONGITUDE: 72 37 W
[TEMPERATURE DATA] [PRECIPITATION DATA] SYMBOLS USED IN COLUMN 16
AVERAGE MONTHLY: 52.2 TOTAL FOR MONTH: 1.41 1 = FOG OR MIST
DPTR FM NORMAL: -1.0 DPTR FM NORMAL: -2.08 2 = FOG REDUCING VISIBILITY
HIGHEST: 88 ON 31 GRTST 24HR 0.81 ON 30- 1 TO 1/4 MILE OR LESS
LOWEST: 22 ON 18 3 = THUNDER
SNOW, ICE PELLETS, HAIL 4 = ICE PELLETS
TOTAL MONTH: M 5 = HAIL
GRTST 24HR M ON M 6 = FREEZING RAIN OR DRIZZLE
GRTST DEPTH: M ON M 7 = DUSTSTORM OR SANDSTORM:
VSBY 1/2 MILE OR LESS
8 = SMOKE OR HAZE
[NO. OF DAYS WITH] [WEATHER - DAYS WITH] 9 = BLOWING SNOW
X = TORNADO
MAX 32 OR BELOW: 0 0.01 INCH OR MORE: 8
MAX 90 OR ABOVE: 0 0.10 INCH OR MORE: 4
MIN 32 OR BELOW: 8 0.50 INCH OR MORE: 1
MIN 0 OR BELOW: 0 1.00 INCH OR MORE: 0
[HDD (BASE 65) ]
TOTAL THIS MO. 394 CLEAR (SCALE 0-3) 19
DPTR FM NORMAL 20 PTCLDY (SCALE 4-7) 8
TOTAL FM JUL 1 7083 CLOUDY (SCALE 8-10) 4
DPTR FM NORMAL -1204
[CDD (BASE 65) ]
TOTAL THIS MO. 3
DPTR FM NORMAL -5 [PRESSURE DATA]
TOTAL FM JAN 1 3 HIGHEST SLP M ON M
DPTR FM NORMAL -6 LOWEST SLP 28.98 ON 1
[REMARKS]
#FINAL-05-23#