000
CXUS56 KSGX 011245
CF6MYF
PRELIMINARY LOCAL CLIMATOLOGICAL DATA (WS FORM: F-6)
STATION: SAN DIEGO/MONTGOMERY FLD CA
MONTH: MAY
YEAR: 2020
LATITUDE: 32 49 N
LONGITUDE: 117 9 W
TEMPERATURE IN F: :PCPN: SNOW: WIND :SUNSHINE: SKY :PK WND
================================================================================
1 2 3 4 5 6A 6B 7 8 9 10 11 12 13 14 15 16 17 18
12Z AVG MX 2MIN
DY MAX MIN AVG DEP HDD CDD WTR SNW DPTH SPD SPD DIR MIN PSBL S-S WX SPD DR
================================================================================
1 77 62 70 7 0 5 0.00 0.0 0 4.4 13 230 M M 4 18 17 240
2 78 59 69 6 0 4 0.00 0.0 0 4.4 13 240 M M 2 18 18 220
3 75 61 68 5 0 3 0.00 0.0 0 4.8 13 230 M M 3 18 230
4 78 59 69 6 0 4 0.00 0.0 0 5.7 14 290 M M 3 18 21 300
5 87 62 75 12 0 10 0.00 0.0 0 4.2 13 320 M M 0 1 15 270
6 91 61 76 13 0 11 0.00 0.0 0 4.7 14 330 M M 0 18 340
7 84 60 72 9 0 7 0.00 0.0 0 4.5 12 190 M M 0 17 210
8 77 60 69 6 0 4 0.00 0.0 0 4.9 14 210 M M 3 128 17 200
9 75 64 70 7 0 5 0.00 0.0 0 4.6 13 230 M M 6 8 17 230
10 73 63 68 5 0 3 0.00 0.0 0 5.6 12 250 M M 10 18 17 240
11 74 62 68 5 0 3 0.00 0.0 0 6.9 14 310 M M 6 19 220
12 74 57 66 2 0 1 0.00 0.0 0 7.2 16 240 M M 4 21 230
13 71 60 66 2 0 1 0.01 0.0 0 6.9 15 250 M M 5 1 20 230
14 73 55 64 0 1 0 0.00 0.0 0 6.1 14 260 M M 1 22 230
15 75 60 68 4 0 3 0.00 0.0 0 5.6 15 240 M M 3 19 240
16 76 60 68 4 0 3 0.00 0.0 0 4.1 13 250 M M 2 18 270
17 73 62 68 4 0 3 0.00 0.0 0 4.9 13 230 M M 7 8 17 260
18 76 61 69 5 0 4 0.00 0.0 0 8.0 17 260 M M 8 22 240
19 70 57 64 0 1 0 0.00 0.0 0 9.2 18 290 M M 3 32 230
20 74 55 65 1 0 0 0.00 0.0 0 5.5 16 280 M M 1 23 300
21 78 55 67 3 0 2 0.00 0.0 0 4.6 14 290 M M 1 18 300
22 72 62 67 3 0 2 0.00 0.0 0 8.4 15 260 M M 6 20 260
23 70 60 65 1 0 0 0.00 0.0 0 6.7 15 250 M M 4 24 240
24 75 57 66 2 0 1 0.00 0.0 0 4.5 15 250 M M 1 19 260
25 79 61 70 6 0 5 0.00 0.0 0 4.8 14 340 M M 4 18 17 300
26 86 63 75 11 0 10 0.00 0.0 0 4.3 14 320 M M 4 18 21 260
27 86 62 74 10 0 9 0.00 0.0 0 4.4 13 290 M M 4 128 16 280
28 76 63 70 6 0 5 0.00 0.0 0 5.0 13 250 M M 9 17 220
29 71 63 67 3 0 2 0.00 0.0 0 5.7 12 240 M M 9 8 15 220
30 75 63 69 5 0 4 0.00 0.0 0 9.2 16 300 M M 4 22 270
31 75 62 69 5 0 4 0.00 0.0 0 7.9 14 280 M M 2 20 290
================================================================================
SM 2374 1871 2 118 0.01 0.0 177.7 M 119
================================================================================
AV 76.6 60.4 5.7 FASTST M M 4 MAX(MPH)
MISC ----> # 18 290 # 32 230
================================================================================
NOTES:
# LAST OF SEVERAL OCCURRENCES
COLUMN 17 PEAK WIND IN M.P.H.
PRELIMINARY LOCAL CLIMATOLOGICAL DATA (WS FORM: F-6) , PAGE 2
STATION: SAN DIEGO/MONTGOMERY FLD CA
MONTH: MAY
YEAR: 2020
LATITUDE: 32 49 N
LONGITUDE: 117 9 W
[TEMPERATURE DATA] [PRECIPITATION DATA] SYMBOLS USED IN COLUMN 16
AVERAGE MONTHLY: 68.5 TOTAL FOR MONTH: 0.01 1 = FOG OR MIST
DPTR FM NORMAL: 4.9 DPTR FM NORMAL: -0.19 2 = FOG REDUCING VISIBILITY
HIGHEST: 91 ON 6 GRTST 24HR 0.01 ON 13-13 TO 1/4 MILE OR LESS
LOWEST: 55 ON 21,20 3 = THUNDER
SNOW, ICE PELLETS, HAIL 4 = ICE PELLETS
TOTAL MONTH: 0.0 INCH 5 = HAIL
GRTST 24HR 0.0 6 = FREEZING RAIN OR DRIZZLE
GRTST DEPTH: 0 7 = DUSTSTORM OR SANDSTORM:
VSBY 1/2 MILE OR LESS
8 = SMOKE OR HAZE
[NO. OF DAYS WITH] [WEATHER - DAYS WITH] 9 = BLOWING SNOW
X = TORNADO
MAX 32 OR BELOW: 0 0.01 INCH OR MORE: 1
MAX 90 OR ABOVE: 1 0.10 INCH OR MORE: 0
MIN 32 OR BELOW: 0 0.50 INCH OR MORE: 0
MIN 0 OR BELOW: 0 1.00 INCH OR MORE: 0
[HDD (BASE 65) ]
TOTAL THIS MO. 2 CLEAR (SCALE 0-3) 14
DPTR FM NORMAL -69 PTCLDY (SCALE 4-7) 13
TOTAL FM JUL 1 1089 CLOUDY (SCALE 8-10) 4
DPTR FM NORMAL -433
[CDD (BASE 65) ]
TOTAL THIS MO. 118
DPTR FM NORMAL 91 [PRESSURE DATA]
TOTAL FM JAN 1 181 HIGHEST SLP 30.06 ON 20
DPTR FM NORMAL 130 LOWEST SLP 29.82 ON 7
[REMARKS]
#FINAL-05-20#