000
CXUS56 KMTR 011000
CF6OAK
PRELIMINARY LOCAL CLIMATOLOGICAL DATA (WS FORM: F-6)
STATION: OAKLAND AIRPORT
MONTH: FEBRUARY
YEAR: 2023
LATITUDE: 37 43 N
LONGITUDE: 122 13 W
TEMPERATURE IN F: :PCPN: SNOW: WIND :SUNSHINE: SKY :PK WND
================================================================================
1 2 3 4 5 6A 6B 7 8 9 10 11 12 13 14 15 16 17 18
12Z AVG MX 2MIN
DY MAX MIN AVG DEP HDD CDD WTR SNW DPTH SPD SPD DIR MIN PSBL S-S WX SPD DR
================================================================================
1 56 35 46 -5 19 0 0.00 M M 5.5 14 300 M M 5 17 310
2 58 37 48 -3 17 0 0.00 M M 4.7 14 110 M M 8 18 110
3 57 48 53 2 12 0 0.43 M M 6.8 20 170 M M 9 1 25 160
4 59 49 54 3 11 0 0.20 M M 10.1 25 210 M M 9 18 39 250
5 56 44 50 -1 15 0 0.11 M M 13.8 37 300 M M 5 1 50 280
6 59 41 50 -2 15 0 0.00 M M 4.9 15 310 M M 2 19 300
7 59 38 49 -3 16 0 0.00 M M 4.2 13 300 M M 3 16 310
8 62 39 51 -1 14 0 0.00 M M 3.4 12 310 M M 3 14 300
9 64 39 52 0 13 0 0.00 M M 4.1 13 290 M M 2 17 300
10 58 38 48 -4 17 0 T M M 8.1 28 300 M M 4 1 37 290
11 57 44 51 -1 14 0 0.05 M M 8.6 18 20 M M 6 1 27 50
12 63 38 51 -1 14 0 0.00 M M 4.6 12 290 M M 3 15 290
13 61 40 51 -1 14 0 0.00 M M 9.5 32 300 M M 5 12 39 300
14 55 44 50 -2 15 0 0.00 M M 14.7 35 300 M M 4 46 330
15 57 37 47 -5 18 0 0.00 M M 7.2 17 20 M M 2 22 30
16 55 34 45 -8 20 0 0.00 M M 3.8 10 330 M M 5 14 340
17 64 38 51 -2 14 0 0.00 M M 5.3 15 70 M M 6 18 60
18 61 34 48 -5 17 0 0.00 M M 3.8 10 300 M M 3 12 310
19 62 36 49 -4 16 0 0.00 M M 2.7 9 310 M M 3 12 310
20 66 40 53 0 12 0 0.00 M M 3.8 10 280 M M 5 14 300
21 59 42 51 -2 14 0 0.00 M M 19.2 49 290 M M 5 18 63 290
22 52 43 48 -5 17 0 T M M 18.5 36 290 M M 5 45 320
23 51 40 46 -7 19 0 0.24 M M 15.9 31 160 M M 7 13 48 140
24 49 40 45 -9 20 0 0.62 M M 11.9 26 150 M M 8 13 43 140
25 51 39 45 -9 20 0 0.00 M M 5.5 15 270 M M 7 19 290
26 50 44 47 -7 18 0 0.40 M M 12.5 22 180 M M 8 1 33 150
27 51 37 44 -10 21 0 0.37 M M 12.7 36 290 M M 7 13 49 270
28 54 40 47 -7 18 0 0.45 M M 14.1 25 290 M M 9 1 38 320
================================================================================
SM 1606 1118 450 0 2.87 M 239.9 M 148
================================================================================
AV 57.4 39.9 8.6 FASTST M M 5 MAX(MPH)
MISC ----> 49 290 63 290
================================================================================
NOTES:
# LAST OF SEVERAL OCCURRENCES
COLUMN 17 PEAK WIND IN M.P.H.
PRELIMINARY LOCAL CLIMATOLOGICAL DATA (WS FORM: F-6) , PAGE 2
STATION: OAKLAND AIRPORT
MONTH: FEBRUARY
YEAR: 2023
LATITUDE: 37 43 N
LONGITUDE: 122 13 W
[TEMPERATURE DATA] [PRECIPITATION DATA] SYMBOLS USED IN COLUMN 16
AVERAGE MONTHLY: 48.6 TOTAL FOR MONTH: 2.87 1 = FOG OR MIST
DPTR FM NORMAL: -3.9 DPTR FM NORMAL: -0.64 2 = FOG REDUCING VISIBILITY
HIGHEST: 66 ON 20 GRTST 24HR 0.86 ON 23-24 TO 1/4 MILE OR LESS
LOWEST: 34 ON 18,16 3 = THUNDER
SNOW, ICE PELLETS, HAIL 4 = ICE PELLETS
TOTAL MONTH: M 5 = HAIL
GRTST 24HR M ON M 6 = FREEZING RAIN OR DRIZZLE
GRTST DEPTH: M ON M 7 = DUSTSTORM OR SANDSTORM:
VSBY 1/2 MILE OR LESS
8 = SMOKE OR HAZE
[NO. OF DAYS WITH] [WEATHER - DAYS WITH] 9 = BLOWING SNOW
X = TORNADO
MAX 32 OR BELOW: 0 0.01 INCH OR MORE: 9
MAX 90 OR ABOVE: 0 0.10 INCH OR MORE: 8
MIN 32 OR BELOW: 0 0.50 INCH OR MORE: 1
MIN 0 OR BELOW: 0 1.00 INCH OR MORE: 0
[HDD (BASE 65) ]
TOTAL THIS MO. 450 CLEAR (SCALE 0-3) 7
DPTR FM NORMAL 99 PTCLDY (SCALE 4-7) 17
TOTAL FM JUL 1 1978 CLOUDY (SCALE 8-10) 4
DPTR FM NORMAL 91
[CDD (BASE 65) ]
TOTAL THIS MO. 0
DPTR FM NORMAL 0 [PRESSURE DATA]
TOTAL FM JAN 1 0 HIGHEST SLP M ON M
DPTR FM NORMAL 0 LOWEST SLP 29.57 ON 24
[REMARKS]
#FINAL-02-23#