000
CXUS53 KOAX 011030
CF6OAX
PRELIMINARY LOCAL CLIMATOLOGICAL DATA (WS FORM: F-6)
STATION: VALLEY NWS NE
MONTH: OCTOBER
YEAR: 2020
LATITUDE: 41 19 N
LONGITUDE: 96 22 W
TEMPERATURE IN F: :PCPN: SNOW: WIND :SUNSHINE: SKY :PK WND
================================================================================
1 2 3 4 5 6A 6B 7 8 9 10 11 12 13 14 15 16 17 18
12Z AVG MX 2MIN
DY MAX MIN AVG DEP HDD CDD WTR SNW DPTH SPD SPD DIR MIN PSBL S-S WX SPD DR
================================================================================
1 61 41 51 -9 14 0 0.00 0.0 0 M M M M M M 31 M
2 63 36 50 -9 15 0 0.07 0.0 0 M M M M M M 20 M
3 58 45 52 -7 13 0 0.00 0.0 0 M M M M M M 18 M
4 67 39 53 -5 12 0 0.00 0.0 0 M M M M M M 1 18 M
5 77 49 63 5 2 0 0.00 0.0 0 M M M M M M 37 M
6 84 47 66 9 0 1 0.00 0.0 0 M M M M M M 24 M
7 83 49 66 9 0 1 0.00 0.0 0 M M M M M M 20 M
8 82 51 67 11 0 2 0.00 0.0 0 M M M M M M 28 M
9 86 63 75 19 0 10 0.00 0.0 0 M M M M M M 29 M
10 80 56 68 12 0 3 0.00 0.0 0 M M M M M M 18 M
11 86 52 69 14 0 4 0.56 0.0 0 M M M M M M 3 47 M
12 69 46 58 3 7 0 0.03 0.0 0 M M M M M M 24 M
13 69 49 59 5 6 0 0.00 0.0 0 M M M M M M 28 M
14 75 47 61 7 4 0 0.00 0.0 0 M M M M M M 44 M
15 56 37 47 -7 18 0 0.00 0.0 0 M M M M M M 23 M
16 59 35 47 -6 18 0 0.00 0.0 0 M M M M M M 23 M
17 70 42 56 3 9 0 0.01 0.0 0 M M M M M M 36 M
18 43 33 38 -14 27 0 0.33 0.4 T M M M M M M 4 24 M
19 47 36 42 -10 23 0 T T 0 M M M M M M 17 M
20 44 35 40 -11 25 0 T 0.0 0 M M M M M M 1 18 M
21 49 37 43 -8 22 0 T 0.0 0 M M M M M M 1 18 M
22 46 36 41 -10 24 0 0.14 0.0 0 M M M M M M 1 35 M
23 39 27 33 -17 32 0 0.00 0.0 0 M M M M M M 37 M
24 39 21 30 -20 35 0 0.00 0.0 0 M M M M M M 17 M
25 33 24 29 -20 36 0 0.12 1.4 0 M M M M M M 6 28 M
26 31 19 25 -24 40 0 T 0.1 1 M M M M M M 22 M
27 41 21 31 -17 34 0 0.00 0.0 T M M M M M M 20 M
28 58 24 41 -7 24 0 0.00 0.0 0 M M M M M M 25 M
29 47 29 38 -10 27 0 0.00 0.0 0 M M M M M M 25 M
30 58 31 45 -2 20 0 0.00 0.0 0 M M M M M M 20 M
31 68 43 56 10 9 0 0.00 0.0 0 M M M M M M 35 M
================================================================================
SM 1868 1200 496 21 1.26 1.9 M M M
================================================================================
AV 60.3 38.7 M FASTST M M M MAX(MPH)
MISC ----> M M 47 9999
================================================================================
NOTES:
# LAST OF SEVERAL OCCURRENCES
COLUMN 17 PEAK WIND IN M.P.H.
PRELIMINARY LOCAL CLIMATOLOGICAL DATA (WS FORM: F-6) , PAGE 2
STATION: VALLEY NWS NE
MONTH: OCTOBER
YEAR: 2020
LATITUDE: 41 19 N
LONGITUDE: 96 22 W
[TEMPERATURE DATA] [PRECIPITATION DATA] SYMBOLS USED IN COLUMN 16
AVERAGE MONTHLY: 49.5 TOTAL FOR MONTH: 1.26 1 = FOG OR MIST
DPTR FM NORMAL: -3.6 DPTR FM NORMAL: -1.03 2 = FOG REDUCING VISIBILITY
HIGHEST: 86 ON 11, 9 GRTST 24HR 0.56 ON 11-11 TO 1/4 MILE OR LESS
LOWEST: 19 ON 26 3 = THUNDER
SNOW, ICE PELLETS, HAIL 4 = ICE PELLETS
TOTAL MONTH: 1.9 INCHES 5 = HAIL
GRTST 24HR 1.4 ON 25-25 6 = FREEZING RAIN OR DRIZZLE
GRTST DEPTH: 1 ON 26 7 = DUSTSTORM OR SANDSTORM:
VSBY 1/2 MILE OR LESS
8 = SMOKE OR HAZE
[NO. OF DAYS WITH] [WEATHER - DAYS WITH] 9 = BLOWING SNOW
X = TORNADO
MAX 32 OR BELOW: 1 0.01 INCH OR MORE: 7
MAX 90 OR ABOVE: 0 0.10 INCH OR MORE: 4
MIN 32 OR BELOW: 8 0.50 INCH OR MORE: 1
MIN 0 OR BELOW: 0 1.00 INCH OR MORE: 0
[HDD (BASE 65) ]
TOTAL THIS MO. 496 CLEAR (SCALE 0-3) 0
DPTR FM NORMAL 111 PTCLDY (SCALE 4-7) 0
TOTAL FM JUL 1 581 CLOUDY (SCALE 8-10) 31
DPTR FM NORMAL 100
[CDD (BASE 65) ]
TOTAL THIS MO. 21
DPTR FM NORMAL 5 [PRESSURE DATA]
TOTAL FM JAN 1 1312 HIGHEST SLP M ON M
DPTR FM NORMAL 237 LOWEST SLP M ON M
[REMARKS]
#FINAL-10-20#