000
CXHW52 PHFO 011625
CLMOGG
CLIMATE REPORT
NATIONAL WEATHER SERVICE HONOLULU HI
625 AM HST TUE AUG 01 2023
...................................
...THE KAHULUI HI CLIMATE SUMMARY FOR THE MONTH OF JULY 2023...
CLIMATE NORMAL PERIOD 1991 TO 2020
CLIMATE RECORD PERIOD 1954 TO 2023
WEATHER OBSERVED NORMAL DEPART LAST YEAR`S
VALUE DATE(S) VALUE FROM VALUE DATE(S)
NORMAL
................................................................
TEMPERATURE (F)
RECORD
HIGH 97 07/29/2019
LOW 58 07/30/1965
HIGHEST 94 07/03 87 7 94 07/30
LOWEST 65 07/02 71 -6 67 07/29
AVG. MAXIMUM 88.8 89.2 -0.4 89.3
AVG. MINIMUM 72.2 71.8 0.4 72.8
MEAN 80.5 80.5 0.0 81.0
DAYS MAX >= 93 1 12
DAYS MAX >= 90 10 1
DAYS MAX <= 80 0 0
DAYS MIN >= 72 22 21
DAYS MIN <= 60 0 0
DAYS MIN <= 55 0 0
PRECIPITATION (INCHES)
RECORD
MAXIMUM 1.65 1989
MINIMUM T 2021
TOTALS 0.36 0.53 -0.17 0.09
DAILY AVG. 0.01 0.02 -0.01 0.00
DAYS >= .01 6 7.7 -1.7 7
DAYS >= .10 2 1.5 0.5 0
DAYS >= .50 0 0.2 -0.2 0
DAYS >= 1.00 0 0.0 0.0 0
GREATEST
24 HR. TOTAL 0.19 07/18 TO 07/19 0.03
SNOWFALL (INCHES)
RECORDS
TOTAL MM MM
TOTALS MM MM MM MM
SINCE 7/1 MM MM MM MM
SNOWDEPTH AVG. MM MM
DAYS >= 1.0 MM MM MM MM
GREATEST
SNOW DEPTH MM MM MM
24 HR TOTAL MM MM
DEGREE DAYS
HEATING TOTAL 0 0 0 0
SINCE 7/1 0 0 0 MM
COOLING TOTAL 473 480 -7 505
SINCE 1/1 2351 2348 3 MM
................................................................
WIND (MPH)
AVERAGE WIND SPEED 16.9
HIGHEST WIND SPEED/DIRECTION 35/040 DATE 07/11
HIGHEST GUST SPEED/DIRECTION 44/050 DATE 07/28
SKY COVER
POSSIBLE SUNSHINE (PERCENT) MM
AVERAGE SKY COVER 0.32
NUMBER OF DAYS FAIR 20
NUMBER OF DAYS PC 10
NUMBER OF DAYS CLOUDY 1
AVERAGE RH (PERCENT) 67
WEATHER CONDITIONS. NUMBER OF DAYS WITH
THUNDERSTORM MM MIXED PRECIP MM
HEAVY RAIN MM RAIN 1
LIGHT RAIN 7 FREEZING RAIN MM
LT FREEZING RAIN MM HAIL MM
HEAVY SNOW MM SNOW MM
LIGHT SNOW MM SLEET MM
FOG 6 FOG W/VIS <= 1/4 MILE MM
HAZE 5
- INDICATES NEGATIVE NUMBERS.
R INDICATES RECORD WAS SET OR TIED.
MM INDICATES DATA IS MISSING.
T INDICATES TRACE AMOUNT.
$$