000
CXUS53 KEAX 010736
CF6OJC
PRELIMINARY LOCAL CLIMATOLOGICAL DATA (WS FORM: F-6)
STATION: JOHNSON COUNTY EXECUTIVE KS
MONTH: SEPTEMBER
YEAR: 2021
LATITUDE: 38 50 N
LONGITUDE: 94 44 W
TEMPERATURE IN F: :PCPN: SNOW: WIND :SUNSHINE: SKY :PK WND
================================================================================
1 2 3 4 5 6A 6B 7 8 9 10 11 12 13 14 15 16 17 18
12Z AVG MX 2MIN
DY MAX MIN AVG DEP HDD CDD WTR SNW DPTH SPD SPD DIR MIN PSBL S-S WX SPD DR
================================================================================
1 81 67 74 0 0 9 0.00 M M 8.2 15 80 M M 4 19 60
2 80 67 74 1 0 9 0.00 M M 10.5 17 130 M M 0 8 26 150
3 80 71 76 3 0 11 1.30 M M 8.0 15 200 M M 7 13 24 200
4 78 67 73 1 0 8 1.30 M M 7.0 17 10 M M 7 13 26 200
5 80 60 70 -2 0 5 0.00 M M 3.1 8 190 M M 0 1 12 200
6 85 63 74 2 0 9 0.00 M M 6.2 12 200 M M 0 17 170
7 89 67 78 6 0 13 0.00 M M 9.5 17 360 M M 1 26 200
8 84 60 72 1 0 7 0.00 M M 6.0 17 360 M M 0 25 340
9 81 60 71 0 0 6 0.00 M M 4.6 12 170 M M 2 8 15 170
10 85 62 74 4 0 9 0.00 M M 7.9 16 210 M M 0 23 200
11 86 69 78 8 0 13 0.00 M M 9.8 17 200 M M 0 25 190
12 85 69 77 7 0 12 0.00 M M 10.5 17 180 M M 0 27 200
13 86 63 75 6 0 10 0.00 M M 10.9 22 180 M M 0 32 170
14 83 69 76 7 0 11 0.00 M M 8.4 16 360 M M 2 25 260
15 82 64 73 4 0 8 0.00 M M 6.0 13 150 M M 1 18 160
16 85 63 74 6 0 9 0.00 M M 8.2 16 170 M M 0 23 170
17 90 65 78 10 0 13 0.00 M M 4.9 14 360 M M 1 20 350
18 88 66 77 9 0 12 0.00 M M 3.4 10 110 M M 0 13 160
19 86 68 77 10 0 12 0.00 M M 8.3 15 160 M M 1 25 150
20 87 63 75 8 0 10 0.33 M M 12.1 25 340 M M 3 13 40 350
21 75 58 67 1 0 2 0.00 M M 11.4 22 360 M M 1 30 10
22 73 50 62 -4 3 0 0.00 M M 5.4 14 360 M M 0 22 300
23 76 48 62 -4 3 0 0.00 M M 4.5 12 170 M M 0 17 160
24 82 56 69 4 0 4 T M M 9.4 22 220 M M 1 35 230
25 75 49 62 -3 3 0 0.00 M M 3.6 10 220 M M 0 15 200
26 91 55 73 9 0 8 0.00 M M 11.3 25 210 M M 0 41 210
27 90 67 79 15 0 14 0.00 M M 9.3 18 220 M M 0 29 210
28 88 61 75 11 0 10 0.00 M M 6.7 16 170 M M 0 22 160
29 78 65 72 9 0 7 0.00 M M 6.5 13 170 M M 2 18 180
30 84 66 75 12 0 10 0.00 M M 5.8 18 140 M M 3 30 140
================================================================================
SM 2493 1878 9 251 2.93 M 227.4 M 36
================================================================================
AV 83.1 62.6 7.6 FASTST M M 1 MAX(MPH)
MISC ----> # 25 340 41 210
================================================================================
NOTES:
# LAST OF SEVERAL OCCURRENCES
COLUMN 17 PEAK WIND IN M.P.H.
PRELIMINARY LOCAL CLIMATOLOGICAL DATA (WS FORM: F-6) , PAGE 2
STATION: JOHNSON COUNTY EXECUTIVE KS
MONTH: SEPTEMBER
YEAR: 2021
LATITUDE: 38 50 N
LONGITUDE: 94 44 W
[TEMPERATURE DATA] [PRECIPITATION DATA] SYMBOLS USED IN COLUMN 16
AVERAGE MONTHLY: 72.9 TOTAL FOR MONTH: 2.93 1 = FOG OR MIST
DPTR FM NORMAL: 4.4 DPTR FM NORMAL: -0.61 2 = FOG REDUCING VISIBILITY
HIGHEST: 91 ON 26 GRTST 24HR 2.10 ON 3- 4 TO 1/4 MILE OR LESS
LOWEST: 48 ON 23 3 = THUNDER
SNOW, ICE PELLETS, HAIL 4 = ICE PELLETS
TOTAL MONTH: M 5 = HAIL
GRTST 24HR M ON M 6 = FREEZING RAIN OR DRIZZLE
GRTST DEPTH: M ON M 7 = DUSTSTORM OR SANDSTORM:
VSBY 1/2 MILE OR LESS
8 = SMOKE OR HAZE
[NO. OF DAYS WITH] [WEATHER - DAYS WITH] 9 = BLOWING SNOW
X = TORNADO
MAX 32 OR BELOW: 0 0.01 INCH OR MORE: 3
MAX 90 OR ABOVE: 3 0.10 INCH OR MORE: 3
MIN 32 OR BELOW: 0 0.50 INCH OR MORE: 2
MIN 0 OR BELOW: 0 1.00 INCH OR MORE: 2
[HDD (BASE 65) ]
TOTAL THIS MO. 9 CLEAR (SCALE 0-3) 26
DPTR FM NORMAL -42 PTCLDY (SCALE 4-7) 4
TOTAL FM JUL 1 9 CLOUDY (SCALE 8-10) 0
DPTR FM NORMAL -43
[CDD (BASE 65) ]
TOTAL THIS MO. 251
DPTR FM NORMAL 99 [PRESSURE DATA]
TOTAL FM JAN 1 1540 HIGHEST SLP M ON M
DPTR FM NORMAL 217 LOWEST SLP 29.71 ON 20
[REMARKS]
#FINAL-09-21#