000
CXUS53 KEAX 011353
CLMOJC
CLIMATE REPORT
NATIONAL WEATHER SERVICE KANSAS CITY/PLEASANT HILL MO
848 AM CDT SAT JUL 01 2023
...................................
...THE JOHNSON COUNTY EXECUTIVE KS CLIMATE SUMMARY FOR THE MONTH OF JUNE 2023...
CLIMATE NORMAL PERIOD: 1991 TO 2020
CLIMATE RECORD PERIOD: 9999 TO 9999
WEATHER OBSERVED NORMAL DEPART LAST YEAR`S
VALUE DATE(S) VALUE FROM VALUE DATE(S)
NORMAL
................................................................
TEMPERATURE (F)
HIGHEST 100 06/29 92 8 97 06/13
06/30
06/21
LOWEST 52 06/13 52 0 55 06/01
06/02
06/03
AVG. MAXIMUM 87.4 83.2 4.2 86.8
AVG. MINIMUM 65.4 64.9 0.5 67.2
MEAN 76.4 74.0 2.4 77.0
DAYS MAX >= 90 12 5.3 6.7 14
DAYS MAX <= 32 0 0.0 0.0 0
DAYS MIN <= 32 0 0.0 0.0 0
DAYS MIN <= 0 0 0.0 0.0 0
PRECIPITATION (INCHES)
TOTALS 0.96R 5.15 -4.19 1.19
DAILY AVG. 0.03 0.17 -0.14 0.04
DAYS >= .01 4 11.1 -7.1 9
DAYS >= .10 4 7.1 -3.1 3
DAYS >= .50 0 3.6 -3.6 0
DAYS >= 1.00 0 1.8 -1.8 0
GREATEST
24 HR. TOTAL 0.47 06/05 TO 06/05
DEGREE DAYS
HEATING TOTAL 0 6 -6 2
SINCE 7/1 4525 4922 -397 MM
COOLING TOTAL 351 278 73 371
SINCE 1/1 523 389 134 MM
................................................................
WIND (MPH)
AVERAGE WIND SPEED 5.7
HIGHEST WIND SPEED/DIRECTION 24/270 DATE 06/05
24/170 06/24
HIGHEST GUST SPEED/DIRECTION 35/260 DATE 06/05
SKY COVER
POSSIBLE SUNSHINE (PERCENT) MM
AVERAGE SKY COVER 0.16
NUMBER OF DAYS FAIR 26
NUMBER OF DAYS PC 2
NUMBER OF DAYS CLOUDY 2
AVERAGE RH (PERCENT) 62
WEATHER CONDITIONS. NUMBER OF DAYS WITH
THUNDERSTORM 7 MIXED PRECIP 0
HEAVY RAIN 1 RAIN 2
LIGHT RAIN 7 FREEZING RAIN 0
LT FREEZING RAIN 0 HAIL 0
HEAVY SNOW 0 SNOW 0
LIGHT SNOW 0 SLEET 0
FOG 4 FOG W/VIS <= 1/4 MILE 0
HAZE 3
- INDICATES NEGATIVE NUMBERS.
R INDICATES RECORD WAS SET OR TIED.
MM INDICATES DATA IS MISSING.
T INDICATES TRACE AMOUNT.
$$