000
CXUS53 KEAX 141214
CLSOJC
CLIMATE REPORT
NATIONAL WEATHER SERVICE
709 AM CDT MON MAR 14 2022
...................................
...THE JOHNSON COUNTY EXECUTIVE KS CLIMATE SUMMARY FOR THE SEASON, FROM
12/1/2021 TO 2/28/2022...
CLIMATE NORMAL PERIOD: 1991 TO 2020
CLIMATE RECORD PERIOD: 9999 TO 9999
WEATHER OBSERVED NORMAL DEPART LAST YEAR`S
VALUE DATE(S) VALUE FROM VALUE DATE(S)
NORMAL
................................................................
TEMPERATURE (F)
HIGHEST 74 12/15 68 6 68 12/09
02/23
LOWEST 3 01/02 2 1 -13 02/16
01/21
AVG. MAXIMUM 47.1 41.6 5.5 40.0
AVG. MINIMUM 24.3 24.0 0.3 22.6
MEAN 35.7 32.8 2.9 31.3
DAYS MAX >= 90 0 0.0 0.0 0
DAYS MAX <= 32 14 22.0 -8.0 22
DAYS MIN <= 32 66 72.4 -6.4 78
DAYS MIN <= 0 0 2.3 -2.3 4
PRECIPITATION (INCHES)
TOTALS 0.85R 3.89 -3.04 2.14
DAILY AVG. 0.01 0.04 -0.03 0.02
DAYS >= .01 8 16.5 -8.5 14
DAYS >= .10 2 7.7 -5.7 3
DAYS >= .50 0 2.5 -2.5 2
DAYS >= 1.00 0 0.7 -0.7 0
GREATEST
24 HR. TOTAL 0.42 12/28 TO 12/28
DEGREE DAYS
HEATING TOTAL 2608 2906 -298 2983
COOLING TOTAL 0 0 0 0
................................................................
WIND (MPH)
AVERAGE WIND SPEED 9.6
HIGHEST WIND SPEED/DIRECTION 41/230 DATE 12/15
HIGHEST GUST SPEED/DIRECTION 72/190 DATE 12/15
SKY COVER
POSSIBLE SUNSHINE (PERCENT) MM
AVERAGE SKY COVER 0.25
NUMBER OF DAYS FAIR 63
NUMBER OF DAYS PC 19
NUMBER OF DAYS CLOUDY 8
AVERAGE RH (PERCENT) 58
WEATHER CONDITIONS. NUMBER OF DAYS WITH
THUNDERSTORM 3 MIXED PRECIP 0
HEAVY RAIN 1 RAIN 1
LIGHT RAIN 8 FREEZING RAIN 0
LT FREEZING RAIN 1 HAIL 0
HEAVY SNOW 1 SNOW 3
LIGHT SNOW 14 SLEET 1
FOG 20 FOG W/VIS <= 1/4 MILE 2
HAZE 13
- INDICATES NEGATIVE NUMBERS.
R INDICATES RECORD WAS SET OR TIED.
MM INDICATES DATA IS MISSING.
T INDICATES TRACE AMOUNT.
$$