000
CXUS56 KSGX 011145
CF6OKB
PRELIMINARY LOCAL CLIMATOLOGICAL DATA (WS FORM: F-6)
STATION: OCEANSIDE AIRPORT CA
MONTH: JANUARY
YEAR: 2024
LATITUDE: 33 13 N
LONGITUDE: 117 21 W
TEMPERATURE IN F: :PCPN: SNOW: WIND :SUNSHINE: SKY :PK WND
================================================================================
1 2 3 4 5 6A 6B 7 8 9 10 11 12 13 14 15 16 17 18
12Z AVG MX 2MIN
DY MAX MIN AVG DEP HDD CDD WTR SNW DPTH SPD SPD DIR MIN PSBL S-S WX SPD DR
================================================================================
1 66 40 53 0 12 0 0.00 M M 3.4 12 300 M M 0 1 16 290
2 66 38 52 -1 13 0 0.00 M M 2.2 10 230 M M 1 1 14 240
3 63 43 53 0 12 0 0.12 M M 5.7 18 270 M M 4 1 24 210
4 63 36 50 -3 15 0 0.00 M M 2.9 10 260 M M 0 18 13 250
5 67 35 51 -2 14 0 0.00 M M 2.5 12 270 M M 0 1 13 260
6 68 36 52 -1 13 0 0.00 M M 5.5 13 240 M M 1 1 16 240
7 62 34 48 -5 17 0 0.06 M M 9.4 23 300 M M 2 1 33 290
8 64 30 47 -7 18 0 0.00 M M 4.8 15 290 M M 0 19 310
9 62 31 47 -7 18 0 0.00 M M 3.5 10 240 M M 0 13 260
10 63 34 49 -5 16 0 0.00 M M 4.2 13 240 M M 4 17 230
11 66 38 52 -2 13 0 0.01 M M 9.0 22 290 M M 3 1 34 280
12 64 31 48 -6 17 0 0.00 M M 3.9 13 260 M M 0 1 16 250
13 64 34 49 -5 16 0 0.00 M M 2.8 13 240 M M 0 1 14 240
14 65 39 52 -2 13 0 0.00 M M 2.8 10 240 M M 5 1 13 230
15 64 37 51 -3 14 0 0.00 M M 3.0 13 260 M M 1 12 16 250
16 67 39 53 -1 12 0 0.00 M M 4.0 13 260 M M 5 128 16 270
17 64 50 57 3 8 0 0.00 M M 4.0 10 230 M M 8 18 13 280
18 69 42 56 2 9 0 0.00 M M 3.5 14 260 M M 1 128 17 250
19 72 44 58 4 7 0 0.00 M M 2.7 14 290 M M 1 18 19 290
20 61 52 57 3 8 0 0.67 M M 1.2 10 80 M M 10 18 12 90
21 65 53 59 5 6 0 0.18 M M 4.0 14 200 M M 8 1 16 210
22 62 56 59 5 6 0 1.95 M M 6.0 17 140 M M 10 18 22 140
23 65 49 57 3 8 0 0.06 M M 3.0 14 260 M M 5 18 17 260
24 63 48 56 2 9 0 0.00 M M 1.5 8 250 M M 5 1 10 250
25 65 50 58 4 7 0 0.04 M M 2.1 12 230 M M 8 18 15 240
26 70 44 57 3 8 0 0.00 M M 3.2 17 290 M M 1 128 21 290
27 78 44 61 7 4 0 0.00 M M 2.9 13 260 M M 0 17 210
28 77 43 60 6 5 0 0.00 M M 1.9 10 290 M M 0 12 300
29 74 43 59 5 6 0 0.00 M M 3.2 14 280 M M 0 18 290
30 74 40 57 3 8 0 0.00 M M 3.7 14 280 M M 1 12 19 270
31 66 42 54 0 11 0 0.00 M M 2.5 13 240 M M 1 18 16 230
================================================================================
SM 2059 1275 343 0 3.09 M 115.0 M 85
================================================================================
AV 66.4 41.1 3.7 FASTST M M 3 MAX(MPH)
MISC ----> 23 300 34 280
================================================================================
NOTES:
# LAST OF SEVERAL OCCURRENCES
COLUMN 17 PEAK WIND IN M.P.H.
PRELIMINARY LOCAL CLIMATOLOGICAL DATA (WS FORM: F-6) , PAGE 2
STATION: OCEANSIDE AIRPORT CA
MONTH: JANUARY
YEAR: 2024
LATITUDE: 33 13 N
LONGITUDE: 117 21 W
[TEMPERATURE DATA] [PRECIPITATION DATA] SYMBOLS USED IN COLUMN 16
AVERAGE MONTHLY: 53.8 TOTAL FOR MONTH: 3.09 1 = FOG OR MIST
DPTR FM NORMAL: 0.2 DPTR FM NORMAL: 0.72 2 = FOG REDUCING VISIBILITY
HIGHEST: 78 ON 27 GRTST 24HR 1.95 ON 22-22 TO 1/4 MILE OR LESS
LOWEST: 30 ON 8 3 = THUNDER
SNOW, ICE PELLETS, HAIL 4 = ICE PELLETS
TOTAL MONTH: 0.0 INCH 5 = HAIL
GRTST 24HR M ON M 6 = FREEZING RAIN OR DRIZZLE
GRTST DEPTH: 0 7 = DUSTSTORM OR SANDSTORM:
VSBY 1/2 MILE OR LESS
8 = SMOKE OR HAZE
[NO. OF DAYS WITH] [WEATHER - DAYS WITH] 9 = BLOWING SNOW
X = TORNADO
MAX 32 OR BELOW: 0 0.01 INCH OR MORE: 8
MAX 90 OR ABOVE: 0 0.10 INCH OR MORE: 4
MIN 32 OR BELOW: 3 0.50 INCH OR MORE: 2
MIN 0 OR BELOW: 0 1.00 INCH OR MORE: 1
[HDD (BASE 65) ]
TOTAL THIS MO. 343 CLEAR (SCALE 0-3) 20
DPTR FM NORMAL -11 PTCLDY (SCALE 4-7) 7
TOTAL FM JUL 1 784 CLOUDY (SCALE 8-10) 4
DPTR FM NORMAL -263
[CDD (BASE 65) ]
TOTAL THIS MO. 0
DPTR FM NORMAL 0 [PRESSURE DATA]
TOTAL FM JAN 1 0 HIGHEST SLP 30.31 ON 8
DPTR FM NORMAL 0 LOWEST SLP 29.70 ON 22
[REMARKS]
#FINAL-01-24#