000
CXUS54 KOUN 010810
CF6OKC
PRELIMINARY LOCAL CLIMATOLOGICAL DATA (WS FORM: F-6)
STATION: OKLAHOMA CITY
MONTH: JUNE
YEAR: 2023
LATITUDE: 35 24 N
LONGITUDE: 97 36 W
TEMPERATURE IN F: :PCPN: SNOW: WIND :SUNSHINE: SKY :PK WND
================================================================================
1 2 3 4 5 6A 6B 7 8 9 10 11 12 13 14 15 16 17 18
12Z AVG MX 2MIN
DY MAX MIN AVG DEP HDD CDD WTR SNW DPTH SPD SPD DIR MIN PSBL S-S WX SPD DR
================================================================================
1 86 66 76 3 0 11 T 0.0 0 8.7 30 130 M M 7 3 37 140
2 87 65 76 2 0 11 T 0.0 0 11.5 26 320 M M 5 31 320
3 80 63 72 -2 0 7 0.36 0.0 0 6.2 22 250 M M 8 13 27 240
4 78 64 71 -3 0 6 T 0.0 0 6.5 14 60 M M 7 16 100
5 85 64 75 1 0 10 0.02 0.0 0 5.1 20 40 M M 4 3 26 120
6 87 64 76 1 0 11 0.02 0.0 0 4.9 14 340 M M 6 3 17 350
7 88 63 76 1 0 11 0.33 0.0 0 3.6 13 30 M M 5 3 15 150
8 88 64 76 1 0 11 0.00 0.0 0 5.2 16 230 M M 4 20 220
9 91 65 78 2 0 13 0.00 0.0 0 5.1 13 210 M M 4 15 170
10 86 63 75 -1 0 10 0.69 0.0 0 8.4 35 350 M M 7 13 43 350
11 86 67 77 1 0 12 0.00 0.0 0 10.5 21 20 M M 3 26 360
12 67 61 64 -12 1 0 0.47 0.0 0 6.9 28 110 M M 8 13 35 120
13 80 61 71 -5 0 6 T 0.0 0 4.9 13 150 M M 8 3 16 160
14 85 65 75 -2 0 10 0.00 0.0 0 5.4 13 330 M M 3 1 19 240
15 88 65 77 0 0 12 0.14 0.0 0 9.6 40 190 M M 4 13 53 190
16 86 65 76 -1 0 11 0.00 0.0 0 6.6 17 350 M M 4 21 340
17 87 63 75 -2 0 10 0.04 0.0 0 11.4 52 340 M M 6 3 64 340
18 84 61 73 -5 0 8 0.01 0.0 0 6.8 16 320 M M 3 3 20 310
19 90 62 76 -2 0 11 0.00 0.0 0 10.7 17 120 M M 1 22 110
20 93 74 84 6 0 19 0.00 0.0 0 13.1 20 130 M M 3 26 130
21 86 73 80 2 0 15 0.00 0.0 0 12.0 38 10 M M 7 53 10
22 89 67 78 0 0 13 0.53 0.0 0 7.1 36 270 M M 7 13 43 280
23 82 66 74 -4 0 9 0.64 0.0 0 8.5 40 290 M M 6 13 50 290
24 93 68 81 2 0 16 0.00 0.0 0 9.5 18 220 M M 4 1 22 200
25 91 73 82 3 0 17 0.00 0.0 0 9.4 17 40 M M 3 23 20
26 90 75 83 4 0 18 0.00 0.0 0 10.3 18 80 M M 3 22 70
27 90 70 80 1 0 15 T 0.0 0 13.1 24 100 M M 5 3 33 100
28 98 75 87 8 0 22 0.00 0.0 0 13.7 21 190 M M 3 1 27 180
29 98 70 84 4 0 19 0.00 0.0 0 11.1 21 220 M M 3 27 210
30 94 73 84 4 0 19 0.00 0.0 0 9.4 20 200 M M 5 24 200
================================================================================
SM 2613 1995 1 363 3.25 0.0 255.2 M 146
================================================================================
AV 87.1 66.5 8.5 FASTST M M 5 MAX(MPH)
MISC ----> 52 340 64 340
================================================================================
NOTES:
# LAST OF SEVERAL OCCURRENCES
COLUMN 17 PEAK WIND IN M.P.H.
PRELIMINARY LOCAL CLIMATOLOGICAL DATA (WS FORM: F-6) , PAGE 2
STATION: OKLAHOMA CITY
MONTH: JUNE
YEAR: 2023
LATITUDE: 35 24 N
LONGITUDE: 97 36 W
[TEMPERATURE DATA] [PRECIPITATION DATA] SYMBOLS USED IN COLUMN 16
AVERAGE MONTHLY: 76.8 TOTAL FOR MONTH: 3.25 1 = FOG OR MIST
DPTR FM NORMAL: -0.1 DPTR FM NORMAL: -1.24 2 = FOG REDUCING VISIBILITY
HIGHEST: 98 ON 29,28 GRTST 24HR 1.17 ON 22-23 TO 1/4 MILE OR LESS
LOWEST: 61 ON 18,13 3 = THUNDER
SNOW, ICE PELLETS, HAIL 4 = ICE PELLETS
TOTAL MONTH: 0.0 INCH 5 = HAIL
GRTST 24HR 0.0 6 = FREEZING RAIN OR DRIZZLE
GRTST DEPTH: 0 7 = DUSTSTORM OR SANDSTORM:
VSBY 1/2 MILE OR LESS
8 = SMOKE OR HAZE
[NO. OF DAYS WITH] [WEATHER - DAYS WITH] 9 = BLOWING SNOW
X = TORNADO
MAX 32 OR BELOW: 0 0.01 INCH OR MORE: 11
MAX 90 OR ABOVE: 10 0.10 INCH OR MORE: 7
MIN 32 OR BELOW: 0 0.50 INCH OR MORE: 3
MIN 0 OR BELOW: 0 1.00 INCH OR MORE: 0
[HDD (BASE 65) ]
TOTAL THIS MO. 1 CLEAR (SCALE 0-3) 6
DPTR FM NORMAL 0 PTCLDY (SCALE 4-7) 24
TOTAL FM JUL 1 3422 CLOUDY (SCALE 8-10) 0
DPTR FM NORMAL -191
[CDD (BASE 65) ]
TOTAL THIS MO. 363
DPTR FM NORMAL 7 [PRESSURE DATA]
TOTAL FM JAN 1 556 HIGHEST SLP M ON M
DPTR FM NORMAL 4 LOWEST SLP 29.60 ON 15
[REMARKS]
#FINAL-06-23#