000
CXUS54 KOUN 011447
CF6OKC
PRELIMINARY LOCAL CLIMATOLOGICAL DATA (WS FORM: F-6)
STATION: OKLAHOMA CITY
MONTH: JULY
YEAR: 2022
LATITUDE: 35 24 N
LONGITUDE: 97 36 W
TEMPERATURE IN F: :PCPN: SNOW: WIND :SUNSHINE: SKY :PK WND
================================================================================
1 2 3 4 5 6A 6B 7 8 9 10 11 12 13 14 15 16 17 18
12Z AVG MX 2MIN
DY MAX MIN AVG DEP HDD CDD WTR SNW DPTH SPD SPD DIR MIN PSBL S-S WX SPD DR
================================================================================
1 96 68 82 2 0 17 0.00 0.0 0 11.1 18 130 M M 1 25 140
2 95 68 82 2 0 17 0.00 0.0 0 9.2 18 160 M M 3 23 160
3 98 74 86 6 0 21 0.00 0.0 0 7.9 21 170 M M 6 25 130
4 98 71 85 5 0 20 0.00 0.0 0 11.4 21 210 M M 2 39 220
5 100 73 87 6 0 22 0.00 0.0 0 13.4 23 180 M M 2 29 200
6 102 76 89 8 0 24 0.00 0.0 0 12.5 22 210 M M 2 30 230
7 104 73 89 8 0 24 0.00 0.0 0 11.3 21 200 M M 2 30 190
8 104 78 91 10 0 26 T 0.0 0 7.2 33 10 M M 7 3 42 10
9 98 78 88 7 0 23 0.00 0.0 0 9.8 20 30 M M 3 24 40
10 97 71 84 3 0 19 0.00 0.0 0 6.6 15 50 M M 1 17 50
11 100 67 84 3 0 19 0.00 0.0 0 6.3 14 180 M M 1 18 200
12 94 72 83 1 0 18 0.00 0.0 0 10.2 18 40 M M 4 23 50
13 97 74 86 4 0 21 T 0.0 0 8.5 17 70 M M 5 21 80
14 101 71 86 4 0 21 0.00 0.0 0 8.5 17 120 M M 1 22 160
15 99 69 84 2 0 19 0.00 0.0 0 9.2 17 200 M M 1 23 190
16 100 70 85 3 0 20 0.00 0.0 0 9.4 17 200 M M 5 22 200
17 105 75 90 8 0 25 0.00 0.0 0 8.8 20 50 M M 5 27 50
18 101 79 90 8 0 25 0.00 0.0 0 10.0 20 50 M M 3 27 30
19 110 71 91 9 0 26 0.00 0.0 0 7.0 15 180 M M 3 3 20 190
20 100 82 91 9 0 26 0.00 0.0 0 8.6 17 240 M M 8 22 200
21 98 77 88 6 0 23 0.00 0.0 0 10.4 24 180 M M 7 29 180
22 100 75 88 6 0 23 0.01 0.0 0 10.8 26 120 M M 6 35 120
23 101 72 87 5 0 22 0.00 0.0 0 11.8 22 190 M M 2 29 200
24 102 75 89 7 0 24 0.00 0.0 0 11.6 21 200 M M 3 27 230
25 103 73 88 6 0 23 0.00 0.0 0 10.6 20 220 M M 5 25 210
26 104 76 90 8 0 25 0.00 0.0 0 11.9 21 200 M M 4 29 210
27 106 75 91 8 0 26 0.00 0.0 0 10.9 20 200 M M 5 27 210
28 101 77 89 6 0 24 0.02 0.0 0 8.1 26 130 M M 7 3 33 120
29 86 73 80 -3 0 15 0.24 0.0 0 10.9 16 40 M M 8 13 23 60
30 89 72 81 -1 0 16 T 0.0 0 8.0 17 330 M M 8 22 320
31 90 74 82 0 0 17 0.15 0.0 0 12.4 23 360 M M 9 3 26 360
================================================================================
SM 3079 2279 0 671 0.42 0.0 304.3 M 129
================================================================================
AV 99.3 73.5 9.8 FASTST M M 4 MAX(MPH)
MISC ----> 33 10 42 10
================================================================================
NOTES:
# LAST OF SEVERAL OCCURRENCES
COLUMN 17 PEAK WIND IN M.P.H.
PRELIMINARY LOCAL CLIMATOLOGICAL DATA (WS FORM: F-6) , PAGE 2
STATION: OKLAHOMA CITY
MONTH: JULY
YEAR: 2022
LATITUDE: 35 24 N
LONGITUDE: 97 36 W
[TEMPERATURE DATA] [PRECIPITATION DATA] SYMBOLS USED IN COLUMN 16
AVERAGE MONTHLY: 86.4 TOTAL FOR MONTH: 0.42 1 = FOG OR MIST
DPTR FM NORMAL: 4.7 DPTR FM NORMAL: -3.17 2 = FOG REDUCING VISIBILITY
HIGHEST: 110 ON 19 GRTST 24HR 0.26 ON 28-29 TO 1/4 MILE OR LESS
LOWEST: 67 ON 11 3 = THUNDER
SNOW, ICE PELLETS, HAIL 4 = ICE PELLETS
TOTAL MONTH: 0.0 INCH 5 = HAIL
GRTST 24HR 0.0 6 = FREEZING RAIN OR DRIZZLE
GRTST DEPTH: 0 7 = DUSTSTORM OR SANDSTORM:
VSBY 1/2 MILE OR LESS
8 = SMOKE OR HAZE
[NO. OF DAYS WITH] [WEATHER - DAYS WITH] 9 = BLOWING SNOW
X = TORNADO
MAX 32 OR BELOW: 0 0.01 INCH OR MORE: 4
MAX 90 OR ABOVE: 29 0.10 INCH OR MORE: 2
MIN 32 OR BELOW: 0 0.50 INCH OR MORE: 0
MIN 0 OR BELOW: 0 1.00 INCH OR MORE: 0
[HDD (BASE 65) ]
TOTAL THIS MO. 0 CLEAR (SCALE 0-3) 15
DPTR FM NORMAL 0 PTCLDY (SCALE 4-7) 14
TOTAL FM JUL 1 0 CLOUDY (SCALE 8-10) 2
DPTR FM NORMAL 0
[CDD (BASE 65) ]
TOTAL THIS MO. 671
DPTR FM NORMAL 153 [PRESSURE DATA]
TOTAL FM JAN 1 1405 HIGHEST SLP 30.10 ON 9
DPTR FM NORMAL 335 LOWEST SLP 29.66 ON 19
[REMARKS]
#FINAL-07-22#