000
CXUS55 KSEW 010930
CF6OLM
PRELIMINARY LOCAL CLIMATOLOGICAL DATA (WS FORM: F-6)
STATION: OLYMPIA WA AIRPORT
MONTH: MAY
YEAR: 2020
LATITUDE: 46 58 N
LONGITUDE: 122 54 W
TEMPERATURE IN F: :PCPN: SNOW: WIND :SUNSHINE: SKY :PK WND
================================================================================
1 2 3 4 5 6A 6B 7 8 9 10 11 12 13 14 15 16 17 18
12Z AVG MX 2MIN
DY MAX MIN AVG DEP HDD CDD WTR SNW DPTH SPD SPD DIR MIN PSBL S-S WX SPD DR
================================================================================
1 66 32 49 -2 16 0 T 0.0 0 4.7 20 190 M M 5 12 24 190
2 56 43 50 -1 15 0 0.53 0.0 0 5.4 17 210 M M 8 18 25 270
3 57 37 47 -5 18 0 0.21 0.0 0 5.8 16 240 M M 6 1 24 270
4 63 34 49 -3 16 0 0.06 0.0 0 3.3 12 260 M M 8 12 15 300
5 71 45 58 6 7 0 T 0.0 0 5.4 15 200 M M 5 1 20 260
6 60 42 51 -1 14 0 0.13 0.0 0 8.1 21 300 M M 6 1 28 230
7 69 34 52 0 13 0 0.00 0.0 0 7.7 18 30 M M 1 12 25 70
8 80 39 60 7 5 0 0.00 0.0 0 5.9 17 30 M M 0 22 30
9 85 42 64 11 1 0 0.00 0.0 0 5.6 15 20 M M 0 20 20
10 87 48 68 15 0 3 0.00 0.0 0 4.4 13 10 M M 0 19 360
11 67 50 59 6 6 0 0.09 0.0 0 5.0 15 230 M M 5 1 21 220
12 63 49 56 2 9 0 0.34 0.0 0 4.6 21 240 M M 9 128 29 240
13 61 49 55 1 10 0 0.23 0.0 0 7.2 18 170 M M 9 1 24 170
14 65 48 57 3 8 0 0.35 0.0 0 4.9 18 200 M M 7 18 23 160
15 66 47 57 3 8 0 0.00 0.0 0 4.2 13 230 M M 6 16 230
16 60 51 56 2 9 0 0.55 0.0 0 4.0 10 20 M M 9 1 16 40
17 67 48 58 3 7 0 0.01 0.0 0 3.5 15 260 M M 6 1 19 250
18 69 44 57 2 8 0 T 0.0 0 4.6 12 270 M M 4 1 16 210
19 63 50 57 2 8 0 0.00 0.0 0 6.4 14 250 M M 9 1 18 250
20 62 50 56 1 9 0 T 0.0 0 9.8 17 260 M M 10 23 220
21 58 44 51 -4 14 0 0.02 0.0 0 10.4 18 280 M M 7 24 240
22 61 44 53 -3 12 0 0.00 0.0 0 9.3 17 260 M M 7 24 260
23 63 47 55 -1 10 0 0.00 0.0 0 4.3 12 280 M M 7 14 280
24 72 44 58 2 7 0 0.00 0.0 0 1.9 10 330 M M 6 13 320
25 64 53 59 3 6 0 0.13 0.0 0 6.6 14 200 M M 10 18 18 260
26 68 48 58 2 7 0 0.00 0.0 0 2.2 12 60 M M 5 17 10
27 77 43 60 4 5 0 0.00 0.0 0 5.2 15 60 M M 1 12 21 60
28 84 48 66 10 0 1 0.00 0.0 0 4.3 12 360 M M 0 16 30
29 83 51 67 10 0 2 0.00 0.0 0 3.6 13 20 M M 0 14 20
30 58 50 54 -3 11 0 0.22 0.0 0 6.1 17 210 M M 6 13 23 200
31 62 44 53 -4 12 0 0.00 0.0 0 6.9 15 220 M M 5 24 240
================================================================================
SM 2087 1398 271 6 2.87 0.0 171.3 M 167
================================================================================
AV 67.3 45.1 5.5 FASTST M M 5 MAX(MPH)
MISC ----> # 21 300 # 29 240
================================================================================
NOTES:
# LAST OF SEVERAL OCCURRENCES
COLUMN 17 PEAK WIND IN M.P.H.
PRELIMINARY LOCAL CLIMATOLOGICAL DATA (WS FORM: F-6) , PAGE 2
STATION: OLYMPIA WA AIRPORT
MONTH: MAY
YEAR: 2020
LATITUDE: 46 58 N
LONGITUDE: 122 54 W
[TEMPERATURE DATA] [PRECIPITATION DATA] SYMBOLS USED IN COLUMN 16
AVERAGE MONTHLY: 56.2 TOTAL FOR MONTH: 2.87 1 = FOG OR MIST
DPTR FM NORMAL: 2.0 DPTR FM NORMAL: 0.54 2 = FOG REDUCING VISIBILITY
HIGHEST: 87 ON 10 GRTST 24HR 0.55 ON 16-16 TO 1/4 MILE OR LESS
LOWEST: 32 ON 1 3 = THUNDER
SNOW, ICE PELLETS, HAIL 4 = ICE PELLETS
TOTAL MONTH: 0.0 INCH 5 = HAIL
GRTST 24HR 0.0 6 = FREEZING RAIN OR DRIZZLE
GRTST DEPTH: 0 7 = DUSTSTORM OR SANDSTORM:
VSBY 1/2 MILE OR LESS
8 = SMOKE OR HAZE
[NO. OF DAYS WITH] [WEATHER - DAYS WITH] 9 = BLOWING SNOW
X = TORNADO
MAX 32 OR BELOW: 0 0.01 INCH OR MORE: 13
MAX 90 OR ABOVE: 0 0.10 INCH OR MORE: 9
MIN 32 OR BELOW: 1 0.50 INCH OR MORE: 2
MIN 0 OR BELOW: 0 1.00 INCH OR MORE: 0
[HDD (BASE 65) ]
TOTAL THIS MO. 271 CLEAR (SCALE 0-3) 7
DPTR FM NORMAL -66 PTCLDY (SCALE 4-7) 18
TOTAL FM JUL 1 5031 CLOUDY (SCALE 8-10) 6
DPTR FM NORMAL -165
[CDD (BASE 65) ]
TOTAL THIS MO. 6
DPTR FM NORMAL 3 [PRESSURE DATA]
TOTAL FM JAN 1 6 HIGHEST SLP M ON M
DPTR FM NORMAL 3 LOWEST SLP 29.67 ON 12
[REMARKS]
#FINAL-05-20#