000
CXUS53 KARX 010930
CF6OLZ
PRELIMINARY LOCAL CLIMATOLOGICAL DATA (WS FORM: F-6)
STATION: OELWEIN IA
MONTH: AUGUST
YEAR: 2020
LATITUDE: 42 40 N
LONGITUDE: 91 58 W
TEMPERATURE IN F: :PCPN: SNOW: WIND :SUNSHINE: SKY :PK WND
================================================================================
1 2 3 4 5 6A 6B 7 8 9 10 11 12 13 14 15 16 17 18
12Z AVG MX 2MIN
DY MAX MIN AVG DEP HDD CDD WTR SNW DPTH SPD SPD DIR MIN PSBL S-S WX SPD DR
================================================================================
1 81 57 69 M 0 4 0.00 0.0 0 2.8 9 360 M M 2 M M
2 77 59 68 M 0 3 0.00 0.0 0 9.0 17 360 M M 7 22 350
3 70 52 61 M 4 0 0.00 0.0 0 8.7 14 10 M M 2 23 10
4 73 50 62 M 3 0 0.00 0.0 0 3.3 7 20 M M 3 M M
5 75 48 62 M 3 0 0.00 0.0 0 4.3 10 210 M M 4 13 230
6 77 59 68 M 0 3 0.00 0.0 0 8.0 14 170 M M 6 21 150
7 82 61 72 M 0 7 0.00 0.0 0 10.7 18 150 M M 4 24 150
8 88 66 77 M 0 12 0.00 0.0 0 9.4 16 180 M M 4 23 180
9 84 68 76 M 0 11 0.23 0.0 0 8.2 16 190 M M 2 1 29 360
10 81 55 68 M 0 3 0.38 0.0 0 7.0 17 310 M M 3 13 32 310
11 79 52 66 M 0 1 0.00 0.0 0 1.9 7 130 M M 0 M M
12 81 57 69 M 0 4 0.00 0.0 0 8.1 13 130 M M 2 20 160
13 82 64 73 M 0 8 0.00 0.0 0 7.5 12 160 M M 4 15 140
14 84 64 74 M 0 9 0.00 0.0 0 6.9 12 160 M M 2 15 130
15 79 57 68 M 0 3 0.00 0.0 0 8.7 16 330 M M 2 21 320
16 84 54 69 M 0 4 0.00 0.0 0 4.8 12 320 M M 2 18 300
17 81 55 68 M 0 3 0.00 0.0 0 6.2 13 340 M M 3 23 340
18 77 52 65 M 0 0 0.00 0.0 0 4.3 8 360 M M 1 13 99
19 81 52 67 M 0 2 0.00 0.0 0 4.9 9 170 M M 0 17 170
20 81 55 68 M 0 3 0.00 0.0 0 8.2 15 200 M M 0 17 220
21 84 55 70 M 0 5 0.00 0.0 0 7.0 12 210 M M 1 18 180
22 79 63 71 M 0 6 0.06 0.0 0 5.4 16 200 M M 4 1 23 200
23 90 63 77 M 0 12 0.00 0.0 0 3.6 8 300 M M 0 1 M M
24 90 64 77 M 0 12 0.00 0.0 0 4.8 10 220 M M 0 1 17 220
25 91 66 79 M 0 14 0.00 0.0 0 6.5 10 210 M M 1 15 230
26 91 64 78 M 0 13 0.00 0.0 0 8.7 15 220 M M 1 24 200
27 M M M M M M 0.00 0.0 0 6.1 7 210 M M 0 M M
28 M M M M M M M 0.0 0 M M M M M 0 M M
29 M M M M M M 0.00 0.0 0 M M M M M 0 M M
30 M M M M M M 0.00 0.0 0 M M M M M 0 M M
31 M M M M M M M M 0 M M M M M 0 M M
================================================================================
SM 2122 1512 10 142 0.67 0.0 175.0 M 60
================================================================================
AV 81.6 58.2 6.5 FASTST M M 2 MAX(MPH)
MISC ----> # 18 150 # 32 310
================================================================================
NOTES:
# LAST OF SEVERAL OCCURRENCES
COLUMN 17 PEAK WIND IN M.P.H.
PRELIMINARY LOCAL CLIMATOLOGICAL DATA (WS FORM: F-6) , PAGE 2
STATION: OELWEIN IA
MONTH: AUGUST
YEAR: 2020
LATITUDE: 42 40 N
LONGITUDE: 91 58 W
[TEMPERATURE DATA] [PRECIPITATION DATA] SYMBOLS USED IN COLUMN 16
AVERAGE MONTHLY: 69.9 TOTAL FOR MONTH: 0.67 1 = FOG OR MIST
DPTR FM NORMAL: M DPTR FM NORMAL: M 2 = FOG REDUCING VISIBILITY
HIGHEST: 91 ON 26,25 GRTST 24HR 0.38 ON 10-10 TO 1/4 MILE OR LESS
LOWEST: 48 ON 5 3 = THUNDER
SNOW, ICE PELLETS, HAIL 4 = ICE PELLETS
TOTAL MONTH: 0.0 INCH 5 = HAIL
GRTST 24HR 0.0 6 = FREEZING RAIN OR DRIZZLE
GRTST DEPTH: 0 7 = DUSTSTORM OR SANDSTORM:
VSBY 1/2 MILE OR LESS
8 = SMOKE OR HAZE
[NO. OF DAYS WITH] [WEATHER - DAYS WITH] 9 = BLOWING SNOW
X = TORNADO
MAX 32 OR BELOW: 0 0.01 INCH OR MORE: 3
MAX 90 OR ABOVE: 4 0.10 INCH OR MORE: 2
MIN 32 OR BELOW: 0 0.50 INCH OR MORE: 0
MIN 0 OR BELOW: 0 1.00 INCH OR MORE: 0
[HDD (BASE 65) ]
TOTAL THIS MO. 10 CLEAR (SCALE 0-3) 23
DPTR FM NORMAL M PTCLDY (SCALE 4-7) 8
TOTAL FM JUL 1 10 CLOUDY (SCALE 8-10) 0
DPTR FM NORMAL M
[CDD (BASE 65) ]
TOTAL THIS MO. 142
DPTR FM NORMAL M [PRESSURE DATA]
TOTAL FM JAN 1 676 HIGHEST SLP M ON M
DPTR FM NORMAL M LOWEST SLP M ON M
[REMARKS]
#FINAL-08-20#