000
CXUS56 KOTX 011010
CF6OMK
PRELIMINARY LOCAL CLIMATOLOGICAL DATA (WS FORM: F-6)
STATION: OMAK WA AIRPORT
MONTH: NOVEMBER
YEAR: 2020
LATITUDE: 48 27 N
LONGITUDE: 119 31 W
TEMPERATURE IN F: :PCPN: SNOW: WIND :SUNSHINE: SKY :PK WND
================================================================================
1 2 3 4 5 6A 6B 7 8 9 10 11 12 13 14 15 16 17 18
12Z AVG MX 2MIN
DY MAX MIN AVG DEP HDD CDD WTR SNW DPTH SPD SPD DIR MIN PSBL S-S WX SPD DR
================================================================================
1 56 29 43 1 22 0 0.00 M M 4.4 9 290 M M 0 11 140
2 56 27 42 1 23 0 0.00 M M 3.7 9 200 M M 0 12 160
3 47 30 39 -2 26 0 0.01 M M 4.9 12 170 M M 4 1 16 260
4 59 43 51 10 14 0 0.00 M M 5.5 17 160 M M 6 21 160
5 64 45 55 15 10 0 T M M 10.8 25 190 M M 3 31 200
6 52 38 45 5 20 0 0.00 M M 15.7 24 350 M M 0 32 10
7 48 31 40 1 25 0 0.00 M M 17.0 31 20 M M 1 39 10
8 44 28 36 -3 29 0 0.00 M M 17.1 33 20 M M 4 43 20
9 38 17 28 -11 37 0 0.09 M M 5.6 13 200 M M 5 1 16 190
10 38 29 34 -4 31 0 0.02 M M 4.3 14 310 M M 8 1 16 300
11 41 20 31 -7 34 0 0.00 M M 4.3 13 310 M M 3 14 300
12 37 29 33 -4 32 0 0.01 M M 5.6 16 180 M M 10 1 20 190
13 42 33 38 1 27 0 0.43 M M 11.5 22 160 M M 7 1 28 180
14 43 28 36 0 29 0 0.16 M M 7.2 15 170 M M 3 1 19 200
15 48 31 40 4 25 0 0.05 M M 7.8 16 190 M M 4 1 20 180
16 36 30 33 -3 32 0 0.46 M M 1.4 8 350 M M 7 1 10 340
17 45 33 39 4 26 0 0.00 M M 3.9 16 180 M M 9 12 19 200
18 42 33 38 3 27 0 0.19 M M 4.2 12 190 M M 6 1 15 190
19 46 27 37 3 28 0 0.00 M M 4.5 9 270 M M 0 11 180
20 39 26 33 -1 32 0 0.00 M M 3.7 12 190 M M 4 15 200
21 39 31 35 1 30 0 0.00 M M 3.1 7 160 M M 9 9 160
22 36 31 34 1 31 0 0.00 M M 2.0 8 210 M M 9 1 10 180
23 38 33 36 3 29 0 0.01 M M 2.7 8 190 M M 10 1 11 180
24 37 35 36 4 29 0 0.00 M M 9.2 15 210 M M 10 20 180
25 40 25 33 1 32 0 0.00 M M 2.4 10 170 M M 6 11 170
26 34 24 29 -3 36 0 0.00 M M 3.0 7 140 M M 7 10 180
27 38 29 34 3 31 0 0.00 M M 8.7 18 220 M M 9 22 220
28 45 26 36 5 29 0 0.00 M M 3.1 16 190 M M 2 21 190
29 37 23 30 0 35 0 0.00 M M 1.8 6 130 M M 8 7 200
30 38 28 33 3 32 0 0.08 M M 4.6 14 200 M M 7 1 16 210
================================================================================
SM 1303 892 843 0 1.51 M 183.7 M 161
================================================================================
AV 43.4 29.7 6.1 FASTST M M 5 MAX(MPH)
MISC ----> 33 20 43 20
================================================================================
NOTES:
# LAST OF SEVERAL OCCURRENCES
COLUMN 17 PEAK WIND IN M.P.H.
PRELIMINARY LOCAL CLIMATOLOGICAL DATA (WS FORM: F-6) , PAGE 2
STATION: OMAK WA AIRPORT
MONTH: NOVEMBER
YEAR: 2020
LATITUDE: 48 27 N
LONGITUDE: 119 31 W
[TEMPERATURE DATA] [PRECIPITATION DATA] SYMBOLS USED IN COLUMN 16
AVERAGE MONTHLY: 36.6 TOTAL FOR MONTH: 1.51 1 = FOG OR MIST
DPTR FM NORMAL: 0.7 DPTR FM NORMAL: -0.10 2 = FOG REDUCING VISIBILITY
HIGHEST: 64 ON 5 GRTST 24HR 0.46 ON 16-16 TO 1/4 MILE OR LESS
LOWEST: 17 ON 9 3 = THUNDER
SNOW, ICE PELLETS, HAIL 4 = ICE PELLETS
TOTAL MONTH: M 5 = HAIL
GRTST 24HR M ON M 6 = FREEZING RAIN OR DRIZZLE
GRTST DEPTH: M ON M 7 = DUSTSTORM OR SANDSTORM:
VSBY 1/2 MILE OR LESS
8 = SMOKE OR HAZE
[NO. OF DAYS WITH] [WEATHER - DAYS WITH] 9 = BLOWING SNOW
X = TORNADO
MAX 32 OR BELOW: 0 0.01 INCH OR MORE: 11
MAX 90 OR ABOVE: 0 0.10 INCH OR MORE: 4
MIN 32 OR BELOW: 22 0.50 INCH OR MORE: 0
MIN 0 OR BELOW: 0 1.00 INCH OR MORE: 0
[HDD (BASE 65) ]
TOTAL THIS MO. 843 CLEAR (SCALE 0-3) 8
DPTR FM NORMAL -30 PTCLDY (SCALE 4-7) 15
TOTAL FM JUL 1 1389 CLOUDY (SCALE 8-10) 7
DPTR FM NORMAL -144
[CDD (BASE 65) ]
TOTAL THIS MO. 0
DPTR FM NORMAL 0 [PRESSURE DATA]
TOTAL FM JAN 1 864 HIGHEST SLP M ON M
DPTR FM NORMAL 199 LOWEST SLP 29.21 ON 13
[REMARKS]
#FINAL-11-20#