000
CXUS56 KOTX 011010
CF6OMK
PRELIMINARY LOCAL CLIMATOLOGICAL DATA (WS FORM: F-6)
STATION: OMAK WA AIRPORT
MONTH: DECEMBER
YEAR: 2023
LATITUDE: 48 27 N
LONGITUDE: 119 31 W
TEMPERATURE IN F: :PCPN: SNOW: WIND :SUNSHINE: SKY :PK WND
================================================================================
1 2 3 4 5 6A 6B 7 8 9 10 11 12 13 14 15 16 17 18
12Z AVG MX 2MIN
DY MAX MIN AVG DEP HDD CDD WTR SNW DPTH SPD SPD DIR MIN PSBL S-S WX SPD DR
================================================================================
1 31 21 26 -5 39 0 0.13 M M 3.8 9 160 M M 10 12 10 150
2 36 14 25 -5 40 0 0.13 M M 4.2 10 300 M M 5 1 13 180
3 36 14 25 -5 40 0 0.16 M M 3.9 16 200 M M 8 12 22 200
4 37 34 36 6 29 0 0.02 M M 3.6 10 180 M M 10 12 12 190
5 39 35 37 7 28 0 0.03 M M 4.6 12 150 M M 10 12 15 150
6 42 37 40 11 25 0 0.41 M M 2.0 12 10 M M 10 12 14 10
7 45 36 41 12 24 0 T M M 2.6 10 350 M M 9 12 12 360
8 38 25 32 3 33 0 0.00 M M 1.4 10 10 M M 9 12 13 10
9 34 24 29 0 36 0 0.09 M M 5.4 15 180 M M 9 128 20 200
10 35 34 35 7 30 0 T M M 1.6 9 360 M M 10 1 11 10
11 45 34 40 12 25 0 0.00 M M 10.8 18 360 M M 3 23 350
12 39 35 37 9 28 0 T M M 4.2 10 340 M M 10 1 13 350
13 39 35 37 9 28 0 T M M 6.6 14 170 M M 10 8 19 200
14 40 35 38 10 27 0 T M M 1.6 6 290 M M 10 1 7 220
15 42 32 37 9 28 0 0.00 M M 3.2 8 190 M M 7 10 180
16 38 34 36 9 29 0 0.00 M M 3.1 9 190 M M 10 12 200
17 38 35 37 10 28 0 0.00 M M 2.9 8 210 M M 10 10 200
18 40 33 37 10 28 0 T M M 2.6 9 160 M M 7 11 160
19 39 36 38 11 27 0 0.12 M M 1.2 7 150 M M 10 1 9 180
20 42 39 41 14 24 0 0.00 M M 1.5 6 200 M M 10 1 8 200
21 43 38 41 14 24 0 0.00 M M 5.1 10 210 M M 10 1 13 200
22 39 29 34 7 31 0 0.01 M M 4.4 13 160 M M 9 1 16 170
23 40 22 31 4 34 0 0.00 M M 2.0 13 360 M M 1 12 14 360
24 32 22 27 0 38 0 0.00 M M 2.4 8 250 M M 9 128 9 150
25 36 30 33 6 32 0 0.02 M M 1.9 7 200 M M 10 18 8 180
26 36 32 34 7 31 0 0.11 M M 1.2 6 200 M M 10 1 6 150
27 37 33 35 8 30 0 0.03 M M 1.2 7 150 M M 9 12 7 140
28 43 34 39 12 26 0 0.00 M M 1.9 7 220 M M 9 12 9 200
29 44 32 38 11 27 0 0.00 M M 2.4 12 10 M M 5 1 13 10
30 38 29 34 7 31 0 0.02 M M 0.8 7 150 M M 9 12 8 150
31 42 37 40 13 25 0 0.00 M M 1.2 6 140 M M 10 1 7 140
================================================================================
SM 1205 960 925 0 1.28 M 95.3 M 268
================================================================================
AV 38.9 31.0 3.1 FASTST M M 9 MAX(MPH)
MISC ----> 18 360 23 350
================================================================================
NOTES:
# LAST OF SEVERAL OCCURRENCES
COLUMN 17 PEAK WIND IN M.P.H.
PRELIMINARY LOCAL CLIMATOLOGICAL DATA (WS FORM: F-6) , PAGE 2
STATION: OMAK WA AIRPORT
MONTH: DECEMBER
YEAR: 2023
LATITUDE: 48 27 N
LONGITUDE: 119 31 W
[TEMPERATURE DATA] [PRECIPITATION DATA] SYMBOLS USED IN COLUMN 16
AVERAGE MONTHLY: 34.9 TOTAL FOR MONTH: 1.28 1 = FOG OR MIST
DPTR FM NORMAL: 7.0 DPTR FM NORMAL: -0.67 2 = FOG REDUCING VISIBILITY
HIGHEST: 45 ON 11, 7 GRTST 24HR 0.42 ON 5- 6 TO 1/4 MILE OR LESS
LOWEST: 14 ON 3, 2 3 = THUNDER
SNOW, ICE PELLETS, HAIL 4 = ICE PELLETS
TOTAL MONTH: M 5 = HAIL
GRTST 24HR M ON M 6 = FREEZING RAIN OR DRIZZLE
GRTST DEPTH: M ON M 7 = DUSTSTORM OR SANDSTORM:
VSBY 1/2 MILE OR LESS
8 = SMOKE OR HAZE
[NO. OF DAYS WITH] [WEATHER - DAYS WITH] 9 = BLOWING SNOW
X = TORNADO
MAX 32 OR BELOW: 2 0.01 INCH OR MORE: 13
MAX 90 OR ABOVE: 0 0.10 INCH OR MORE: 6
MIN 32 OR BELOW: 13 0.50 INCH OR MORE: 0
MIN 0 OR BELOW: 0 1.00 INCH OR MORE: 0
[HDD (BASE 65) ]
TOTAL THIS MO. 925 CLEAR (SCALE 0-3) 2
DPTR FM NORMAL -225 PTCLDY (SCALE 4-7) 5
TOTAL FM JUL 1 2243 CLOUDY (SCALE 8-10) 24
DPTR FM NORMAL -410
[CDD (BASE 65) ]
TOTAL THIS MO. 0
DPTR FM NORMAL 0 [PRESSURE DATA]
TOTAL FM JAN 1 1087 HIGHEST SLP M ON M
DPTR FM NORMAL 383 LOWEST SLP 29.56 ON 2
[REMARKS]
#FINAL-12-23#