000
CXUS56 KOTX 010841
CLMOMK
CLIMATE REPORT
NATIONAL WEATHER SERVICE SPOKANE WA
141 AM PDT FRI SEP 01 2023
...................................
...THE OMAK WA AIRPORT CLIMATE SUMMARY FOR THE MONTH OF AUGUST 2023...
CLIMATE NORMAL PERIOD 1991 TO 2020
CLIMATE RECORD PERIOD 9999 TO 9999
WEATHER OBSERVED NORMAL DEPART LAST YEAR`S
VALUE DATE(S) VALUE FROM VALUE DATE(S)
NORMAL
................................................................
TEMPERATURE (F)
RECORD
HIGH 109 08/15/2023
LOW 34 08/23/1925
HIGHEST 109R 08/15 MM MM 104 08/01
08/18
LOWEST 50 08/26 MM MM 49 08/28
AVG. MAXIMUM 90.9 88.8 2.1 95.6
AVG. MINIMUM 61.8 56.8 5.0 61.2
MEAN 76.4 72.8 3.6 78.4
DAYS MAX >= 90 17 16.2 0.8 27
DAYS MAX <= 32 0 0.0 0.0 0
DAYS MIN <= 32 0 0.0 0.0 0
DAYS MIN <= 0 0 0.0 0.0 0
PRECIPITATION (INCHES)
RECORD
MAXIMUM 2.88 1951
MINIMUM 0.00 1969
TOTALS 0.08 0.27 -0.19 0.25
DAILY AVG. 0.00 0.01 -0.01 0.01
DAYS >= .01 1 2.3 -1.3 4
DAYS >= .10 0 0.9 -0.9 1
DAYS >= .50 0 0.0 0.0 0
DAYS >= 1.00 0 0.0 0.0 0
GREATEST
24 HR. TOTAL 0.08 08/07 TO 08/07 0.19
DEGREE DAYS
HEATING TOTAL 0 11 -11 0
SINCE 7/1 0 17 -17 MM
COOLING TOTAL 358 253 105 422
SINCE 1/1 1000 636 364 MM
................................................................
WIND (MPH)
AVERAGE WIND SPEED 8.5
HIGHEST WIND SPEED/DIRECTION 29/020 DATE 08/29
HIGHEST GUST SPEED/DIRECTION 35/360 DATE 08/29
SKY COVER
POSSIBLE SUNSHINE (PERCENT) MM
AVERAGE SKY COVER 0.23
NUMBER OF DAYS FAIR 22
NUMBER OF DAYS PC 8
NUMBER OF DAYS CLOUDY 1
AVERAGE RH (PERCENT) 39
WEATHER CONDITIONS. NUMBER OF DAYS WITH
THUNDERSTORM 4 MIXED PRECIP 0
HEAVY RAIN 0 RAIN 0
LIGHT RAIN 7 FREEZING RAIN 0
LT FREEZING RAIN 0 HAIL 0
HEAVY SNOW 0 SNOW 0
LIGHT SNOW 0 SLEET 0
FOG 1 FOG W/VIS <= 1/4 MILE 0
HAZE 8
- INDICATES NEGATIVE NUMBERS.
R INDICATES RECORD WAS SET OR TIED.
MM INDICATES DATA IS MISSING.
T INDICATES TRACE AMOUNT.
$$