000
CXUS52 KMFL 011030
CF6OPF
PRELIMINARY LOCAL CLIMATOLOGICAL DATA (WS FORM: F-6)
STATION: OPA-LOCKA ARPT
MONTH: SEPTEMBER
YEAR: 2023
LATITUDE: 25 53 N
LONGITUDE: 80 17 W
TEMPERATURE IN F: :PCPN: SNOW: WIND :SUNSHINE: SKY :PK WND
================================================================================
1 2 3 4 5 6A 6B 7 8 9 10 11 12 13 14 15 16 17 18
12Z AVG MX 2MIN
DY MAX MIN AVG DEP HDD CDD WTR SNW DPTH SPD SPD DIR MIN PSBL S-S WX SPD DR
================================================================================
1 95 74 85 2 0 20 1.48 0.0 0 3.9 25 320 M M 3 13 32 330
2 90 75 83 0 0 18 0.32 0.0 M 7.7 20 40 M M 4 3 25 50
3 90 75 83 0 0 18 T M M 10.4 21 80 M M 4 28 70
4 89 79 84 1 0 19 T 0.0 0 9.9 18 80 M M 6 22 70
5 90 76 83 0 0 18 T 0.0 0 6.9 16 90 M M 2 23 100
6 90 75 83 0 0 18 0.00 0.0 0 5.6 14 90 M M 1 20 90
7 91 77 84 1 0 19 0.00 0.0 0 5.4 16 90 M M 1 21 120
8 91 76 84 1 0 19 0.00 0.0 0 5.0 17 110 M M 1 21 100
9 90 77 84 1 0 19 0.19 0.0 0 5.0 17 240 M M 3 3 20 30
10 90 78 84 1 0 19 0.08 0.0 0 3.9 13 130 M M 2 3 22 90
11 92 77 85 2 0 20 T 0.0 0 5.0 15 110 M M 3 3 17 120
12 95 78 87 4 0 22 0.00 0.0 0 6.1 16 80 M M 1 21 80
13 95 80 88 5 0 23 0.00 0.0 0 6.0 15 90 M M 2 3 22 90
14 93 77 85 2 0 20 0.82 0.0 0 6.1 14 190 M M 3 3 19 140
15 90 77 84 1 0 19 0.68 0.0 0 4.1 16 240 M M 3 13 22 40
16 92 77 85 2 0 20 0.66 0.0 0 5.0 22 350 M M 2 3 29 350
17 91 77 84 1 0 19 0.05 0.0 0 4.0 17 120 M M 3 3 24 180
18 94 77 86 3 0 21 0.18 0.0 0 4.6 14 100 M M 3 3 18 150
19 91 73 82 -1 0 17 0.17 M M 6.8 32 270 M M 3 38 39 270
20 91 76 84 1 0 19 0.17 M M 5.6 16 80 M M 2 38 21 80
21 91 71 81 -1 0 16 0.49 M M 5.9 23 250 M M 2 13 30 250
22 91 74 83 1 0 18 0.01 M M 6.2 17 30 M M 2 3 23 40
23 86 75 81 -1 0 16 0.00 M M 6.1 15 110 M M 1 3 19 70
24 90 72 81 -1 0 16 0.39 M M 6.3 25 240 M M 1 3 37 250
25 91 72 82 0 0 17 0.74 M M 8.2 24 120 M M 2 13 36 110
26 91 76 84 2 0 19 0.17 M M 6.9 16 260 M M 2 3 21 270
27 89 75 82 0 0 17 1.34 M M 4.8 17 200 M M 5 13 21 200
28 88 77 83 1 0 18 0.01 M M 3.8 22 160 M M 1 28 160
29 92 74 83 1 0 18 2.07 0.0 0 2.9 22 350 M M 3 13 28 350
30 90 77 84 2 0 19 0.16 0.0 0 4.1 17 290 M M 3 3 21 290
================================================================================
SM 2729 2274 0 561 10.18 0.0 172.2 M 74
================================================================================
AV 91.0 75.8 5.7 FASTST M M 2 MAX(MPH)
MISC ----> 32 270 39 270
================================================================================
NOTES:
# LAST OF SEVERAL OCCURRENCES
COLUMN 17 PEAK WIND IN M.P.H.
PRELIMINARY LOCAL CLIMATOLOGICAL DATA (WS FORM: F-6) , PAGE 2
STATION: OPA-LOCKA ARPT
MONTH: SEPTEMBER
YEAR: 2023
LATITUDE: 25 53 N
LONGITUDE: 80 17 W
[TEMPERATURE DATA] [PRECIPITATION DATA] SYMBOLS USED IN COLUMN 16
AVERAGE MONTHLY: 83.4 TOTAL FOR MONTH: 10.18 1 = FOG OR MIST
DPTR FM NORMAL: 0.6 DPTR FM NORMAL: 1.47 2 = FOG REDUCING VISIBILITY
HIGHEST: 95 ON 13,12 GRTST 24HR 2.07 ON 29-29 TO 1/4 MILE OR LESS
LOWEST: 71 ON 21 3 = THUNDER
SNOW, ICE PELLETS, HAIL 4 = ICE PELLETS
TOTAL MONTH: 0.0 INCH 5 = HAIL
GRTST 24HR 0.0 6 = FREEZING RAIN OR DRIZZLE
GRTST DEPTH: 0 7 = DUSTSTORM OR SANDSTORM:
VSBY 1/2 MILE OR LESS
8 = SMOKE OR HAZE
[NO. OF DAYS WITH] [WEATHER - DAYS WITH] 9 = BLOWING SNOW
X = TORNADO
MAX 32 OR BELOW: 0 0.01 INCH OR MORE: 20
MAX 90 OR ABOVE: 26 0.10 INCH OR MORE: 16
MIN 32 OR BELOW: 0 0.50 INCH OR MORE: 7
MIN 0 OR BELOW: 0 1.00 INCH OR MORE: 3
[HDD (BASE 65) ]
TOTAL THIS MO. 0 CLEAR (SCALE 0-3) 23
DPTR FM NORMAL 0 PTCLDY (SCALE 4-7) 7
TOTAL FM JUL 1 0 CLOUDY (SCALE 8-10) 0
DPTR FM NORMAL 0
[CDD (BASE 65) ]
TOTAL THIS MO. 561
DPTR FM NORMAL 29 [PRESSURE DATA]
TOTAL FM JAN 1 4057 HIGHEST SLP 30.12 ON 1
DPTR FM NORMAL 495 LOWEST SLP 29.84 ON 23
[REMARKS]
#FINAL-09-23#