000
CXUS54 KMRX 011030
CF6OQT
PRELIMINARY LOCAL CLIMATOLOGICAL DATA (WS FORM: F-6)
STATION: OAK RIDGE
MONTH: SEPTEMBER
YEAR: 2020
LATITUDE: 36 1 N
LONGITUDE: 84 14 W
TEMPERATURE IN F: :PCPN: SNOW: WIND :SUNSHINE: SKY :PK WND
================================================================================
1 2 3 4 5 6A 6B 7 8 9 10 11 12 13 14 15 16 17 18
12Z AVG MX 2MIN
DY MAX MIN AVG DEP HDD CDD WTR SNW DPTH SPD SPD DIR MIN PSBL S-S WX SPD DR
================================================================================
1 88 72 80 5 0 15 0.01 M M 1.2 8 260 M M 5 13 220
2 91 74 83 8 0 18 0.00 M M 3.0 9 200 M M 6 1 20 270
3 89 73 81 6 0 16 0.27 M M 2.4 12 260 M M 5 18 24 290
4 91 65 78 3 0 13 T M M 2.7 10 330 M M 3 1 20 330
5 84 62 73 -1 0 8 0.00 M M 1.3 8 80 M M 0 14 70
6 85 58 72 -2 0 7 0.00 M M 1.3 8 80 M M 1 12 13 80
7 86 59 73 -1 0 8 0.00 M M 0.7 5 99 M M 1 12 M M
8 88 63 76 2 0 11 0.00 M M 0.7 9 90 M M 2 12 14 80
9 89 64 77 4 0 12 0.00 M M 1.3 9 80 M M 2 1 13 60
10 89 69 79 6 0 14 0.00 M M 1.2 6 340 M M 1 11 70
11 91 70 81 9 0 16 0.00 M M 1.3 8 80 M M 2 14 90
12 89 72 81 9 0 16 0.31 M M 0.7 10 170 M M 4 1 21 190
13 87 71 79 7 0 14 T M M 1.8 9 330 M M 5 12 16 330
14 86 69 78 7 0 13 0.00 M M 3.2 9 60 M M 3 17 10
15 85 67 76 5 0 11 T M M 2.6 8 90 M M 4 14 70
16 82 66 74 3 0 9 0.00 M M 2.3 9 90 M M 3 14 80
17 81 67 74 4 0 9 0.03 M M 3.7 12 80 M M 5 20 90
18 76 61 69 -1 0 4 0.00 M M 2.7 10 360 M M 3 21 10
19 73 57 65 -5 0 0 0.00 M M 1.1 9 70 M M 4 15 80
20 76 54 65 -4 0 0 T M M 1.8 10 90 M M 1 1 19 90
21 75 48 62 -7 3 0 0.00 M M 1.8 7 100 M M 0 14 60
22 73 47 60 -8 5 0 0.00 M M 0.8 6 130 M M 2 12 11 40
23 72 57 65 -3 0 0 T M M 1.2 8 80 M M 2 13 40
24 63 59 61 -7 4 0 1.49 M M 1.5 7 70 M M 10 1 12 70
25 68 61 65 -2 0 0 0.71 M M 0.8 7 40 M M 10 1 11 30
26 77 61 69 2 0 4 0.00 M M 0.3 7 90 M M 7 12 12 90
27 79 61 70 4 0 5 0.03 M M 0.0 7 170 M M 8 128 13 160
28 82 58 70 4 0 5 0.87 M M 3.3 10 190 M M 8 1 24 150
29 64 51 58 -8 7 0 0.10 M M 0.5 6 290 M M 6 1 9 280
30 72 47 60 -5 5 0 0.00 M M 2.0 10 190 M M 1 12 20 220
================================================================================
SM 2431 1863 24 228 3.82 M 49.2 M 114
================================================================================
AV 81.0 62.1 1.6 FASTST M M 4 MAX(MPH)
MISC ----> # 12 260 # 24 290
================================================================================
NOTES:
# LAST OF SEVERAL OCCURRENCES
COLUMN 17 PEAK WIND IN M.P.H.
PRELIMINARY LOCAL CLIMATOLOGICAL DATA (WS FORM: F-6) , PAGE 2
STATION: OAK RIDGE
MONTH: SEPTEMBER
YEAR: 2020
LATITUDE: 36 1 N
LONGITUDE: 84 14 W
[TEMPERATURE DATA] [PRECIPITATION DATA] SYMBOLS USED IN COLUMN 16
AVERAGE MONTHLY: 71.6 TOTAL FOR MONTH: 3.82 1 = FOG OR MIST
DPTR FM NORMAL: 0.9 DPTR FM NORMAL: 0.13 2 = FOG REDUCING VISIBILITY
HIGHEST: 91 ON 11, 4 GRTST 24HR 1.91 ON 24-25 TO 1/4 MILE OR LESS
LOWEST: 47 ON 30,22 3 = THUNDER
SNOW, ICE PELLETS, HAIL 4 = ICE PELLETS
TOTAL MONTH: M 5 = HAIL
GRTST 24HR M ON M 6 = FREEZING RAIN OR DRIZZLE
GRTST DEPTH: M ON M 7 = DUSTSTORM OR SANDSTORM:
VSBY 1/2 MILE OR LESS
8 = SMOKE OR HAZE
[NO. OF DAYS WITH] [WEATHER - DAYS WITH] 9 = BLOWING SNOW
X = TORNADO
MAX 32 OR BELOW: 0 0.01 INCH OR MORE: 9
MAX 90 OR ABOVE: 3 0.10 INCH OR MORE: 6
MIN 32 OR BELOW: 0 0.50 INCH OR MORE: 3
MIN 0 OR BELOW: 0 1.00 INCH OR MORE: 1
[HDD (BASE 65) ]
TOTAL THIS MO. 24 CLEAR (SCALE 0-3) 14
DPTR FM NORMAL 3 PTCLDY (SCALE 4-7) 13
TOTAL FM JUL 1 24 CLOUDY (SCALE 8-10) 3
DPTR FM NORMAL 4
[CDD (BASE 65) ]
TOTAL THIS MO. 228
DPTR FM NORMAL 36 [PRESSURE DATA]
TOTAL FM JAN 1 1649 HIGHEST SLP 30.45 ON 21
DPTR FM NORMAL 199 LOWEST SLP 29.72 ON 28
[REMARKS]
#FINAL-09-20#