000
CXUS53 KARX 020620
CF6OVS
PRELIMINARY LOCAL CLIMATOLOGICAL DATA (WS FORM: F-6)
STATION: BOSCOBEL_(ASOS) WI
MONTH: DECEMBER
YEAR: 2023
LATITUDE: 43 9 N
LONGITUDE: 90 41 W
TEMPERATURE IN F: :PCPN: SNOW: WIND :SUNSHINE: SKY :PK WND
================================================================================
1 2 3 4 5 6A 6B 7 8 9 10 11 12 13 14 15 16 17 18
12Z AVG MX 2MIN
DY MAX MIN AVG DEP HDD CDD WTR SNW DPTH SPD SPD DIR MIN PSBL S-S WX SPD DR
================================================================================
1 39 19 29 -2 36 0 0.00 0.0 0 4.2 9 30 M M 3 1 M M
2 40 32 36 6 29 0 0.04 M 0 1.9 7 120 M M 10 18 11 80
3 38 34 36 6 29 0 0.27 M M 1.2 7 320 M M 10 1 10 320
4 40 26 33 3 32 0 T M M 2.4 10 200 M M 8 1 16 200
5 39 34 37 8 28 0 0.02 M M 3.8 12 360 M M 10 1 16 320
6 45 25 35 6 30 0 0.00 0.0 0 5.8 14 200 M M 3 1 23 200
7 53 26 40 12 25 0 0.00 0.0 0 1.8 9 120 M M 0 18 13 160
8 57 37 47 19 18 0 0.00 0.0 0 5.0 14 220 M M 1 21 230
9 42 34 38 10 27 0 0.01 M 0 8.1 18 270 M M 9 1 32 260
10 34 27 31 4 34 0 0.00 0.0 0 6.7 15 280 M M 10 23 290
11 36 24 30 3 35 0 0.00 0.0 0 2.7 9 220 M M 5 8 12 220
12 36 19 28 1 37 0 0.00 0.0 0 5.5 16 300 M M 0 23 290
13 47 11 29 3 36 0 0.00 0.0 0 3.1 13 220 M M 1 8 19 210
14 54 19 37 11 28 0 0.00 0.0 0 1.8 10 230 M M 0 1 15 230
15 47 23 35 9 30 0 0.00 0.0 0 0.4 5 30 M M 3 18 7 40
16 42 37 40 15 25 0 0.24 0.0 0 1.3 6 50 M M 9 12 9 60
17 40 35 38 13 27 0 T 0.0 0 6.9 16 270 M M 10 1 26 280
18 37 12 25 0 40 0 T 0.0 0 10.0 24 320 M M 4 18 36 300
19 36 9 23 -1 42 0 0.00 0.0 0 4.3 14 200 M M 0 18 22 190
20 43 19 31 7 34 0 0.00 0.0 0 1.8 8 60 M M 0 14 50
21 41 27 34 10 31 0 T 0.0 0 3.7 7 40 M M 8 18 12 60
22 48 39 44 20 21 0 0.00 0.0 0 1.2 7 80 M M 10 18 9 90
23 48 42 45 22 20 0 T 0.0 0 0.9 5 110 M M 10 12 9 80
24 56 47 52 29 13 0 0.18 0.0 0 4.3 12 170 M M 10 1 22 120
25 56 46 51 28 14 0 0.50 0.0 0 6.4 15 210 M M 9 1 24 190
26 46 32 39 16 26 0 0.01 0.0 0 4.5 13 190 M M 10 1 21 180
27 44 28 36 14 29 0 0.00 0.0 0 2.8 9 70 M M 7 1 14 60
28 37 25 31 9 34 0 0.07 M 0 4.1 10 340 M M 8 1 17 10
29 44 23 34 12 31 0 0.00 0.0 M 2.8 9 330 M M 3 18 13 10
30 42 21 32 10 33 0 T M M 4.9 13 270 M M 6 168 19 280
31 34 30 32 11 33 0 T M M 6.0 14 360 M M 10 1 22 330
================================================================================
SM 1341 862 907 0 1.34 0.0 120.3 M 187
================================================================================
AV 43.3 27.8 3.9 FASTST M M 6 MAX(MPH)
MISC ----> 24 320 36 300
================================================================================
NOTES:
# LAST OF SEVERAL OCCURRENCES
COLUMN 17 PEAK WIND IN M.P.H.
PRELIMINARY LOCAL CLIMATOLOGICAL DATA (WS FORM: F-6) , PAGE 2
STATION: BOSCOBEL_(ASOS) WI
MONTH: DECEMBER
YEAR: 2023
LATITUDE: 43 9 N
LONGITUDE: 90 41 W
[TEMPERATURE DATA] [PRECIPITATION DATA] SYMBOLS USED IN COLUMN 16
AVERAGE MONTHLY: 35.5 TOTAL FOR MONTH: 1.34 1 = FOG OR MIST
DPTR FM NORMAL: 9.9 DPTR FM NORMAL: 0.02 2 = FOG REDUCING VISIBILITY
HIGHEST: 57 ON 8 GRTST 24HR 0.53 ON 24-25 TO 1/4 MILE OR LESS
LOWEST: 9 ON 19 3 = THUNDER
SNOW, ICE PELLETS, HAIL 4 = ICE PELLETS
TOTAL MONTH: 0.0 INCH 5 = HAIL
GRTST 24HR 0.0 6 = FREEZING RAIN OR DRIZZLE
GRTST DEPTH: 0 7 = DUSTSTORM OR SANDSTORM:
VSBY 1/2 MILE OR LESS
8 = SMOKE OR HAZE
[NO. OF DAYS WITH] [WEATHER - DAYS WITH] 9 = BLOWING SNOW
X = TORNADO
MAX 32 OR BELOW: 0 0.01 INCH OR MORE: 9
MAX 90 OR ABOVE: 0 0.10 INCH OR MORE: 4
MIN 32 OR BELOW: 21 0.50 INCH OR MORE: 1
MIN 0 OR BELOW: 0 1.00 INCH OR MORE: 0
[HDD (BASE 65) ]
TOTAL THIS MO. 907 CLEAR (SCALE 0-3) 10
DPTR FM NORMAL -313 PTCLDY (SCALE 4-7) 8
TOTAL FM JUL 1 2141 CLOUDY (SCALE 8-10) 13
DPTR FM NORMAL -515
[CDD (BASE 65) ]
TOTAL THIS MO. 0
DPTR FM NORMAL 0 [PRESSURE DATA]
TOTAL FM JAN 1 865 HIGHEST SLP 30.70 ON 13
DPTR FM NORMAL 127 LOWEST SLP 29.50 ON 8
[REMARKS]
#FINAL-12-23#