000
CXUS53 KPAH 010700
CF6OWB
PRELIMINARY LOCAL CLIMATOLOGICAL DATA (WS FORM: F-6)
STATION: OWENSBORO KY
MONTH: AUGUST
YEAR: 2022
LATITUDE: 37 45 N
LONGITUDE: 87 10 W
TEMPERATURE IN F: :PCPN: SNOW: WIND :SUNSHINE: SKY :PK WND
================================================================================
1 2 3 4 5 6A 6B 7 8 9 10 11 12 13 14 15 16 17 18
12Z AVG MX 2MIN
DY MAX MIN AVG DEP HDD CDD WTR SNW DPTH SPD SPD DIR MIN PSBL S-S WX SPD DR
================================================================================
1 89 70 80 0 0 15 M M M 11.5 26 300 M M 8 38 32 290
2 86 70 78 -2 0 13 M M M 9.3 25 320 M M 4 138 32 330
3 92 72 82 2 0 17 M M M 6.0 16 220 M M 2 20 210
4 87 72 80 0 0 15 M M M 6.3 20 260 M M 5 13 31 260
5 83 72 78 -2 0 13 M M M 6.6 13 200 M M 7 13 16 180
6 91 73 82 2 0 17 M M M 5.9 17 110 M M 3 138 21 110
7 91 73 82 2 0 17 M M M 6.7 32 330 M M 1 13 49 320
8 91 72 82 2 0 17 M M M 7.6 15 210 M M 1 18 220
9 88 71 80 0 0 15 M M M 6.1 13 310 M M 4 138 16 240
10 84 72 78 -2 0 13 M M M 3.3 18 260 M M 8 13 21 270
11 85 70 78 -2 0 13 M M M 5.1 12 290 M M 3 14 300
12 81 67 74 -5 0 9 M M M 7.6 14 50 M M 0 18 50
13 83 60 72 -7 0 7 M M M 3.5 12 140 M M 0 8 14 140
14 85 65 75 -4 0 10 M M M 6.8 20 220 M M 3 22 220
15 83 71 77 -2 0 12 M M M 6.9 15 340 M M 5 1 21 310
16 82 66 74 -5 0 9 M M M 4.6 7 310 M M 2 M M
17 83 63 73 -6 0 8 M M M 5.5 12 50 M M 1 15 20
18 84 63 74 -5 0 9 M M M 3.7 9 300 M M 0 8 14 330
19 88 63 76 -3 0 11 M M M 2.3 9 130 M M 4 8 10 120
20 87 68 78 -1 0 13 M M M 6.4 13 180 M M 2 18 250
21 85 69 77 -2 0 12 M M M 5.9 15 320 M M 4 3 18 290
22 84 65 75 -4 0 10 M M M 3.8 12 360 M M 1 15 320
23 86 61 74 -5 0 9 M M M 2.7 8 20 M M 3 18 10 10
24 86 63 75 -4 0 10 M M M 4.6 13 60 M M 1 8 15 60
25 88 64 76 -2 0 11 M M M 1.7 9 300 M M 2 12 310
26 90 68 79 1 0 14 M M M 3.2 12 270 M M 2 8 15 250
27 91 69 80 2 0 15 M M M 4.1 12 40 M M 3 1 14 50
28 92 72 82 4 0 17 M M M 6.3 28 230 M M 1 138 33 220
29 89 74 82 4 0 17 M M M 6.6 18 200 M M 5 3 22 200
30 88 67 78 0 0 13 M M M 5.5 20 320 M M 5 13 23 300
31 83 59 71 -6 0 6 M M M 2.8 12 300 M M 0 14 270
================================================================================
SM 2685 2104 0 387 M M 168.9 M 90
================================================================================
AV 86.6 67.9 5.4 FASTST M M 3 MAX(MPH)
MISC ----> 32 330 49 320
================================================================================
NOTES:
# LAST OF SEVERAL OCCURRENCES
COLUMN 17 PEAK WIND IN M.P.H.
PRELIMINARY LOCAL CLIMATOLOGICAL DATA (WS FORM: F-6) , PAGE 2
STATION: OWENSBORO KY
MONTH: AUGUST
YEAR: 2022
LATITUDE: 37 45 N
LONGITUDE: 87 10 W
[TEMPERATURE DATA] [PRECIPITATION DATA] SYMBOLS USED IN COLUMN 16
AVERAGE MONTHLY: 77.2 TOTAL FOR MONTH: M 1 = FOG OR MIST
DPTR FM NORMAL: -1.8 DPTR FM NORMAL: M 2 = FOG REDUCING VISIBILITY
HIGHEST: 92 ON 28, 3 GRTST 24HR 1.84 ON 9-10 TO 1/4 MILE OR LESS
LOWEST: 59 ON 31 3 = THUNDER
SNOW, ICE PELLETS, HAIL 4 = ICE PELLETS
TOTAL MONTH: M 5 = HAIL
GRTST 24HR M ON M 6 = FREEZING RAIN OR DRIZZLE
GRTST DEPTH: M ON M 7 = DUSTSTORM OR SANDSTORM:
VSBY 1/2 MILE OR LESS
8 = SMOKE OR HAZE
[NO. OF DAYS WITH] [WEATHER - DAYS WITH] 9 = BLOWING SNOW
X = TORNADO
MAX 32 OR BELOW: 0 0.01 INCH OR MORE: 0
MAX 90 OR ABOVE: 7 0.10 INCH OR MORE: 0
MIN 32 OR BELOW: 0 0.50 INCH OR MORE: 0
MIN 0 OR BELOW: 0 1.00 INCH OR MORE: 0
[HDD (BASE 65) ]
TOTAL THIS MO. 0 CLEAR (SCALE 0-3) 17
DPTR FM NORMAL -1 PTCLDY (SCALE 4-7) 14
TOTAL FM JUL 1 0 CLOUDY (SCALE 8-10) 0
DPTR FM NORMAL 0
[CDD (BASE 65) ]
TOTAL THIS MO. 387
DPTR FM NORMAL -47 [PRESSURE DATA]
TOTAL FM JAN 1 1425 HIGHEST SLP 30.18 ON 7
DPTR FM NORMAL -39 LOWEST SLP 29.86 ON 28
[REMARKS]
#FINAL-08-22#