000
CXUS56 KLOX 011155
CF6OXR
PRELIMINARY LOCAL CLIMATOLOGICAL DATA (WS FORM: F-6)
STATION: OXNARD AIRPORT CA
MONTH: MAY
YEAR: 2023
LATITUDE: 34 12 N
LONGITUDE: 119 12 W
TEMPERATURE IN F: :PCPN: SNOW: WIND :SUNSHINE: SKY :PK WND
================================================================================
1 2 3 4 5 6A 6B 7 8 9 10 11 12 13 14 15 16 17 18
12Z AVG MX 2MIN
DY MAX MIN AVG DEP HDD CDD WTR SNW DPTH SPD SPD DIR MIN PSBL S-S WX SPD DR
================================================================================
1 64 51 58 -2 7 0 0.00 M M 13.9 24 270 M M 5 1 31 280
2 61 44 53 -7 12 0 0.00 M M 5.0 14 260 M M 4 1 22 190
3 63 45 54 -6 11 0 0.57 M M 7.5 14 170 M M 5 1 22 180
4 62 49 56 -4 9 0 0.23 M M 6.8 15 190 M M 8 1 21 160
5 64 54 59 -1 6 0 0.06 M M 5.8 14 250 M M 7 1 21 250
6 64 49 57 -3 8 0 0.00 M M 8.5 17 270 M M 2 25 260
7 65 53 59 -1 6 0 0.00 M M 5.7 14 270 M M 4 19 260
8 66 51 59 -2 6 0 0.00 M M 7.3 18 260 M M 0 24 260
9 64 54 59 -2 6 0 0.00 M M 11.8 28 270 M M 8 35 270
10 65 51 58 -3 7 0 0.00 M M 8.5 18 260 M M 0 24 260
11 65 53 59 -2 6 0 0.00 M M 6.4 15 270 M M 2 20 250
12 65 53 59 -2 6 0 0.00 M M 5.2 14 260 M M 1 20 240
13 63 56 60 -1 5 0 0.00 M M 3.3 12 240 M M 9 18 16 250
14 67 58 63 2 2 0 0.00 M M 4.8 12 200 M M 10 18 16 230
15 65 58 62 1 3 0 0.00 M M 6.1 14 270 M M 10 1 18 270
16 63 56 60 -1 5 0 0.00 M M 6.4 13 290 M M 10 1 19 260
17 61 55 58 -3 7 0 0.00 M M 5.7 15 280 M M 10 1 20 290
18 63 57 60 -1 5 0 0.00 M M 3.4 9 270 M M 10 18 14 200
19 65 57 61 0 4 0 0.00 M M 5.8 13 290 M M 10 1 16 230
20 66 57 62 0 3 0 0.00 M M 6.9 15 260 M M 10 1 21 250
21 65 56 61 -1 4 0 0.00 M M 4.3 13 270 M M 9 1 19 300
22 65 56 61 -1 4 0 0.00 M M 5.1 13 260 M M 10 1 25 300
23 63 56 60 -2 5 0 0.00 M M 4.8 12 270 M M 10 1 15 260
24 67 58 63 1 2 0 0.00 M M 10.8 17 260 M M 9 26 260
25 67 58 63 1 2 0 0.00 M M 9.0 15 280 M M 10 20 250
26 67 58 63 1 2 0 0.00 M M 11.5 17 260 M M 10 25 270
27 67 58 63 1 2 0 0.00 M M 9.5 16 280 M M 7 21 270
28 64 58 61 -1 4 0 0.00 M M 6.0 12 270 M M 10 15 270
29 67 59 63 1 2 0 0.00 M M 9.0 16 270 M M 8 20 270
30 67 58 63 1 2 0 0.00 M M 10.1 17 290 M M 8 26 280
31 67 58 63 1 2 0 0.00 M M 7.0 13 190 M M 9 18 220
================================================================================
SM 2007 1694 155 0 0.86 M 221.9 M 225
================================================================================
AV 64.7 54.6 7.2 FASTST M M 7 MAX(MPH)
MISC ----> 28 270 35 270
================================================================================
NOTES:
# LAST OF SEVERAL OCCURRENCES
COLUMN 17 PEAK WIND IN M.P.H.
PRELIMINARY LOCAL CLIMATOLOGICAL DATA (WS FORM: F-6) , PAGE 2
STATION: OXNARD AIRPORT CA
MONTH: MAY
YEAR: 2023
LATITUDE: 34 12 N
LONGITUDE: 119 12 W
[TEMPERATURE DATA] [PRECIPITATION DATA] SYMBOLS USED IN COLUMN 16
AVERAGE MONTHLY: 59.7 TOTAL FOR MONTH: 0.86 1 = FOG OR MIST
DPTR FM NORMAL: -1.5 DPTR FM NORMAL: 0.52 2 = FOG REDUCING VISIBILITY
HIGHEST: 67 ON 31,30 GRTST 24HR 0.80 ON 3- 4 TO 1/4 MILE OR LESS
LOWEST: 44 ON 2 3 = THUNDER
SNOW, ICE PELLETS, HAIL 4 = ICE PELLETS
TOTAL MONTH: M 5 = HAIL
GRTST 24HR M ON M 6 = FREEZING RAIN OR DRIZZLE
GRTST DEPTH: M ON M 7 = DUSTSTORM OR SANDSTORM:
VSBY 1/2 MILE OR LESS
8 = SMOKE OR HAZE
[NO. OF DAYS WITH] [WEATHER - DAYS WITH] 9 = BLOWING SNOW
X = TORNADO
MAX 32 OR BELOW: 0 0.01 INCH OR MORE: 3
MAX 90 OR ABOVE: 0 0.10 INCH OR MORE: 2
MIN 32 OR BELOW: 0 0.50 INCH OR MORE: 1
MIN 0 OR BELOW: 0 1.00 INCH OR MORE: 0
[HDD (BASE 65) ]
TOTAL THIS MO. 155 CLEAR (SCALE 0-3) 5
DPTR FM NORMAL 32 PTCLDY (SCALE 4-7) 10
TOTAL FM JUL 1 2112 CLOUDY (SCALE 8-10) 16
DPTR FM NORMAL 472
[CDD (BASE 65) ]
TOTAL THIS MO. 0
DPTR FM NORMAL -4 [PRESSURE DATA]
TOTAL FM JAN 1 3 HIGHEST SLP 30.11 ON 6
DPTR FM NORMAL -22 LOWEST SLP 29.80 ON 1
[REMARKS]
#FINAL-05-23#