000
CXUS53 KDDC 011651
CLMP28
CLIMATE REPORT
NATIONAL WEATHER SERVICE DODGE CITY, KANSAS
1051 AM CST FRI MAR 01 2024
...................................
...THE MEDICINE LODGE KS CLIMATE SUMMARY FOR THE MONTH OF FEBRUARY 2024...
CLIMATE NORMAL PERIOD 1991 TO 2020
CLIMATE RECORD PERIOD 1893 TO 2024
WEATHER OBSERVED NORMAL DEPART LAST YEAR`S
VALUE DATE(S) VALUE FROM VALUE DATE(S)
NORMAL
................................................................
TEMPERATURE (F)
RECORD
HIGH 91 02/23/1904
LOW -22 02/13/1905
HIGHEST 88 02/26 MM MM 72 02/28
LOWEST 19 02/28 MM MM 8 02/01
AVG. MAXIMUM 63.8 50.4 13.4 53.3
AVG. MINIMUM 33.0 25.6 7.4 23.6
MEAN 48.4 38.0 10.4 38.5
DAYS MAX >= 90 0 0.0 0.0 0
DAYS MAX <= 32 0 3.4 -3.4 2
DAYS MIN <= 32 13 22.0 -9.0 21
DAYS MIN <= 0 0 0.1 -0.1 0
PRECIPITATION (INCHES)
RECORD
MAXIMUM 5.65 1911
MINIMUM 0.00 2006
TOTALS 0.43 1.03 -0.60 0.58
DAYS >= .01 4 5.6 -1.6 4
DAYS >= .10 3 2.3 0.7 1
DAYS >= .50 0 0.8 -0.8 1
DAYS >= 1.00 0 0.1 -0.1 0
GREATEST
24 HR. TOTAL 0.26 02/02 TO 02/03 0.52 02/26 TO 02/26
DEGREE DAYS
HEATING TOTAL 478 756 -278 650
SINCE 7/1 2843 3530 -687 3689
COOLING TOTAL 0 0 0 0
SINCE 1/1 0 0 0 0
................................................................
WIND (MPH)
AVERAGE WIND SPEED 9.2
RESULTANT WIND SPEED/DIRECTION 1/020
HIGHEST WIND SPEED/DIRECTION 40/360 DATE 02/27
HIGHEST GUST SPEED/DIRECTION 58/010 DATE 02/27
AVERAGE RH (PERCENT) 56
- INDICATES NEGATIVE NUMBERS.
R INDICATES RECORD WAS SET OR TIED.
MM INDICATES DATA IS MISSING.
T INDICATES TRACE AMOUNT.
$$