000
CXUS53 KDDC 011720
CLSP28
CLIMATE REPORT
NATIONAL WEATHER SERVICE DODGE CITY, KANSAS
1120 AM CST TUE MAR 01 2022
...................................
...THE MEDICINE LODGE KS CLIMATE SUMMARY FOR THE SEASON, FROM
12/1/2021 TO 2/28/2022...
CLIMATE NORMAL PERIOD 1991 TO 2020
CLIMATE RECORD PERIOD 1893 TO 2022
WEATHER OBSERVED NORMAL DEPART LAST YEAR`S
VALUE DATE(S) VALUE FROM VALUE DATE(S)
NORMAL
................................................................
TEMPERATURE (F)
RECORD
HIGH 91 02/23/1904
LOW -22 02/13/1905
HIGHEST 80 12/15 MM MM 70 02/23
LOWEST -3 02/04 MM MM -10 02/16
AVG. MAXIMUM 53.2 47.9 5.3 45.6
AVG. MINIMUM 20.2 23.9 -3.7 21.2
MEAN 36.7 35.9 0.8 33.4
DAYS MAX >= 90 0 0.0 0.0 0
DAYS MAX <= 32 11 12.6 -1.6 16
DAYS MIN <= 32 77 76.5 0.5 85
DAYS MIN <= 0 1 0.7 0.3 3
PRECIPITATION (INCHES)
RECORD
MAXIMUM 8.23 2012
MINIMUM 0.03 1904
TOTALS 0.62 2.92 -2.30 3.06
DAYS >= .01 8 14.7 -6.7 15
DAYS >= .10 3 6.3 -3.3 8
DAYS >= .50 0 2.0 -2.0 2
DAYS >= 1.00 0 0.5 -0.5 0
GREATEST
24 HR. TOTAL 0.19 02/01 TO 02/02 0.99 12/29 TO 12/29
SNOWFALL (INCHES)
RECORDS
TOTAL 28.7 2003
24 HR TOTAL 14.0 02/21/1971 TO 02/21/1971
SNOW DEPTH 14 02/22/1971
02/21/1971
TOTALS 5.8 8.2 -2.4 8.5
SINCE 7/1 5.8 8.5 -2.7 9.5
SNOWDEPTH AVG. 0 -1
DAYS >= TRACE 7 4.1 2.9 10
GREATEST
SNOW DEPTH 2 01/26 4 12/13
02/02
02/03
24 HR TOTAL 2.1 02/17 TO 02/17 4.0
DEGREE DAYS
HEATING TOTAL 2515 2628 -113 2798
SINCE 7/1 3143 3484 -341 3634
COOLING TOTAL 0 0 0 0
SINCE 1/1 0 0 0 0
................................................................
WIND (MPH)
AVERAGE WIND SPEED 8.9
RESULTANT WIND SPEED/DIRECTION 2/010
HIGHEST WIND SPEED/DIRECTION 46/240 DATE 01/14
HIGHEST GUST SPEED/DIRECTION 77/230 DATE 12/15
AVERAGE RH (PERCENT) 53
- INDICATES NEGATIVE NUMBERS.
R INDICATES RECORD WAS SET OR TIED.
MM INDICATES DATA IS MISSING.
T INDICATES TRACE AMOUNT.
$$