000
CXUS55 KRIW 072050
CF6P60
PRELIMINARY LOCAL CLIMATOLOGICAL DATA (WS FORM: F-6)
STATION: LAKE YELLOWSTONE WY
MONTH: AUGUST
YEAR: 2020
LATITUDE: 44 32 N
LONGITUDE: 110 25 W
TEMPERATURE IN F: :PCPN: SNOW: WIND :SUNSHINE: SKY :PK WND
================================================================================
1 2 3 4 5 6A 6B 7 8 9 10 11 12 13 14 15 16 17 18
12Z AVG MX 2MIN
DY MAX MIN AVG DEP HDD CDD WTR SNW DPTH SPD SPD DIR MIN PSBL S-S WX SPD DR
================================================================================
1 75 51 63 6 2 0 0.05 M M 2.1 20 280 M M 0 33 290
2 82 42 62 5 3 0 0.00 M M 1.8 7 280 M M 0 13 270
3 80 43 62 5 3 0 0.02 M M 3.2 15 320 M M 0 29 330
4 76 39 58 1 7 0 0.00 M M 2.3 7 100 M M 0 13 150
5 80 42 61 4 4 0 0.00 M M 2.0 9 270 M M 0 19 280
6 78 43 61 4 4 0 0.00 M M 3.4 14 270 M M 0 27 270
7 73 40 57 0 8 0 0.00 M M 2.7 12 260 M M 0 24 210
8 74 36 55 -2 10 0 0.00 M M 2.7 14 250 M M 0 28 310
9 71 36 54 -2 11 0 0.00 M M 2.7 12 270 M M 0 21 240
10 77 37 57 1 8 0 0.00 M M 2.1 9 270 M M 0 26 140
11 75 36 56 0 9 0 0.00 M M 2.9 13 280 M M 0 27 190
12 72 41 57 1 8 0 0.00 M M 3.7 16 260 M M 0 33 190
13 71 43 57 1 8 0 0.00 M M 4.4 16 260 M M 0 31 270
14 70 35 53 -3 12 0 0.00 M M 3.6 14 280 M M 0 25 280
15 78 34 56 0 9 0 0.00 M M 2.7 14 270 M M 0 22 320
16 81 35 58 2 7 0 0.00 M M 1.6 12 260 M M 0 17 250
17 85 40 63 8 2 0 0.00 M M 2.3 14 260 M M 0 25 290
18 83 43 63 8 2 0 0.00 M M 2.5 16 270 M M 0 29 270
19 74 44 59 4 6 0 0.08 M M 2.0 13 300 M M 0 26 360
20 76 42 59 4 6 0 0.00 M M 3.1 13 260 M M 0 27 150
21 76 36 56 1 9 0 0.00 M M 2.4 9 220 M M 0 21 210
22 82 37 60 6 5 0 0.00 M M 2.2 14 270 M M 0 27 270
23 79 38 59 5 6 0 0.00 M M 1.5 8 250 M M 0 20 210
24 80 39 60 6 5 0 0.00 M M 1.9 13 140 M M 0 30 170
25 76 44 60 6 5 0 0.00 M M 2.7 13 270 M M 0 25 290
26 75 41 58 4 7 0 0.15 M M 2.1 16 280 M M 0 33 300
27 69 40 55 2 10 0 0.20 M M 2.9 14 300 M M 0 25 300
28 72 35 54 1 11 0 0.00 M M 1.6 8 70 M M 0 13 130
29 73 35 54 1 11 0 0.00 M M 3.9 17 280 M M 0 31 270
30 64 31 48 -4 17 0 0.00 M M 5.3 13 280 M M 0 28 280
31 42 29 36 -16 29 0 0.11 M M 1.9 10 290 M M 0 16 300
================================================================================
SM 2319 1207 244 0 0.61 M 82.2 M 0
================================================================================
AV 74.8 38.9 2.7 FASTST M M 0 MAX(MPH)
MISC ----> # 20 280 # 33 290
================================================================================
NOTES:
# LAST OF SEVERAL OCCURRENCES
COLUMN 17 PEAK WIND IN M.P.H.
PRELIMINARY LOCAL CLIMATOLOGICAL DATA (WS FORM: F-6) , PAGE 2
STATION: LAKE YELLOWSTONE WY
MONTH: AUGUST
YEAR: 2020
LATITUDE: 44 32 N
LONGITUDE: 110 25 W
[TEMPERATURE DATA] [PRECIPITATION DATA] SYMBOLS USED IN COLUMN 16
AVERAGE MONTHLY: 56.9 TOTAL FOR MONTH: 0.61 1 = FOG OR MIST
DPTR FM NORMAL: 1.7 DPTR FM NORMAL: -0.91 2 = FOG REDUCING VISIBILITY
HIGHEST: 85 ON 17 GRTST 24HR 0.20 ON 27-27 TO 1/4 MILE OR LESS
LOWEST: 29 ON 31 3 = THUNDER
SNOW, ICE PELLETS, HAIL 4 = ICE PELLETS
TOTAL MONTH: M 5 = HAIL
GRTST 24HR M ON M 6 = FREEZING RAIN OR DRIZZLE
GRTST DEPTH: M ON M 7 = DUSTSTORM OR SANDSTORM:
VSBY 1/2 MILE OR LESS
8 = SMOKE OR HAZE
[NO. OF DAYS WITH] [WEATHER - DAYS WITH] 9 = BLOWING SNOW
X = TORNADO
MAX 32 OR BELOW: 0 0.01 INCH OR MORE: 6
MAX 90 OR ABOVE: 0 0.10 INCH OR MORE: 3
MIN 32 OR BELOW: 2 0.50 INCH OR MORE: 0
MIN 0 OR BELOW: 0 1.00 INCH OR MORE: 0
[HDD (BASE 65) ]
TOTAL THIS MO. 244 CLEAR (SCALE 0-3) 31
DPTR FM NORMAL -60 PTCLDY (SCALE 4-7) 0
TOTAL FM JUL 1 560 CLOUDY (SCALE 8-10) 0
DPTR FM NORMAL -27
[CDD (BASE 65) ]
TOTAL THIS MO. 0
DPTR FM NORMAL 0 [PRESSURE DATA]
TOTAL FM JAN 1 0 HIGHEST SLP 30.39 ON 17
DPTR FM NORMAL 0 LOWEST SLP 29.74 ON 30
[REMARKS]
#FINAL-08-20#