000
CXUS53 KPAH 032330
CLMPAH
CLIMATE REPORT
NATIONAL WEATHER SERVICE PADUCAH KY
630 PM CDT MON JUL 03 2023
...................................
...THE PADUCAH KY CLIMATE SUMMARY FOR THE MONTH OF JUNE 2023...
CLIMATE NORMAL PERIOD 1991 TO 2020
CLIMATE RECORD PERIOD 1937 TO 2023
WEATHER OBSERVED NORMAL DEPART LAST YEAR`S
VALUE DATE(S) VALUE FROM VALUE DATE(S)
NORMAL
................................................................
TEMPERATURE (F)
RECORD
HIGH 108 06/29/2012
LOW 44 06/01/1993
HIGHEST 101 06/30 98 06/16
LOWEST 51 06/09 54 06/29
AVG. MAXIMUM 88.7 87.1 1.6 88.9
AVG. MINIMUM 62.4 66.0 -3.6 65.6
MEAN 75.6 76.5 -0.9 77.2
DAYS MAX >= 90 14 11.0 3.0 13
DAYS MAX <= 32 0 0.0 0.0 0
DAYS MIN <= 32 0 0.0 0.0 0
DAYS MIN <= 0 0 0.0 0.0 0
PRECIPITATION (INCHES)
RECORD
MAXIMUM 10.98 1998
MINIMUM 0.26 1952
TOTALS 1.07 4.51 -3.44 2.43
DAILY AVG. 0.04 0.15 -0.11 0.08
DAYS >= .01 3 9.4 -6.4 5
DAYS >= .10 2 6.7 -4.7 4
DAYS >= .50 1 2.9 -1.9 3
DAYS >= 1.00 0 1.2 -1.2 1
GREATEST
24 HR. TOTAL 0.67 06/11 TO 06/11
DEGREE DAYS
COOLING TOTAL 310 348 -38 373
SINCE 1/1 515 558 -43 MM
FREEZE DATES
EARLIEST 10/18 10/18
LATEST 03/29 03/20
................................................................
WIND (MPH)
AVERAGE WIND SPEED 3.9
HIGHEST WIND SPEED/DIRECTION 21/310 DATE 06/11
21/140 06/29
HIGHEST GUST SPEED/DIRECTION 30/310 DATE 06/11
SKY COVER
POSSIBLE SUNSHINE (PERCENT) MM
AVERAGE SKY COVER 0.18
NUMBER OF DAYS FAIR 25
NUMBER OF DAYS PC 5
NUMBER OF DAYS CLOUDY 0
AVERAGE RH (PERCENT) 64
WEATHER CONDITIONS. NUMBER OF DAYS WITH
THUNDERSTORM 4 MIXED PRECIP 0
HEAVY RAIN 1 RAIN 3
LIGHT RAIN 5 FREEZING RAIN 0
LT FREEZING RAIN 0 HAIL 0
HEAVY SNOW 0 SNOW 0
LIGHT SNOW 0 SLEET 0
FOG 17 FOG W/VIS <= 1/4 MILE 2
HAZE 8
- INDICATES NEGATIVE NUMBERS.
R INDICATES RECORD WAS SET OR TIED.
MM INDICATES DATA IS MISSING.
T INDICATES TRACE AMOUNT.
[REMARKS:] 6TH DRIEST JUNE AT PADUCAH
$$