000
CXUS54 KLZK 011230
CF6PBF
PRELIMINARY LOCAL CLIMATOLOGICAL DATA (WS FORM: F-6)
STATION: PINE BLUFF
MONTH: SEPTEMBER
YEAR: 2022
LATITUDE: 34 10 N
LONGITUDE: 91 56 W
TEMPERATURE IN F: :PCPN: SNOW: WIND :SUNSHINE: SKY :PK WND
================================================================================
1 2 3 4 5 6A 6B 7 8 9 10 11 12 13 14 15 16 17 18
12Z AVG MX 2MIN
DY MAX MIN AVG DEP HDD CDD WTR SNW DPTH SPD SPD DIR MIN PSBL S-S WX SPD DR
================================================================================
1 94 69 82 3 0 17 0.00 0.0 0 3.6 10 60 M M 1 8 13 80
2 83 72 78 0 0 13 0.10 0.0 0 2.0 12 340 M M 3 1 15 320
3 92 71 82 4 0 17 0.00 0.0 0 4.1 14 340 M M 5 13 19 340
4 90 72 81 3 0 16 0.00 0.0 0 5.1 13 330 M M 2 18 17 320
5 93 69 81 3 0 16 0.04 0.0 0 4.1 23 320 M M 2 13 29 330
6 93 66 80 2 0 15 T 0.0 0 3.2 30 330 M M 3 138 40 330
7 92 66 79 2 0 14 0.00 0.0 0 6.8 16 360 M M 1 18 22 10
8 90 67 79 2 0 14 0.00 0.0 0 7.1 16 10 M M 1 8 21 80
9 90 63 77 0 0 12 1.23 0.0 0 5.9 23 140 M M 2 13 27 140
10 86 71 79 3 0 14 0.02 0.0 0 4.4 14 10 M M 6 3 18 360
11 87 65 76 0 0 11 T 0.0 0 5.6 21 340 M M 4 12 27 330
12 82 59 71 -5 0 6 0.00 0.0 0 4.1 13 310 M M 0 17 330
13 88 57 73 -3 0 8 0.00 0.0 0 1.8 9 240 M M 0 13 240
14 89 57 73 -2 0 8 0.00 0.0 0 2.6 14 60 M M 0 17 70
15 91 61 76 1 0 11 0.00 0.0 0 2.5 16 100 M M 2 1 23 130
16 90 63 77 2 0 12 0.00 0.0 0 2.7 12 160 M M 1 1 15 160
17 93 62 78 4 0 13 0.00 0.0 0 4.5 13 180 M M 1 16 150
18 94 68 81 7 0 16 0.00 0.0 0 3.6 12 180 M M 2 15 200
19 98 67 83 9 0 18 0.00 0.0 0 0.0 M M M M 0 M M
20 99 68 84 10 0 19 0.00 0.0 0 5.1 10 180 M M 0 M M
21 100 69 85 12 0 20 0.00 0.0 0 M M M M M M M M
22 90 68 79 6 0 14 0.00 0.0 0 M M M M M M M M
23 89 66 78 6 0 13 0.00 0.0 0 5.2 13 60 M M 0 8 17 80
24 98 62 80 8 0 15 0.00 0.0 0 5.7 20 20 M M 2 3 27 340
25 94 69 82 10 0 17 0.01 0.0 0 6.1 13 340 M M 3 M M
26 86 57 72 1 0 7 0.00 0.0 0 5.4 17 340 M M 0 22 340
27 86 53 70 -1 0 5 0.00 0.0 0 3.9 15 50 M M 0 20 360
28 83 52 68 -3 0 3 0.00 0.0 0 7.1 17 30 M M 0 18 23 30
29 78 49 64 -6 1 0 0.00 0.0 0 10.2 21 10 M M 0 26 60
30 80 48 64 -6 1 0 0.00 0.0 0 7.4 17 20 M M 0 8 22 20
================================================================================
SM 2698 1906 2 364 1.40 0.0 129.8 M 41
================================================================================
AV 89.9 63.5 4.6 FASTST M M 1 MAX(MPH)
MISC ----> 30 330 40 330
================================================================================
NOTES:
# LAST OF SEVERAL OCCURRENCES
COLUMN 17 PEAK WIND IN M.P.H.
PRELIMINARY LOCAL CLIMATOLOGICAL DATA (WS FORM: F-6) , PAGE 2
STATION: PINE BLUFF
MONTH: SEPTEMBER
YEAR: 2022
LATITUDE: 34 10 N
LONGITUDE: 91 56 W
[TEMPERATURE DATA] [PRECIPITATION DATA] SYMBOLS USED IN COLUMN 16
AVERAGE MONTHLY: 76.7 TOTAL FOR MONTH: 1.40 1 = FOG OR MIST
DPTR FM NORMAL: 2.0 DPTR FM NORMAL: -1.69 2 = FOG REDUCING VISIBILITY
HIGHEST: 100 ON 21 GRTST 24HR 1.25 ON 9-10 TO 1/4 MILE OR LESS
LOWEST: 48 ON 30 3 = THUNDER
SNOW, ICE PELLETS, HAIL 4 = ICE PELLETS
TOTAL MONTH: 0.0 INCH 5 = HAIL
GRTST 24HR 0.0 6 = FREEZING RAIN OR DRIZZLE
GRTST DEPTH: 0 7 = DUSTSTORM OR SANDSTORM:
VSBY 1/2 MILE OR LESS
8 = SMOKE OR HAZE
[NO. OF DAYS WITH] [WEATHER - DAYS WITH] 9 = BLOWING SNOW
X = TORNADO
MAX 32 OR BELOW: 0 0.01 INCH OR MORE: 5
MAX 90 OR ABOVE: 18 0.10 INCH OR MORE: 2
MIN 32 OR BELOW: 0 0.50 INCH OR MORE: 1
MIN 0 OR BELOW: 0 1.00 INCH OR MORE: 1
[HDD (BASE 65) ]
TOTAL THIS MO. 2 CLEAR (SCALE 0-3) 24
DPTR FM NORMAL -6 PTCLDY (SCALE 4-7) 4
TOTAL FM JUL 1 2 CLOUDY (SCALE 8-10) 2
DPTR FM NORMAL -3
[CDD (BASE 65) ]
TOTAL THIS MO. 364
DPTR FM NORMAL 65 [PRESSURE DATA]
TOTAL FM JAN 1 2460 HIGHEST SLP 30.35 ON 29
DPTR FM NORMAL 404 LOWEST SLP 29.78 ON 9
[REMARKS]
#FINAL-09-22#