000
CXUS54 KLZK 011130
CF6PBF
PRELIMINARY LOCAL CLIMATOLOGICAL DATA (WS FORM: F-6)
STATION: PINE BLUFF
MONTH: OCTOBER
YEAR: 2021
LATITUDE: 34 10 N
LONGITUDE: 91 56 W
TEMPERATURE IN F: :PCPN: SNOW: WIND :SUNSHINE: SKY :PK WND
================================================================================
1 2 3 4 5 6A 6B 7 8 9 10 11 12 13 14 15 16 17 18
12Z AVG MX 2MIN
DY MAX MIN AVG DEP HDD CDD WTR SNW DPTH SPD SPD DIR MIN PSBL S-S WX SPD DR
================================================================================
1 82 73 78 8 0 13 0.11 0.0 0 4.3 14 190 M M 9 3 17 200
2 83 72 78 9 0 13 0.67 0.0 0 5.7 15 190 M M 6 138 20 160
3 85 69 77 8 0 12 0.02 0.0 0 4.0 13 300 M M 6 16 320
4 84 63 74 6 0 9 0.00 0.0 0 3.1 12 30 M M 1 18 16 40
5 83 63 73 5 0 8 T 0.0 0 6.1 16 20 M M 4 20 30
6 80 62 71 3 0 6 0.02 0.0 0 2.3 12 340 M M 2 13 13 310
7 85 60 73 6 0 8 0.00 0.0 0 3.0 12 200 M M 3 12 16 210
8 89 61 75 8 0 10 0.00 0.0 M 4.8 14 210 M M 0 18 23 40
9 88 65 77 11 0 12 0.00 0.0 0 7.9 17 210 M M 0 22 200
10 89 66 78 12 0 13 0.00 0.0 0 10.4 22 200 M M 0 18 27 190
11 83 60 72 6 0 7 T 0.0 0 10.4 23 180 M M 4 30 190
12 87 56 72 7 0 7 0.08 0.0 0 4.0 12 90 M M 2 12 17 90
13 87 71 79 14 0 14 0.00 0.0 0 8.6 20 210 M M 1 1 24 140
14 85 70 78 14 0 13 1.26 0.0 M 6.0 14 170 M M 4 1 19 170
15 87 57 72 8 0 7 0.59 0.0 0 9.7 26 340 M M 7 138 36 340
16 72 50 61 -3 4 0 0.00 0.0 M 6.6 17 330 M M 0 24 340
17 74 45 60 -3 5 0 0.00 0.0 0 1.6 8 40 M M 0 14 100
18 74 46 60 -3 5 0 0.00 0.0 M 2.0 9 150 M M 0 13 130
19 76 45 61 -1 4 0 0.00 0.0 0 3.0 13 160 M M 0 1 16 150
20 82 50 66 4 0 1 0.00 0.0 0 2.5 12 180 M M 0 20 260
21 84 58 71 9 0 6 0.00 0.0 0 6.4 13 340 M M 2 18 320
22 77 51 64 3 1 0 0.00 0.0 0 3.1 8 120 M M 0 11 120
23 85 52 69 8 0 4 0.00 0.0 0 5.6 17 200 M M 2 22 210
24 87 66 77 17 0 12 0.00 0.0 0 11.0 21 190 M M 3 18 26 200
25 80 59 70 10 0 5 0.63 0.0 0 8.4 24 310 M M 2 13 35 310
26 72 52 62 2 3 0 0.00 0.0 0 6.7 14 70 M M 0 17 80
27 72 58 65 6 0 0 0.76 0.0 0 11.5 22 130 M M 6 1 30 100
28 63 54 59 0 6 0 0.06 0.0 0 11.6 21 310 M M 10 18 33 250
29 62 51 57 -2 8 0 T 0.0 0 12.9 24 320 M M 10 32 320
30 71 50 61 3 4 0 0.00 0.0 0 5.6 14 270 M M 5 18 310
31 74 44 59 1 6 0 0.00 0.0 0 2.2 14 20 M M 0 18 20
================================================================================
SM 2482 1799 46 180 4.20 0.0 191.0 M 89
================================================================================
AV 80.1 58.0 6.2 FASTST M M 3 MAX(MPH)
MISC ----> 26 340 36 340
================================================================================
NOTES:
# LAST OF SEVERAL OCCURRENCES
COLUMN 17 PEAK WIND IN M.P.H.
PRELIMINARY LOCAL CLIMATOLOGICAL DATA (WS FORM: F-6) , PAGE 2
STATION: PINE BLUFF
MONTH: OCTOBER
YEAR: 2021
LATITUDE: 34 10 N
LONGITUDE: 91 56 W
[TEMPERATURE DATA] [PRECIPITATION DATA] SYMBOLS USED IN COLUMN 16
AVERAGE MONTHLY: 69.0 TOTAL FOR MONTH: 4.20 1 = FOG OR MIST
DPTR FM NORMAL: 5.3 DPTR FM NORMAL: -0.38 2 = FOG REDUCING VISIBILITY
HIGHEST: 89 ON 8,10 GRTST 24HR 1.85 ON 14-15 TO 1/4 MILE OR LESS
LOWEST: 44 ON 31 3 = THUNDER
SNOW, ICE PELLETS, HAIL 4 = ICE PELLETS
TOTAL MONTH: 0.0 INCH 5 = HAIL
GRTST 24HR 0.0 6 = FREEZING RAIN OR DRIZZLE
GRTST DEPTH: 0 7 = DUSTSTORM OR SANDSTORM:
VSBY 1/2 MILE OR LESS
8 = SMOKE OR HAZE
[NO. OF DAYS WITH] [WEATHER - DAYS WITH] 9 = BLOWING SNOW
X = TORNADO
MAX 32 OR BELOW: 0 0.01 INCH OR MORE: 10
MAX 90 OR ABOVE: 0 0.10 INCH OR MORE: 6
MIN 32 OR BELOW: 0 0.50 INCH OR MORE: 5
MIN 0 OR BELOW: 0 1.00 INCH OR MORE: 1
[HDD (BASE 65) ]
TOTAL THIS MO. 46 CLEAR (SCALE 0-3) 20
DPTR FM NORMAL -79 PTCLDY (SCALE 4-7) 8
TOTAL FM JUL 1 46 CLOUDY (SCALE 8-10) 3
DPTR FM NORMAL -88
[CDD (BASE 65) ]
TOTAL THIS MO. 180
DPTR FM NORMAL 97 [PRESSURE DATA]
TOTAL FM JAN 1 2440 HIGHEST SLP 30.34 ON 17
DPTR FM NORMAL 301 LOWEST SLP 29.42 ON 28
[REMARKS]
#FINAL-10-21#