000
CXUS52 KMFL 011030
CF6PBI
PRELIMINARY LOCAL CLIMATOLOGICAL DATA (WS FORM: F-6)
STATION: WEST PALM BEACH
MONTH: MAY
YEAR: 2023
LATITUDE: 26 40 N
LONGITUDE: 80 7 W
TEMPERATURE IN F: :PCPN: SNOW: WIND :SUNSHINE: SKY :PK WND
================================================================================
1 2 3 4 5 6A 6B 7 8 9 10 11 12 13 14 15 16 17 18
12Z AVG MX 2MIN
DY MAX MIN AVG DEP HDD CDD WTR SNW DPTH SPD SPD DIR MIN PSBL S-S WX SPD DR
================================================================================
1 85 65 75 -2 0 10 0.00 0.0 0 9.8 20 310 M M 2 25 300
2 89 65 77 0 0 12 0.00 0.0 0 9.1 18 270 M M 3 23 270
3 86 68 77 0 0 12 0.00 0.0 0 8.7 20 300 M M 3 23 300
4 83 65 74 -3 0 9 0.00 0.0 0 8.2 15 50 M M 2 19 360
5 85 69 77 0 0 12 0.00 0.0 0 8.6 17 80 M M 4 24 80
6 85 75 80 2 0 15 T 0.0 0 12.1 25 70 M M 6 30 60
7 84 75 80 2 0 15 0.00 0.0 0 16.2 23 80 M M 6 27 90
8 82 72 77 -1 0 12 0.00 0.0 0 9.0 14 90 M M 3 20 80
9 85 67 76 -2 0 11 0.00 0.0 0 6.3 14 110 M M 3 19 90
10 88 73 81 3 0 16 0.00 0.0 0 6.5 14 80 M M 2 20 80
11 85 78 82 4 0 17 0.00 0.0 0 11.2 17 100 M M 5 23 80
12 86 77 82 4 0 17 0.01 0.0 0 13.8 21 120 M M 5 25 100
13 85 76 81 3 0 16 0.00 0.0 0 12.3 20 110 M M 4 26 90
14 85 78 82 4 0 17 0.00 0.0 0 10.9 18 100 M M 6 22 60
15 86 74 80 1 0 15 0.48 0.0 0 9.0 18 50 M M 6 1 23 30
16 87 69 78 -1 0 13 0.00 0.0 0 6.9 15 70 M M 3 18 70
17 92 74 83 4 0 18 0.04 0.0 0 6.8 21 140 M M 6 3 26 140
18 89 71 80 1 0 15 0.16 0.0 0 6.1 21 270 M M 3 13 27 240
19 89 73 81 2 0 16 0.01 0.0 0 6.6 18 100 M M 4 3 22 90
20 88 76 82 3 0 17 0.00 0.0 0 7.3 15 100 M M 4 21 120
21 90 74 82 3 0 17 0.01 0.0 0 7.1 15 70 M M 5 21 60
22 90 75 83 4 0 18 T 0.0 0 8.3 17 90 M M 5 24 100
23 87 76 82 2 0 17 0.39 0.0 0 6.9 18 200 M M 7 13 21 210
24 87 70 79 -1 0 14 1.64 0.0 0 5.2 21 340 M M 6 135 27 340
25 90 69 80 0 0 15 0.68 0.0 0 4.8 35 270 M M 7 13 41 260
26 88 70 79 -1 0 14 0.47 0.0 0 6.7 17 360 M M 7 138 23 360
27 87 69 78 -2 0 13 T 0.0 0 7.1 14 110 M M 5 18 330
28 89 73 81 1 0 16 0.12 0.0 0 6.0 16 40 M M 5 13 21 130
29 86 72 79 -1 0 14 T 0.0 0 8.7 17 20 M M 5 21 40
30 86 78 82 2 0 17 0.11 0.0 0 9.1 18 50 M M 7 138 21 50
31 84 73 79 -1 0 14 1.51 0.0 0 7.8 18 90 M M 8 13 23 90
================================================================================
SM 2688 2239 0 454 5.63 0.0 263.1 M 147
================================================================================
AV 86.7 72.2 8.5 FASTST M M 5 MAX(MPH)
MISC ----> 35 270 41 260
================================================================================
NOTES:
# LAST OF SEVERAL OCCURRENCES
COLUMN 17 PEAK WIND IN M.P.H.
PRELIMINARY LOCAL CLIMATOLOGICAL DATA (WS FORM: F-6) , PAGE 2
STATION: WEST PALM BEACH
MONTH: MAY
YEAR: 2023
LATITUDE: 26 40 N
LONGITUDE: 80 7 W
[TEMPERATURE DATA] [PRECIPITATION DATA] SYMBOLS USED IN COLUMN 16
AVERAGE MONTHLY: 79.5 TOTAL FOR MONTH: 5.63 1 = FOG OR MIST
DPTR FM NORMAL: 0.8 DPTR FM NORMAL: 0.72 2 = FOG REDUCING VISIBILITY
HIGHEST: 92 ON 17 GRTST 24HR 1.66 ON 24-25 TO 1/4 MILE OR LESS
LOWEST: 65 ON 4, 2 3 = THUNDER
SNOW, ICE PELLETS, HAIL 4 = ICE PELLETS
TOTAL MONTH: 0.0 INCH 5 = HAIL
GRTST 24HR 0.0 6 = FREEZING RAIN OR DRIZZLE
GRTST DEPTH: 0 7 = DUSTSTORM OR SANDSTORM:
VSBY 1/2 MILE OR LESS
8 = SMOKE OR HAZE
[NO. OF DAYS WITH] [WEATHER - DAYS WITH] 9 = BLOWING SNOW
X = TORNADO
MAX 32 OR BELOW: 0 0.01 INCH OR MORE: 13
MAX 90 OR ABOVE: 4 0.10 INCH OR MORE: 9
MIN 32 OR BELOW: 0 0.50 INCH OR MORE: 3
MIN 0 OR BELOW: 0 1.00 INCH OR MORE: 2
[HDD (BASE 65) ]
TOTAL THIS MO. 0 CLEAR (SCALE 0-3) 7
DPTR FM NORMAL 0 PTCLDY (SCALE 4-7) 24
TOTAL FM JUL 1 94 CLOUDY (SCALE 8-10) 0
DPTR FM NORMAL -108
[CDD (BASE 65) ]
TOTAL THIS MO. 454
DPTR FM NORMAL 29 [PRESSURE DATA]
TOTAL FM JAN 1 1658 HIGHEST SLP 30.17 ON 7
DPTR FM NORMAL 471 LOWEST SLP 29.73 ON 25
[REMARKS]
#FINAL-05-23#