030
CXUS54 KMAF 011210
CF6PEQ
PRELIMINARY LOCAL CLIMATOLOGICAL DATA (WS FORM: F-6)
STATION: PECOS MUNICIPAL AIRPORT
MONTH: JANUARY
YEAR: 2021
LATITUDE: 31 22 N
LONGITUDE: 103 31 W
TEMPERATURE IN F: :PCPN: SNOW: WIND :SUNSHINE: SKY :PK WND
================================================================================
1 2 3 4 5 6A 6B 7 8 9 10 11 12 13 14 15 16 17 18
12Z AVG MX 2MIN
DY MAX MIN AVG DEP HDD CDD WTR SNW DPTH SPD SPD DIR MIN PSBL S-S WX SPD DR
================================================================================
1 46 25 36 M 29 0 M M M 4.9 8 240 M M 1 M M
2 56 24 40 M 25 0 M M M 8.7 22 240 M M 0 28 250
3 67 37 52 M 13 0 M M M 13.6 22 250 M M 0 29 250
4 67 35 51 M 14 0 M M M 7.5 16 310 M M 0 24 300
5 64 28 46 M 19 0 M M M 3.2 10 130 M M 0 M M
6 58 33 46 M 19 0 M M M 10.1 20 330 M M 1 23 330
7 61 25 43 M 22 0 M M M 2.3 9 80 M M 0 M M
8 53 27 40 M 25 0 M M M 6.4 16 60 M M 0 20 60
9 38 28 33 M 32 0 0.01 M M 5.0 10 70 M M 10 14 350
10 38 32 35 M 30 0 0.09 M M 8.4 12 360 M M 10 17 350
11 38 30 34 M 31 0 M M M 2.1 6 60 M M 8 M M
12 51 24 38 M 27 0 M M M 2.2 8 190 M M 0 1 M M
13 66 24 45 M 20 0 M M M 12.3 28 260 M M 0 36 250
14 56 35 46 M 19 0 M M M 12.6 25 250 M M 0 32 250
15 52 28 40 M 25 0 M M M 4.0 9 350 M M 0 M M
16 63 23 43 M 22 0 M M M 6.2 17 320 M M 0 20 320
17 62 26 44 M 21 0 M M M 4.5 12 290 M M 0 M M
18 76 25 51 M 14 0 M M M 4.0 12 30 M M 0 18 30
19 49 34 42 M 23 0 M M M 8.4 15 60 M M 7 23 60
20 51 38 45 M 20 0 0.02 M M 2.4 7 160 M M 5 M M
21 66 46 56 M 9 0 0.01 M M 4.5 17 260 M M 6 28 0
22 70 41 56 M 9 0 M M M 6.9 15 260 M M 1 16 270
23 67 38 53 M 12 0 M M M 3.7 8 70 M M 3 12 M M
24 70 42 56 M 9 0 M M M 5.5 26 270 M M 6 40 70
25 62 37 50 M 15 0 M M M 15.4 28 270 M M 0 35 250
26 60 26 43 M 22 0 M M M 10.4 28 290 M M 0 37 290
27 58 32 45 M 20 0 M M M 8.1 16 270 M M 0 21 280
28 61 32 47 M 18 0 M M M 7.0 18 70 M M 0 M M
29 66 34 50 M 15 0 M M M 3.1 9 80 M M 0 M M
30 71 40 56 M 9 0 M M M 15.9 29 250 M M 0 38 260
31 63 33 48 M 17 0 M M M 6.1 10 320 M M 0 M M
================================================================================
SM 1826 982 605 0 0.13 M 215.5 M 58
================================================================================
AV 58.9 31.7 7.0 FASTST M M 2 MAX(MPH)
MISC ----> 29 250 40 70
================================================================================
NOTES:
# LAST OF SEVERAL OCCURRENCES
COLUMN 17 PEAK WIND IN M.P.H.
PRELIMINARY LOCAL CLIMATOLOGICAL DATA (WS FORM: F-6) , PAGE 2
STATION: PECOS MUNICIPAL AIRPORT
MONTH: JANUARY
YEAR: 2021
LATITUDE: 31 22 N
LONGITUDE: 103 31 W
[TEMPERATURE DATA] [PRECIPITATION DATA] SYMBOLS USED IN COLUMN 16
AVERAGE MONTHLY: 45.3 TOTAL FOR MONTH: 0.13 1 = FOG OR MIST
DPTR FM NORMAL: 0.0 DPTR FM NORMAL: M 2 = FOG REDUCING VISIBILITY
HIGHEST: 76 ON 18 GRTST 24HR 0.09 ON 10-10 TO 1/4 MILE OR LESS
LOWEST: 23 ON 16 3 = THUNDER
SNOW, ICE PELLETS, HAIL 4 = ICE PELLETS
TOTAL MONTH: M 5 = HAIL
GRTST 24HR M ON M 6 = FREEZING RAIN OR DRIZZLE
GRTST DEPTH: M ON M 7 = DUSTSTORM OR SANDSTORM:
VSBY 1/2 MILE OR LESS
8 = SMOKE OR HAZE
[NO. OF DAYS WITH] [WEATHER - DAYS WITH] 9 = BLOWING SNOW
X = TORNADO
MAX 32 OR BELOW: 0 0.01 INCH OR MORE: 4
MAX 90 OR ABOVE: 0 0.10 INCH OR MORE: 0
MIN 32 OR BELOW: 17 0.50 INCH OR MORE: 0
MIN 0 OR BELOW: 0 1.00 INCH OR MORE: 0
[HDD (BASE 65) ]
TOTAL THIS MO. 605 CLEAR (SCALE 0-3) 23
DPTR FM NORMAL M PTCLDY (SCALE 4-7) 6
TOTAL FM JUL 1 1593 CLOUDY (SCALE 8-10) 2
DPTR FM NORMAL M
[CDD (BASE 65) ]
TOTAL THIS MO. 0
DPTR FM NORMAL M [PRESSURE DATA]
TOTAL FM JAN 1 0 HIGHEST SLP M ON M
DPTR FM NORMAL M LOWEST SLP M ON M
[REMARKS]
#FINAL-01-21#