000
CXUS51 KPBZ 010730
CF6PHD
PRELIMINARY LOCAL CLIMATOLOGICAL DATA (WS FORM: F-6)
STATION: NEW PHILADELPHIA OH
MONTH: JULY
YEAR: 2023
LATITUDE: 40 28 N
LONGITUDE: 81 25 W
TEMPERATURE IN F: :PCPN: SNOW: WIND :SUNSHINE: SKY :PK WND
================================================================================
1 2 3 4 5 6A 6B 7 8 9 10 11 12 13 14 15 16 17 18
12Z AVG MX 2MIN
DY MAX MIN AVG DEP HDD CDD WTR SNW DPTH SPD SPD DIR MIN PSBL S-S WX SPD DR
================================================================================
1 84 69 77 5 0 12 0.03 M M 4.7 14 250 M M 5 13 25 260
2 82 66 74 1 0 9 2.17 M M 4.3 12 200 M M 7 123 40 120
3 78 65 72 -1 0 7 0.23 M M 2.5 8 200 M M 4 1 11 200
4 87 67 77 4 0 12 0.00 M M 3.3 10 320 M M 6 12 16 330
5 89 64 77 4 0 12 0.00 M M 2.5 13 180 M M 3 12 17 180
6 87 67 77 4 0 12 0.01 M M 3.0 17 230 M M 1 13 29 230
7 84 65 75 2 0 10 0.00 M M 3.9 13 350 M M 6 12 16 360
8 82 59 71 -2 0 6 0.00 M M 2.7 10 150 M M 2 15 140
9 81 63 72 -1 0 7 T M M 4.3 15 310 M M 5 20 290
10 84 57 71 -2 0 6 0.00 M M 2.0 9 260 M M 3 12 14 300
11 85 59 72 -1 0 7 0.00 M M 3.3 13 230 M M 1 20 220
12 86 65 76 3 0 11 0.00 M M 5.1 13 190 M M 3 17 190
13 88 69 79 6 0 14 0.00 M M 5.9 14 320 M M 3 19 230
14 86 64 75 2 0 10 0.00 M M 2.1 9 250 M M 2 13 240
15 85 64 75 2 0 10 0.23 M M 3.8 13 180 M M 4 13 17 150
16 83 68 76 3 0 11 0.07 M M 2.8 10 340 M M 5 138 14 330
17 83 68 76 3 0 11 0.06 M M 4.6 12 240 M M 2 138 20 230
18 82 62 72 -1 0 7 0.07 M M 2.4 9 300 M M 4 1 12 270
19 85 64 75 2 0 10 0.00 M M 2.1 8 260 M M 4 1 12 330
20 86 61 74 1 0 9 0.16 M M 3.0 20 350 M M 6 123 25 360
21 80 59 70 -3 0 5 0.00 M M 5.6 15 340 M M 5 12 20 350
22 82 55 69 -4 0 4 0.00 M M 1.6 12 280 M M 4 12 16 330
23 84 57 71 -2 0 6 0.00 M M 2.6 12 320 M M 3 12 19 280
24 85 58 72 -1 0 7 0.07 M M 2.7 16 220 M M 2 3 27 210
25 81 61 71 -2 0 6 0.02 M M 2.2 8 220 M M 4 13 12 250
26 89 64 77 4 0 12 0.00 M M 6.8 15 180 M M 4 123 23 180
27 90 72 81 8 0 16 0.09 M M 5.1 13 250 M M 6 13 23 210
28 86 70 78 5 0 13 0.31 M M 4.1 12 200 M M 4 123 18 250
29 82 65 74 1 0 9 3.55 M M 6.4 16 300 M M 6 13 23 280
30 81 61 71 -2 0 6 0.03 M M 2.5 12 310 M M 5 12 14 300
31 78 57 68 -5 0 3 0.00 M M 3.4 14 330 M M 2 12 17 340
================================================================================
SM 2605 1965 0 280 7.10 M 111.3 M 121
================================================================================
AV 84.0 63.4 3.6 FASTST M M 4 MAX(MPH)
MISC ----> 20 350 40 120
================================================================================
NOTES:
# LAST OF SEVERAL OCCURRENCES
COLUMN 17 PEAK WIND IN M.P.H.
PRELIMINARY LOCAL CLIMATOLOGICAL DATA (WS FORM: F-6) , PAGE 2
STATION: NEW PHILADELPHIA OH
MONTH: JULY
YEAR: 2023
LATITUDE: 40 28 N
LONGITUDE: 81 25 W
[TEMPERATURE DATA] [PRECIPITATION DATA] SYMBOLS USED IN COLUMN 16
AVERAGE MONTHLY: 73.7 TOTAL FOR MONTH: 7.10 1 = FOG OR MIST
DPTR FM NORMAL: 0.6 DPTR FM NORMAL: 3.36 2 = FOG REDUCING VISIBILITY
HIGHEST: 90 ON 27 GRTST 24HR 3.80 ON 28-29 TO 1/4 MILE OR LESS
LOWEST: 55 ON 22 3 = THUNDER
SNOW, ICE PELLETS, HAIL 4 = ICE PELLETS
TOTAL MONTH: M 5 = HAIL
GRTST 24HR M ON M 6 = FREEZING RAIN OR DRIZZLE
GRTST DEPTH: M ON M 7 = DUSTSTORM OR SANDSTORM:
VSBY 1/2 MILE OR LESS
8 = SMOKE OR HAZE
[NO. OF DAYS WITH] [WEATHER - DAYS WITH] 9 = BLOWING SNOW
X = TORNADO
MAX 32 OR BELOW: 0 0.01 INCH OR MORE: 15
MAX 90 OR ABOVE: 1 0.10 INCH OR MORE: 6
MIN 32 OR BELOW: 0 0.50 INCH OR MORE: 2
MIN 0 OR BELOW: 0 1.00 INCH OR MORE: 2
[HDD (BASE 65) ]
TOTAL THIS MO. 0 CLEAR (SCALE 0-3) 10
DPTR FM NORMAL -3 PTCLDY (SCALE 4-7) 21
TOTAL FM JUL 1 0 CLOUDY (SCALE 8-10) 0
DPTR FM NORMAL 0
[CDD (BASE 65) ]
TOTAL THIS MO. 280
DPTR FM NORMAL 24 [PRESSURE DATA]
TOTAL FM JAN 1 428 HIGHEST SLP M ON M
DPTR FM NORMAL -53 LOWEST SLP 29.75 ON 13
[REMARKS]
#FINAL-07-23#