000
CXUS51 KPBZ 010730
CF6PHD
PRELIMINARY LOCAL CLIMATOLOGICAL DATA (WS FORM: F-6)
STATION: NEW PHILADELPHIA OH
MONTH: SEPTEMBER
YEAR: 2020
LATITUDE: 40 28 N
LONGITUDE: 81 25 W
TEMPERATURE IN F: :PCPN: SNOW: WIND :SUNSHINE: SKY :PK WND
================================================================================
1 2 3 4 5 6A 6B 7 8 9 10 11 12 13 14 15 16 17 18
12Z AVG MX 2MIN
DY MAX MIN AVG DEP HDD CDD WTR SNW DPTH SPD SPD DIR MIN PSBL S-S WX SPD DR
================================================================================
1 84 64 74 5 0 9 T M M 1.6 8 170 M M 5 12 14 280
2 83 66 75 6 0 10 0.17 M M 4.5 14 250 M M 7 1 22 260
3 80 66 73 5 0 8 0.07 M M 2.5 10 240 M M 6 12 14 210
4 77 54 66 -2 0 1 0.00 M M 5.3 14 340 M M 1 1 19 310
5 80 49 65 -3 0 0 0.00 M M 4.3 13 250 M M 3 12 18 250
6 79 54 67 -1 0 2 0.00 M M 2.1 9 210 M M 1 14 210
7 82 63 73 6 0 8 0.53 M M 5.8 21 360 M M 4 13 32 360
8 86 65 76 9 0 11 T M M 3.2 10 150 M M 1 1 15 150
9 88 62 75 8 0 10 0.00 M M 1.2 8 190 M M 3 12 11 120
10 84 64 74 8 0 9 0.00 M M 4.5 14 350 M M 5 12 17 340
11 71 59 65 -1 0 0 0.00 M M 4.2 10 50 M M 8 13 50
12 85 54 70 4 0 5 0.00 M M 4.4 14 180 M M 3 18 190
13 78 61 70 5 0 5 0.19 M M 3.9 14 170 M M 6 1 18 180
14 74 49 62 -3 3 0 0.00 M M 4.4 15 330 M M 3 12 21 330
15 70 44 57 -7 8 0 0.00 M M 1.7 9 120 M M 1 12 13 110
16 77 44 61 -3 4 0 0.00 M M 2.0 12 220 M M 4 12 16 240
17 71 54 63 -1 2 0 0.00 M M 4.5 12 360 M M 8 12 14 30
18 68 41 55 -8 10 0 0.00 M M 7.6 17 350 M M 5 23 330
19 67 36 52 -11 13 0 0.00 M M 2.7 15 20 M M 0 1 19 20
20 70 37 54 -8 11 0 0.00 M M 3.0 14 100 M M 0 1 18 30
21 70 37 54 -8 11 0 0.00 M M 3.0 12 170 M M 0 16 170
22 73 37 55 -7 10 0 0.00 M M 1.8 9 280 M M 2 12 13 280
23 79 44 62 1 3 0 0.00 M M 2.6 12 300 M M 0 1 15 300
24 79 54 67 6 0 2 0.00 M M 2.1 9 250 M M 0 1 12 260
25 82 50 66 6 0 1 0.00 M M 3.3 13 110 M M 3 12 15 120
26 80 51 66 6 0 1 0.00 M M 3.2 10 170 M M 3 1 17 150
27 80 58 69 9 0 4 0.00 M M 5.1 13 170 M M 3 21 210
28 81 56 69 10 0 4 0.65 M M 6.5 18 290 M M 6 1 25 290
29 63 52 58 -1 7 0 0.90 M M 2.5 9 340 M M 9 1 12 310
30 65 49 57 -1 8 0 0.01 M M 5.3 20 210 M M 6 1 32 200
================================================================================
SM 2306 1574 90 90 2.52 M 108.8 M 106
================================================================================
AV 76.9 52.5 3.6 FASTST M M 4 MAX(MPH)
MISC ----> 21 360 # 32 360
================================================================================
NOTES:
# LAST OF SEVERAL OCCURRENCES
COLUMN 17 PEAK WIND IN M.P.H.
PRELIMINARY LOCAL CLIMATOLOGICAL DATA (WS FORM: F-6) , PAGE 2
STATION: NEW PHILADELPHIA OH
MONTH: SEPTEMBER
YEAR: 2020
LATITUDE: 40 28 N
LONGITUDE: 81 25 W
[TEMPERATURE DATA] [PRECIPITATION DATA] SYMBOLS USED IN COLUMN 16
AVERAGE MONTHLY: 64.7 TOTAL FOR MONTH: 2.52 1 = FOG OR MIST
DPTR FM NORMAL: 0.7 DPTR FM NORMAL: -0.74 2 = FOG REDUCING VISIBILITY
HIGHEST: 88 ON 9 GRTST 24HR 1.11 ON 28-29 TO 1/4 MILE OR LESS
LOWEST: 36 ON 19 3 = THUNDER
SNOW, ICE PELLETS, HAIL 4 = ICE PELLETS
TOTAL MONTH: M 5 = HAIL
GRTST 24HR M ON M 6 = FREEZING RAIN OR DRIZZLE
GRTST DEPTH: M ON M 7 = DUSTSTORM OR SANDSTORM:
VSBY 1/2 MILE OR LESS
8 = SMOKE OR HAZE
[NO. OF DAYS WITH] [WEATHER - DAYS WITH] 9 = BLOWING SNOW
X = TORNADO
MAX 32 OR BELOW: 0 0.01 INCH OR MORE: 7
MAX 90 OR ABOVE: 0 0.10 INCH OR MORE: 5
MIN 32 OR BELOW: 0 0.50 INCH OR MORE: 3
MIN 0 OR BELOW: 0 1.00 INCH OR MORE: 0
[HDD (BASE 65) ]
TOTAL THIS MO. 90 CLEAR (SCALE 0-3) 15
DPTR FM NORMAL -6 PTCLDY (SCALE 4-7) 14
TOTAL FM JUL 1 90 CLOUDY (SCALE 8-10) 1
DPTR FM NORMAL -18
[CDD (BASE 65) ]
TOTAL THIS MO. 90
DPTR FM NORMAL 24 [PRESSURE DATA]
TOTAL FM JAN 1 974 HIGHEST SLP M ON M
DPTR FM NORMAL 286 LOWEST SLP 29.65 ON 28
[REMARKS]
#FINAL-09-20#