000
CXUS51 KPHI 010915
CF6PHL
PRELIMINARY LOCAL CLIMATOLOGICAL DATA (WS FORM: F-6)
STATION: PHILADELPHIA PA
MONTH: DECEMBER
YEAR: 2022
LATITUDE: 39 52 N
LONGITUDE: 75 15 W
TEMPERATURE IN F: :PCPN: SNOW: WIND :SUNSHINE: SKY :PK WND
================================================================================
1 2 3 4 5 6A 6B 7 8 9 10 11 12 13 14 15 16 17 18
12Z AVG MX 2MIN
DY MAX MIN AVG DEP HDD CDD WTR SNW DPTH SPD SPD DIR MIN PSBL S-S WX SPD DR
================================================================================
1 44 32 38 -4 27 0 0.00 0.0 0 12.0 28 310 M M 2 35 310
2 47 27 37 -5 28 0 0.00 0.0 0 4.5 10 180 M M 3 15 200
3 59 44 52 10 13 0 0.49 0.0 0 16.2 30 320 M M 8 1 39 330
4 45 31 38 -4 27 0 0.00 0.0 0 7.7 14 300 M M 2 19 330
5 50 27 39 -2 26 0 0.00 0.0 0 2.8 9 150 M M 3 12 220
6 57 33 45 4 20 0 0.61 0.0 0 5.4 16 160 M M 9 1 23 160
7 56 50 53 12 12 0 0.11 0.0 0 6.4 14 240 M M 10 12 16 240
8 56 44 50 10 15 0 0.00 0.0 0 9.2 18 350 M M 8 1 25 340
9 47 34 41 1 24 0 0.00 0.0 0 7.9 14 20 M M 1 22 360
10 45 30 38 -2 27 0 0.00 0.0 0 7.4 16 40 M M 3 21 20
11 43 37 40 0 25 0 0.10 0.0 0 7.6 13 340 M M 10 1 23 330
12 44 32 38 -2 27 0 0.00 0.0 0 9.6 18 360 M M 7 24 360
13 42 26 34 -5 31 0 0.00 0.0 0 7.4 14 350 M M 1 18 350
14 42 26 34 -5 31 0 0.00 0.0 0 7.2 14 340 M M 5 20 360
15 47 33 40 1 25 0 1.90 T 0 10.9 21 70 M M 10 14 29 70
16 49 41 45 7 20 0 0.15 0.0 0 14.4 23 320 M M 10 1 31 320
17 45 35 40 2 25 0 0.00 0.0 0 11.0 22 290 M M 7 27 290
18 40 32 36 -2 29 0 0.00 0.0 0 10.6 22 290 M M 7 27 280
19 38 29 34 -4 31 0 0.00 0.0 0 13.4 26 320 M M 4 32 320
20 41 27 34 -4 31 0 0.00 0.0 0 7.4 18 360 M M 2 23 360
21 42 26 34 -3 31 0 0.00 0.0 0 2.8 7 20 M M 4 12 360
22 53 29 41 4 24 0 0.71 0.0 0 10.1 23 80 M M 10 1 29 80
23 59 9 34 -3 31 0 0.48 T 0 22.6 39 260 M M 9 13 50 270
24 18 7 13 -24 52 0 0.00 0.0 0 19.9 28 250 M M 4 34 270
25 29 18 24 -12 41 0 0.00 0.0 0 15.0 25 250 M M 3 32 250
26 30 17 24 -12 41 0 0.00 0.0 0 8.0 14 260 M M 4 19 330
27 38 27 33 -3 32 0 0.00 0.0 0 5.1 12 300 M M 8 17 280
28 49 24 37 1 28 0 0.00 0.0 0 4.1 16 210 M M 5 21 210
29 52 27 40 4 25 0 0.00 0.0 0 4.5 16 240 M M 4 18 240
30 58 30 44 9 21 0 0.00 0.0 0 2.3 9 230 M M 4 12 240
31 54 39 47 12 18 0 0.30 0.0 0 2.3 13 230 M M 10 12 16 230
================================================================================
SM 1419 923 838 0 4.85 T 275.7 M 177
================================================================================
AV 45.8 29.8 8.9 FASTST M M 6 MAX(MPH)
MISC ----> 39 260 50 270
================================================================================
NOTES:
# LAST OF SEVERAL OCCURRENCES
COLUMN 17 PEAK WIND IN M.P.H.
PRELIMINARY LOCAL CLIMATOLOGICAL DATA (WS FORM: F-6) , PAGE 2
STATION: PHILADELPHIA PA
MONTH: DECEMBER
YEAR: 2022
LATITUDE: 39 52 N
LONGITUDE: 75 15 W
[TEMPERATURE DATA] [PRECIPITATION DATA] SYMBOLS USED IN COLUMN 16
AVERAGE MONTHLY: 37.8 TOTAL FOR MONTH: 4.85 1 = FOG OR MIST
DPTR FM NORMAL: -0.8 DPTR FM NORMAL: 0.88 2 = FOG REDUCING VISIBILITY
HIGHEST: 59 ON 23, 3 GRTST 24HR 2.01 ON 15-16 TO 1/4 MILE OR LESS
LOWEST: 7 ON 24 3 = THUNDER
SNOW, ICE PELLETS, HAIL 4 = ICE PELLETS
TOTAL MONTH: T 5 = HAIL
GRTST 24HR T ON 15-15 6 = FREEZING RAIN OR DRIZZLE
GRTST DEPTH: 0 7 = DUSTSTORM OR SANDSTORM:
VSBY 1/2 MILE OR LESS
8 = SMOKE OR HAZE
[NO. OF DAYS WITH] [WEATHER - DAYS WITH] 9 = BLOWING SNOW
X = TORNADO
MAX 32 OR BELOW: 3 0.01 INCH OR MORE: 9
MAX 90 OR ABOVE: 0 0.10 INCH OR MORE: 9
MIN 32 OR BELOW: 21 0.50 INCH OR MORE: 3
MIN 0 OR BELOW: 0 1.00 INCH OR MORE: 1
[HDD (BASE 65) ]
TOTAL THIS MO. 838 CLEAR (SCALE 0-3) 7
DPTR FM NORMAL 20 PTCLDY (SCALE 4-7) 16
TOTAL FM JUL 1 1522 CLOUDY (SCALE 8-10) 8
DPTR FM NORMAL -91
[CDD (BASE 65) ]
TOTAL THIS MO. 0
DPTR FM NORMAL 0 [PRESSURE DATA]
TOTAL FM JAN 1 1743 HIGHEST SLP 30.59 ON 2
DPTR FM NORMAL 384 LOWEST SLP 29.14 ON 23
[REMARKS]
#FINAL-12-22#