000
CXUS51 KPHI 010815
CF6PHL
PRELIMINARY LOCAL CLIMATOLOGICAL DATA (WS FORM: F-6)
STATION: PHILADELPHIA PA
MONTH: OCTOBER
YEAR: 2023
LATITUDE: 39 52 N
LONGITUDE: 75 15 W
TEMPERATURE IN F: :PCPN: SNOW: WIND :SUNSHINE: SKY :PK WND
================================================================================
1 2 3 4 5 6A 6B 7 8 9 10 11 12 13 14 15 16 17 18
12Z AVG MX 2MIN
DY MAX MIN AVG DEP HDD CDD WTR SNW DPTH SPD SPD DIR MIN PSBL S-S WX SPD DR
================================================================================
1 81 60 71 7 0 6 0.00 0.0 0 6.9 16 10 M M 1 29 360
2 82 62 72 8 0 7 0.00 0.0 0 5.8 13 50 M M 3 18 350
3 82 59 71 8 0 6 0.00 0.0 0 3.4 8 220 M M 2 12 200
4 83 60 72 9 0 7 0.00 0.0 0 3.9 8 210 M M 0 1 13 200
5 81 58 70 8 0 5 0.00 0.0 0 4.2 13 130 M M 4 17 120
6 80 66 73 11 0 8 0.00 0.0 0 4.1 10 90 M M 9 1 13 90
7 73 54 64 2 1 0 0.01 0.0 0 10.5 32 330 M M 8 1 41 330
8 61 49 55 -6 10 0 0.00 0.0 0 13.9 22 250 M M 5 28 270
9 64 48 56 -5 9 0 0.02 0.0 0 10.5 20 250 M M 5 23 250
10 68 50 59 -1 6 0 0.00 0.0 0 5.5 17 220 M M 5 22 230
11 71 49 60 0 5 0 0.00 0.0 0 4.5 10 240 M M 4 15 240
12 73 50 62 2 3 0 0.00 0.0 0 2.1 7 340 M M 3 12 340
13 67 53 60 1 5 0 0.00 0.0 0 7.2 15 10 M M 2 27 350
14 54 49 52 -7 13 0 0.46 0.0 0 9.3 22 20 M M 9 1 26 40
15 62 49 56 -2 9 0 0.01 0.0 0 13.2 25 320 M M 7 32 340
16 63 45 54 -4 11 0 0.00 0.0 0 9.4 16 320 M M 4 24 340
17 64 53 59 1 6 0 0.00 0.0 0 6.7 14 320 M M 8 19 330
18 67 51 59 2 6 0 0.00 0.0 0 4.2 10 250 M M 5 14 230
19 69 47 58 1 7 0 0.00 0.0 0 6.0 15 180 M M 4 19 190
20 70 57 64 7 1 0 0.07 0.0 0 5.1 14 290 M M 9 1 17 290
21 66 54 60 4 5 0 T 0.0 0 14.8 30 270 M M 8 37 280
22 60 49 55 -1 10 0 0.00 0.0 0 14.3 28 310 M M 4 35 300
23 63 46 55 -1 10 0 0.00 0.0 0 7.6 18 320 M M 1 23 330
24 69 43 56 1 9 0 0.00 0.0 0 4.3 10 220 M M 1 17 190
25 76 48 62 7 3 0 0.00 0.0 0 7.2 20 240 M M 5 23 240
26 80 51 66 12 0 1 0.00 0.0 0 3.9 10 210 M M 6 1 17 210
27 76 56 66 12 0 1 0.00 0.0 0 5.2 12 230 M M 6 18 220
28 83 60 72 18 0 7 0.00 0.0 0 8.1 16 280 M M 5 21 260
29 68 57 63 10 2 0 0.01 0.0 0 8.8 16 30 M M 9 1 21 30
30 70 52 61 8 4 0 0.03 0.0 0 8.7 22 330 M M 9 1 29 320
31 53 45 49 -4 16 0 0.11 0.0 0 8.4 16 350 M M 9 1 21 360
================================================================================
SM 2179 1630 151 48 0.72 0.0 227.7 M 160
================================================================================
AV 70.3 52.6 7.3 FASTST M M 5 MAX(MPH)
MISC ----> 32 330 41 330
================================================================================
NOTES:
# LAST OF SEVERAL OCCURRENCES
COLUMN 17 PEAK WIND IN M.P.H.
PRELIMINARY LOCAL CLIMATOLOGICAL DATA (WS FORM: F-6) , PAGE 2
STATION: PHILADELPHIA PA
MONTH: OCTOBER
YEAR: 2023
LATITUDE: 39 52 N
LONGITUDE: 75 15 W
[TEMPERATURE DATA] [PRECIPITATION DATA] SYMBOLS USED IN COLUMN 16
AVERAGE MONTHLY: 61.4 TOTAL FOR MONTH: 0.72 1 = FOG OR MIST
DPTR FM NORMAL: 3.2 DPTR FM NORMAL: -2.75 2 = FOG REDUCING VISIBILITY
HIGHEST: 83 ON 28, 4 GRTST 24HR 0.47 ON 14-15 TO 1/4 MILE OR LESS
LOWEST: 43 ON 24 3 = THUNDER
SNOW, ICE PELLETS, HAIL 4 = ICE PELLETS
TOTAL MONTH: 0.0 INCH 5 = HAIL
GRTST 24HR 0.0 6 = FREEZING RAIN OR DRIZZLE
GRTST DEPTH: 0 7 = DUSTSTORM OR SANDSTORM:
VSBY 1/2 MILE OR LESS
8 = SMOKE OR HAZE
[NO. OF DAYS WITH] [WEATHER - DAYS WITH] 9 = BLOWING SNOW
X = TORNADO
MAX 32 OR BELOW: 0 0.01 INCH OR MORE: 8
MAX 90 OR ABOVE: 0 0.10 INCH OR MORE: 2
MIN 32 OR BELOW: 0 0.50 INCH OR MORE: 0
MIN 0 OR BELOW: 0 1.00 INCH OR MORE: 0
[HDD (BASE 65) ]
TOTAL THIS MO. 151 CLEAR (SCALE 0-3) 8
DPTR FM NORMAL -85 PTCLDY (SCALE 4-7) 16
TOTAL FM JUL 1 169 CLOUDY (SCALE 8-10) 7
DPTR FM NORMAL -95
[CDD (BASE 65) ]
TOTAL THIS MO. 48
DPTR FM NORMAL 22 [PRESSURE DATA]
TOTAL FM JAN 1 1345 HIGHEST SLP 30.41 ON 24
DPTR FM NORMAL -13 LOWEST SLP 29.34 ON 21
[REMARKS]
#FINAL-10-23#