000
CXUS53 KUNR 010930
CF6PHP
PRELIMINARY LOCAL CLIMATOLOGICAL DATA (WS FORM: F-6)
STATION: PHILIP SD
MONTH: JULY
YEAR: 2023
LATITUDE: 44 3 N
LONGITUDE: 101 36 W
TEMPERATURE IN F: :PCPN: SNOW: WIND :SUNSHINE: SKY :PK WND
================================================================================
1 2 3 4 5 6A 6B 7 8 9 10 11 12 13 14 15 16 17 18
12Z AVG MX 2MIN
DY MAX MIN AVG DEP HDD CDD WTR SNW DPTH SPD SPD DIR MIN PSBL S-S WX SPD DR
================================================================================
1 87 56 72 0 0 7 0.00 M M 3.5 9 210 M M 0 15 220
2 93 57 75 3 0 10 0.00 M M 4.8 13 270 M M 0 19 260
3 85 57 71 -2 0 6 0.05 M M 11.5 40 270 M M 0 3 60 280
4 71 53 62 -11 3 0 0.08 M M 11.4 23 260 M M 8 3 31 20
5 73 46 60 -13 5 0 0.00 M M 4.4 10 40 M M 3 17 320
6 80 47 64 -9 1 0 T M M 6.9 18 200 M M 2 24 180
7 80 55 68 -6 0 3 T M M 5.2 24 350 M M 3 3 34 350
8 80 51 66 -8 0 1 0.00 M M 5.3 18 180 M M 2 24 170
9 89 51 70 -4 0 5 0.00 M M 4.6 14 250 M M 0 20 230
10 97 55 76 2 0 11 0.00 M M 8.4 22 80 M M 0 29 80
11 79 57 68 -6 0 3 0.90 M M 12.2 26 90 M M 3 13 35 140
12 85 57 71 -4 0 6 0.03 M M 7.5 22 110 M M 2 31 110
13 90 57 74 -1 0 9 0.00 M M 7.7 17 300 M M 0 23 320
14 85 61 73 -2 0 8 0.06 M M 10.3 23 320 M M 1 138 35 320
15 83 58 71 -4 0 6 0.00 M M 9.2 20 320 M M 0 18 28 320
16 88 53 71 -5 0 6 T M M 5.6 18 80 M M 1 18 25 70
17 80 53 67 -9 0 2 0.04 M M 8.1 29 70 M M 1 138 39 80
18 93 59 76 0 0 11 0.00 M M 6.2 14 230 M M 2 3 19 220
19 90 59 75 -1 0 10 0.01 M M 9.1 21 350 M M 1 13 29 360
20 82 52 67 -9 0 2 0.00 M M 5.5 10 360 M M 0 16 10
21 91 51 71 -5 0 6 T M M 5.1 14 350 M M 1 18 250
22 95 55 75 -1 0 10 0.03 M M 5.9 33 290 M M 0 3 45 300
23 103 55 79 3 0 14 0.00 M M 7.9 25 40 M M 0 34 40
24 99 60 80 4 0 15 0.00 M M 7.4 16 120 M M 0 23 120
25 103 68 86 10 0 21 0.00 M M 8.7 20 320 M M 0 30 320
26 106 64 85 9 0 20 0.00 M M 9.7 25 300 M M 0 35 290
27 101 61 81 5 0 16 T M M 5.3 20 290 M M 0 38 27 290
28 91 60 76 0 0 11 0.00 M M 7.8 16 90 M M 1 3 23 80
29 89 60 75 -1 0 10 0.02 M M 10.0 28 140 M M 2 3 37 130
30 93 62 78 2 0 13 0.06 M M 11.4 29 170 M M 2 13 42 190
31 92 63 78 2 0 13 0.00 M M 4.9 13 190 M M 0 18 170
================================================================================
SM 2753 1753 9 255 1.28 M 231.5 M 35
================================================================================
AV 88.8 56.5 7.5 FASTST M M 1 MAX(MPH)
MISC ----> 40 270 60 280
================================================================================
NOTES:
# LAST OF SEVERAL OCCURRENCES
COLUMN 17 PEAK WIND IN M.P.H.
PRELIMINARY LOCAL CLIMATOLOGICAL DATA (WS FORM: F-6) , PAGE 2
STATION: PHILIP SD
MONTH: JULY
YEAR: 2023
LATITUDE: 44 3 N
LONGITUDE: 101 36 W
[TEMPERATURE DATA] [PRECIPITATION DATA] SYMBOLS USED IN COLUMN 16
AVERAGE MONTHLY: 72.7 TOTAL FOR MONTH: 1.28 1 = FOG OR MIST
DPTR FM NORMAL: -2.3 DPTR FM NORMAL: -0.55 2 = FOG REDUCING VISIBILITY
HIGHEST: 106 ON 26 GRTST 24HR 0.93 ON 11-12 TO 1/4 MILE OR LESS
LOWEST: 46 ON 5 3 = THUNDER
SNOW, ICE PELLETS, HAIL 4 = ICE PELLETS
TOTAL MONTH: M 5 = HAIL
GRTST 24HR M ON M 6 = FREEZING RAIN OR DRIZZLE
GRTST DEPTH: M ON M 7 = DUSTSTORM OR SANDSTORM:
VSBY 1/2 MILE OR LESS
8 = SMOKE OR HAZE
[NO. OF DAYS WITH] [WEATHER - DAYS WITH] 9 = BLOWING SNOW
X = TORNADO
MAX 32 OR BELOW: 0 0.01 INCH OR MORE: 10
MAX 90 OR ABOVE: 15 0.10 INCH OR MORE: 1
MIN 32 OR BELOW: 0 0.50 INCH OR MORE: 1
MIN 0 OR BELOW: 0 1.00 INCH OR MORE: 0
[HDD (BASE 65) ]
TOTAL THIS MO. 9 CLEAR (SCALE 0-3) 28
DPTR FM NORMAL 3 PTCLDY (SCALE 4-7) 3
TOTAL FM JUL 1 9 CLOUDY (SCALE 8-10) 0
DPTR FM NORMAL 9
[CDD (BASE 65) ]
TOTAL THIS MO. 255
DPTR FM NORMAL -59 [PRESSURE DATA]
TOTAL FM JAN 1 449 HIGHEST SLP 30.28 ON 29
DPTR FM NORMAL -20 LOWEST SLP 29.70 ON 12
[REMARKS]
#FINAL-07-23#